{"id":920,"date":"2014-07-08T09:21:41","date_gmt":"2014-07-08T08:21:41","guid":{"rendered":"http:\/\/www.presstourism.ch\/WP_ALEX\/?page_id=920"},"modified":"2014-07-08T09:54:22","modified_gmt":"2014-07-08T08:54:22","slug":"la-star-de-lislande-sappelle-eyjafjallajokull","status":"publish","type":"page","link":"http:\/\/www.presstourism.ch\/?page_id=920","title":{"rendered":"La star de l\u2019Islande s\u2019appelle Eyjafjallaj\u00f6kull"},"content":{"rendered":"<p><strong>Par Roger Juillerat<\/strong><\/p>\n<p>Les cendres du volcan avaient compl\u00e8tement bloqu\u00e9 le trafic a\u00e9rien au-dessus d\u2019une grande partie de l\u2019Europe il y a quatre ans. Redevenu plus sage, il est aujourd\u2019hui possible de l\u2019approcher et d\u2019observer les cons\u00e9quences d\u2019une faramineuse \u00e9ruption.<\/p>\n<p style=\"text-align: center;\"><a href=\"https:\/\/i2.wp.com\/www.presstourism.ch\/WP_ALEX\/wp-content\/uploads\/2014\/07\/1IslandeVolcanD.jpg\"><img loading=\"lazy\" class=\"alignnone size-medium wp-image-922\" src=\"https:\/\/i0.wp.com\/www.presstourism.ch\/WP_ALEX\/wp-content\/uploads\/2014\/07\/1IslandeVolcanD-300x200.jpg?resize=300%2C200\" alt=\"Islande, mai 2014, au pied du volcan Eyjafjallaj\u00f6kull et son glacier.\" width=\"300\" height=\"200\" srcset=\"https:\/\/i0.wp.com\/www.presstourism.ch\/wp-content\/uploads\/2014\/07\/1IslandeVolcanD.jpg?resize=300%2C200 300w, https:\/\/i0.wp.com\/www.presstourism.ch\/wp-content\/uploads\/2014\/07\/1IslandeVolcanD.jpg?resize=600%2C400 600w, https:\/\/i0.wp.com\/www.presstourism.ch\/wp-content\/uploads\/2014\/07\/1IslandeVolcanD.jpg?w=1024 1024w\" sizes=\"(max-width: 300px) 100vw, 300px\" data-recalc-dims=\"1\" \/><\/a> <a href=\"https:\/\/i1.wp.com\/www.presstourism.ch\/WP_ALEX\/wp-content\/uploads\/2014\/07\/2IslandeVolcanD.jpg\"><img loading=\"lazy\" class=\"alignnone size-medium wp-image-921\" src=\"https:\/\/i0.wp.com\/www.presstourism.ch\/WP_ALEX\/wp-content\/uploads\/2014\/07\/2IslandeVolcanD-300x200.jpg?resize=300%2C200\" alt=\"Islande, mai 2014, le volcan Eyjafjallaj\u00f6kull 4 ans apr\u00e8s...\" width=\"300\" height=\"200\" srcset=\"https:\/\/i1.wp.com\/www.presstourism.ch\/wp-content\/uploads\/2014\/07\/2IslandeVolcanD.jpg?resize=300%2C200 300w, https:\/\/i1.wp.com\/www.presstourism.ch\/wp-content\/uploads\/2014\/07\/2IslandeVolcanD.jpg?resize=600%2C400 600w, https:\/\/i1.wp.com\/www.presstourism.ch\/wp-content\/uploads\/2014\/07\/2IslandeVolcanD.jpg?w=1024 1024w\" sizes=\"(max-width: 300px) 100vw, 300px\" data-recalc-dims=\"1\" \/><\/a><\/p>\n<p>\u00abLe volcan Eyjafjallaj\u00f6kull est une vedette en Islande. C\u2019est gr\u00e2ce \u00e0 lui que le monde a tourn\u00e9 ses yeux vers notre pays et a vraiment commenc\u00e9 \u00e0 s\u2019y int\u00e9resser, indique Arnar M\u00e0r Olafsson, directeur du marketing d\u2019Icelandic Mountain Guides, une agence qui permet de d\u00e9couvrir les merveilles de l\u2019\u00eele. Celle-ci est presque compos\u00e9e en totalit\u00e9 de roches volcaniques et compte d\u2019ailleurs de nombreux volcans actifs, dont un grand nombre est couvert de glaciers\u00bb.<\/p>\n<p style=\"text-align: center;\"><a href=\"https:\/\/i0.wp.com\/www.presstourism.ch\/WP_ALEX\/wp-content\/uploads\/2014\/07\/3IslandeVolcan-D.jpg\"><img loading=\"lazy\" class=\"alignnone size-medium wp-image-928\" src=\"https:\/\/i1.wp.com\/www.presstourism.ch\/WP_ALEX\/wp-content\/uploads\/2014\/07\/3IslandeVolcan-D-300x200.jpg?resize=300%2C200\" alt=\"Sujet volcan Eyjafjallaj\u00f6kull, mai 2014\" width=\"300\" height=\"200\" srcset=\"https:\/\/i2.wp.com\/www.presstourism.ch\/wp-content\/uploads\/2014\/07\/3IslandeVolcan-D.jpg?resize=300%2C200 300w, https:\/\/i2.wp.com\/www.presstourism.ch\/wp-content\/uploads\/2014\/07\/3IslandeVolcan-D.jpg?resize=600%2C400 600w, https:\/\/i2.wp.com\/www.presstourism.ch\/wp-content\/uploads\/2014\/07\/3IslandeVolcan-D.jpg?w=1024 1024w\" sizes=\"(max-width: 300px) 100vw, 300px\" data-recalc-dims=\"1\" \/><\/a> <a href=\"https:\/\/i1.wp.com\/www.presstourism.ch\/WP_ALEX\/wp-content\/uploads\/2014\/07\/4IslandeVolcanD.jpg\"><img loading=\"lazy\" class=\"alignnone wp-image-929 \" src=\"https:\/\/i0.wp.com\/www.presstourism.ch\/WP_ALEX\/wp-content\/uploads\/2014\/07\/4IslandeVolcanD-300x225.jpg?resize=267%2C200\" alt=\"Volcan Eyjafjallaj\u009akull en Islande, photo de 2010\" width=\"267\" height=\"200\" srcset=\"https:\/\/i1.wp.com\/www.presstourism.ch\/wp-content\/uploads\/2014\/07\/4IslandeVolcanD.jpg?resize=300%2C225 300w, https:\/\/i1.wp.com\/www.presstourism.ch\/wp-content\/uploads\/2014\/07\/4IslandeVolcanD.jpg?resize=600%2C450 600w, https:\/\/i1.wp.com\/www.presstourism.ch\/wp-content\/uploads\/2014\/07\/4IslandeVolcanD.jpg?w=900 900w\" sizes=\"(max-width: 267px) 100vw, 267px\" data-recalc-dims=\"1\" \/><\/a><\/p>\n<p>Avec son nom impronon\u00e7able, l\u2019Eyjafjallaj\u00f6kull avait bloqu\u00e9 le trafic a\u00e9rien il y a juste quatre ans, quand il s\u2019\u00e9tait r\u00e9veill\u00e9 et avait projet\u00e9 dans l\u2019atmosph\u00e8re un incroyable panache de cendres. Ce dernier avait travers\u00e9 l&rsquo;Europe au gr\u00e9 des vents, soufflant du nord-est pendant plus d&rsquo;un mois. Selon les autorit\u00e9s de l&rsquo;aviation civile, ces poussi\u00e8res pr\u00e9sentaient un s\u00e9rieux risque pour les appareils en vol. Du coup, pr\u00e8s de 100\u00a0000 vols furent annul\u00e9s dans onze pays europ\u00e9ens, laissant 10\u00a0millions de passagers au sol.<\/p>\n<p>Aujourd\u2019hui, il est possible de partir en excursion en direction du glacier de l\u2019Eyjafjallaj\u00f6kull et d\u2019observer les cons\u00e9quences de l\u2019\u00e9ruption du volcan, qui se situe \u00e0 quelque 160\u00a0km de Reykjavik. Il est visible loin \u00e0 la ronde avec sa forme allong\u00e9e et sa calotte blanche de neige. \u00abC\u2019est en fait un stratovolcan compos\u00e9 d&rsquo;une alternance de couches de cendres, de lave et de roches \u00e9ject\u00e9es par les \u00e9ruptions ant\u00e9rieures. Il est situ\u00e9 sous un glacier d&rsquo;environ 200 m d&rsquo;\u00e9paisseur qui culmine \u00e0 1666 m\u00e8tres\u00bb, poursuit Arnar. Dans un paysage incomparable, il faut traverser quelques rivi\u00e8res, une nature hors normes et des falaises p\u00e9rilleuses d\u2019o\u00f9 \u00e9mergent chutes et cascades pour arriver \u00e0 ses pieds. O\u00f9 l\u2019on a l\u2019impression de se retrouver tout au bout du monde. \u00abIci tout l\u2019aspect de la vall\u00e9e a \u00e9t\u00e9 modifi\u00e9, rel\u00e8ve Arnar. L\u2019explosion a eu des cons\u00e9quences s\u00e9rieuses sur l\u2019environnement et comme vous pouvez le voir, il y a des nouvelles failles qui se sont creus\u00e9es\u00bb. Plus de doute, l\u2019Eyjafjallaj\u00f6kull, c\u2019est comme une fascination.<\/p>\n<p><strong>Roger Juillerat<\/strong><\/p>\n<p>&nbsp;<\/p>\n<p style=\"padding-left: 30px;\"><span style=\"text-decoration: underline;\"><em>Direct depuis Gen\u00e8ve<\/em><\/span><\/p>\n<p style=\"padding-left: 30px;\"><em>La nouvelle liaison directe de la Compagnie Icelandair entre Gen\u00e8ve et Keflavik, pr\u00e8s de Reykjavik, a \u00e9t\u00e9 inaugur\u00e9e le 24 mai dernier. Elle dessert l\u2019Islande jusqu\u2019au 23 septembre avec 2 vols par semaine les mardis et samedis (dur\u00e9e: 3\u00a0h\u00a040).<\/em><\/p>\n<p style=\"padding-left: 30px;\"><em>Depuis l\u2019a\u00e9roport de Keflavik, il y a 38 destinations vers l\u2019Europe et en Am\u00e9rique du Nord\u00a0avec des\u00a0connexions optimales\u00a0(environ 1h).<\/em><\/p>\n<p style=\"padding-left: 30px;\"><em><strong>R.\u00a0Jt<\/strong><\/em><\/p>\n<p style=\"text-align: right;\"><em>L\u00e9gendes des photos<\/em><\/p>\n<p style=\"text-align: right;\">1) Au pied du volcan Eyjafjallaj\u00f6kull et de son glacier, la lave s\u2019est solidifi\u00e9e et a compl\u00e8tement transform\u00e9 l\u2019environnement. \u00a9Photos: Juillerat<\/p>\n<p style=\"text-align: right;\">2) Le volcan, qui culmine \u00e0 1666 m\u00e8tres, est visible loin \u00e0 la ronde avec sa calotte de neige et de glace, m\u00eame jusqu\u2019\u00e0 minuit en cette p\u00e9riode de l\u2019ann\u00e9e.<\/p>\n<p style=\"text-align: right;\">3) Dans les environs de la star islandaise, les cascades sont l\u00e9gions comme ici celle de Skogar, qui tombe de 62 m\u00e8tres.<\/p>\n<p style=\"text-align: right;\">4) L\u2019Eyjafjallaj\u00f6kull lors de son \u00e9ruption qui avait bloqu\u00e9 le trafic a\u00e9rien il y a juste quatre ans. \u00a9DR<\/p>\n<p style=\"text-align: left;\"><a href=\"http:\/\/www.presstourism.ch\/WP_ALEX\/wp-content\/uploads\/2014\/07\/IslandeVolcanEyjafjallaj\u00f6kullPDF.pdf\">Voir l&rsquo;article original&#8230;<\/a><\/p>\n","protected":false},"excerpt":{"rendered":"<p>Par Roger Juillerat Les cendres du volcan avaient compl\u00e8tement bloqu\u00e9 le trafic a\u00e9rien au-dessus d\u2019une grande partie de l\u2019Europe il y a quatre ans. Redevenu plus sage, il est aujourd\u2019hui possible de l\u2019approcher et d\u2019observer les cons\u00e9quences d\u2019une faramineuse \u00e9ruption. &hellip; <a href=\"http:\/\/www.presstourism.ch\/?page_id=920\">Continuer la lecture <span class=\"meta-nav\">&rarr;<\/span><\/a><\/p>\n","protected":false},"author":1,"featured_media":0,"parent":903,"menu_order":0,"comment_status":"open","ping_status":"open","template":"","meta":{"ngg_post_thumbnail":0,"spay_email":""},"jetpack_sharing_enabled":true,"jetpack_shortlink":"https:\/\/wp.me\/P468TV-eQ","_links":{"self":[{"href":"http:\/\/www.presstourism.ch\/index.php?rest_route=\/wp\/v2\/pages\/920"}],"collection":[{"href":"http:\/\/www.presstourism.ch\/index.php?rest_route=\/wp\/v2\/pages"}],"about":[{"href":"http:\/\/www.presstourism.ch\/index.php?rest_route=\/wp\/v2\/types\/page"}],"author":[{"embeddable":true,"href":"http:\/\/www.presstourism.ch\/index.php?rest_route=\/wp\/v2\/users\/1"}],"replies":[{"embeddable":true,"href":"http:\/\/www.presstourism.ch\/index.php?rest_route=%2Fwp%2Fv2%2Fcomments&post=920"}],"version-history":[{"count":5,"href":"http:\/\/www.presstourism.ch\/index.php?rest_route=\/wp\/v2\/pages\/920\/revisions"}],"predecessor-version":[{"id":935,"href":"http:\/\/www.presstourism.ch\/index.php?rest_route=\/wp\/v2\/pages\/920\/revisions\/935"}],"up":[{"embeddable":true,"href":"http:\/\/www.presstourism.ch\/index.php?rest_route=\/wp\/v2\/pages\/903"}],"wp:attachment":[{"href":"http:\/\/www.presstourism.ch\/index.php?rest_route=%2Fwp%2Fv2%2Fmedia&parent=920"}],"curies":[{"name":"wp","href":"https:\/\/api.w.org\/{rel}","templated":true}]}}