{"id":8854,"date":"2023-03-17T10:08:53","date_gmt":"2023-03-17T09:08:53","guid":{"rendered":"http:\/\/www.presstourism.ch\/?page_id=8854"},"modified":"2023-03-17T10:51:27","modified_gmt":"2023-03-17T09:51:27","slug":"bari-la-lumineuse-princesse-des-pouilles","status":"publish","type":"page","link":"http:\/\/www.presstourism.ch\/?page_id=8854","title":{"rendered":"Bari, la lumineuse princesse des Pouilles"},"content":{"rendered":"\n<p>Texte et photos: Roger Juillerat<\/p>\n\n\n\n<div class=\"wp-block-image\"><figure class=\"aligncenter size-full\"><a href=\"https:\/\/i2.wp.com\/www.presstourism.ch\/wp-content\/uploads\/2023\/03\/1.png\"><img loading=\"lazy\" width=\"584\" height=\"438\" src=\"https:\/\/i2.wp.com\/www.presstourism.ch\/wp-content\/uploads\/2023\/03\/1.png?resize=584%2C438\" alt=\"\" class=\"wp-image-8843\" srcset=\"https:\/\/i2.wp.com\/www.presstourism.ch\/wp-content\/uploads\/2023\/03\/1.png?w=945 945w, https:\/\/i2.wp.com\/www.presstourism.ch\/wp-content\/uploads\/2023\/03\/1.png?resize=300%2C225 300w, https:\/\/i2.wp.com\/www.presstourism.ch\/wp-content\/uploads\/2023\/03\/1.png?resize=768%2C575 768w, https:\/\/i2.wp.com\/www.presstourism.ch\/wp-content\/uploads\/2023\/03\/1.png?resize=600%2C450 600w, https:\/\/i2.wp.com\/www.presstourism.ch\/wp-content\/uploads\/2023\/03\/1.png?resize=400%2C300 400w\" sizes=\"(max-width: 584px) 100vw, 584px\" data-recalc-dims=\"1\" \/><\/a><figcaption>Le star de la p\u00eache<\/figcaption><\/figure><\/div>\n\n\n\n<p><em>Labyrinthe de pierres blanches reposant aupr\u00e8s d&rsquo;une mer bleu azur, la capitale de la province est partag\u00e9e entre son centre historique et des quartiers plus contemporains. C\u2019est une ville fascinante et il fait bon se perdre dans les ruelles du Vecchia Bari avec ses richesses du patrimoine, ses boutiques d\u2019artisanat, ses petits restaurants et ses march\u00e9s.<\/em><\/p>\n\n\n\n<div class=\"wp-block-image\"><figure class=\"aligncenter size-full\"><a href=\"https:\/\/i1.wp.com\/www.presstourism.ch\/wp-content\/uploads\/2023\/03\/2.png\"><img loading=\"lazy\" width=\"318\" height=\"424\" src=\"https:\/\/i1.wp.com\/www.presstourism.ch\/wp-content\/uploads\/2023\/03\/2.png?resize=318%2C424\" alt=\"\" class=\"wp-image-8844\" srcset=\"https:\/\/i1.wp.com\/www.presstourism.ch\/wp-content\/uploads\/2023\/03\/2.png?w=318 318w, https:\/\/i1.wp.com\/www.presstourism.ch\/wp-content\/uploads\/2023\/03\/2.png?resize=225%2C300 225w\" sizes=\"(max-width: 318px) 100vw, 318px\" data-recalc-dims=\"1\" \/><\/a><figcaption>Ruelle sinueuse typique de Bari<\/figcaption><\/figure><\/div>\n\n\n\n<p>Capitale de la r\u00e9gion des Pouilles et abritant pr\u00e8s de 350&nbsp;000 habitants, Bari fut un port romain pendant l\u2019antiquit\u00e9 avant de devenir byzantine jusqu\u2019en 1071 lorsque le Normand Robert Guiscard s\u2019en empara. Elle joua d\u00e8s lors un r\u00f4le important pendant les croisades, servant de relais entre l\u2019Europe et le Moyen-Orient.&nbsp;Aujourd\u2019hui, la cit\u00e9 a toujours un grand port commercial et elle conserve de sa longue histoire des monuments et sites culturels exceptionnels. On est tout de suite s\u00e9duit par la beaut\u00e9 et le pittoresque de ses rues sinueuses quand on p\u00e9n\u00e8tre dans la vieille ville.&nbsp;<\/p>\n\n\n\n<div class=\"wp-block-image\"><figure class=\"aligncenter size-full\"><a href=\"https:\/\/i2.wp.com\/www.presstourism.ch\/wp-content\/uploads\/2023\/03\/3.png\"><img loading=\"lazy\" width=\"525\" height=\"697\" src=\"https:\/\/i2.wp.com\/www.presstourism.ch\/wp-content\/uploads\/2023\/03\/3.png?resize=525%2C697\" alt=\"\" class=\"wp-image-8845\" srcset=\"https:\/\/i2.wp.com\/www.presstourism.ch\/wp-content\/uploads\/2023\/03\/3.png?w=525 525w, https:\/\/i2.wp.com\/www.presstourism.ch\/wp-content\/uploads\/2023\/03\/3.png?resize=226%2C300 226w\" sizes=\"(max-width: 525px) 100vw, 525px\" data-recalc-dims=\"1\" \/><\/a><figcaption>Voici encore un exemple typique des balcons de Bari et on y retrouve Gennaro, la vedette des p\u00eacheurs.<\/figcaption><\/figure><\/div>\n\n\n\n<p>Celle-ci s\u2019enorgueillit de mus\u00e9es fascinants et d\u2019\u00e9glises majestueuses. A l\u2019image de la sublime basilique Saint-Nicolas, un haut-lieu de r\u00e9unions des religions catholique-romaine et grecque-orthodoxe, et la cath\u00e9drale San Sabino, avec sa fa\u00e7ade en pierres blanches orn\u00e9e d\u2019une grande rosace.&nbsp;<\/p>\n\n\n\n<div class=\"wp-block-image\"><figure class=\"aligncenter size-large\"><a href=\"https:\/\/i2.wp.com\/www.presstourism.ch\/wp-content\/uploads\/2023\/03\/4.png\"><img loading=\"lazy\" width=\"584\" height=\"660\" src=\"https:\/\/i2.wp.com\/www.presstourism.ch\/wp-content\/uploads\/2023\/03\/4.png?resize=584%2C660\" alt=\"\" class=\"wp-image-8846\" srcset=\"https:\/\/i2.wp.com\/www.presstourism.ch\/wp-content\/uploads\/2023\/03\/4.png?resize=906%2C1024 906w, https:\/\/i2.wp.com\/www.presstourism.ch\/wp-content\/uploads\/2023\/03\/4.png?resize=265%2C300 265w, https:\/\/i2.wp.com\/www.presstourism.ch\/wp-content\/uploads\/2023\/03\/4.png?resize=768%2C868 768w, https:\/\/i2.wp.com\/www.presstourism.ch\/wp-content\/uploads\/2023\/03\/4.png?resize=600%2C678 600w, https:\/\/i2.wp.com\/www.presstourism.ch\/wp-content\/uploads\/2023\/03\/4.png?w=945 945w\" sizes=\"(max-width: 584px) 100vw, 584px\" data-recalc-dims=\"1\" \/><\/a><figcaption>La basilique Saint-Nicolas<\/figcaption><\/figure><\/div>\n\n\n\n<div class=\"wp-block-image\"><figure class=\"aligncenter size-full\"><a href=\"https:\/\/i1.wp.com\/www.presstourism.ch\/wp-content\/uploads\/2023\/03\/5.png\"><img loading=\"lazy\" width=\"584\" height=\"455\" src=\"https:\/\/i1.wp.com\/www.presstourism.ch\/wp-content\/uploads\/2023\/03\/5.png?resize=584%2C455\" alt=\"\" class=\"wp-image-8847\" srcset=\"https:\/\/i1.wp.com\/www.presstourism.ch\/wp-content\/uploads\/2023\/03\/5.png?w=945 945w, https:\/\/i1.wp.com\/www.presstourism.ch\/wp-content\/uploads\/2023\/03\/5.png?resize=300%2C234 300w, https:\/\/i1.wp.com\/www.presstourism.ch\/wp-content\/uploads\/2023\/03\/5.png?resize=768%2C599 768w, https:\/\/i1.wp.com\/www.presstourism.ch\/wp-content\/uploads\/2023\/03\/5.png?resize=600%2C468 600w, https:\/\/i1.wp.com\/www.presstourism.ch\/wp-content\/uploads\/2023\/03\/5.png?resize=385%2C300 385w\" sizes=\"(max-width: 584px) 100vw, 584px\" data-recalc-dims=\"1\" \/><\/a><figcaption>un joli mariage avec la typique Topolino<\/figcaption><\/figure><\/div>\n\n\n\n<p>En plus de ses attractions culturelles, la ville dispose de quarante kilom\u00e8tres de plages sur la mer Adriatique. Les amateurs de farniente seront donc ravis, car ils auront l\u2019occasion de s\u2019\u00e9tendre sur le sable chaud et se baigner dans des eaux cristallines.<\/p>\n\n\n\n<div class=\"wp-block-image\"><figure class=\"aligncenter size-full\"><a href=\"https:\/\/i1.wp.com\/www.presstourism.ch\/wp-content\/uploads\/2023\/03\/6.png\"><img loading=\"lazy\" width=\"479\" height=\"360\" src=\"https:\/\/i1.wp.com\/www.presstourism.ch\/wp-content\/uploads\/2023\/03\/6.png?resize=479%2C360\" alt=\"\" class=\"wp-image-8848\" srcset=\"https:\/\/i1.wp.com\/www.presstourism.ch\/wp-content\/uploads\/2023\/03\/6.png?w=479 479w, https:\/\/i1.wp.com\/www.presstourism.ch\/wp-content\/uploads\/2023\/03\/6.png?resize=300%2C225 300w, https:\/\/i1.wp.com\/www.presstourism.ch\/wp-content\/uploads\/2023\/03\/6.png?resize=399%2C300 399w\" sizes=\"(max-width: 479px) 100vw, 479px\" data-recalc-dims=\"1\" \/><\/a><figcaption>Voici les eaux cristallines de Bari<\/figcaption><\/figure><\/div>\n\n\n\n<h2>En parcourant les ramparts<\/h2>\n\n\n\n<p>Mais revenons vers la Citta Vecchia. Pour bien s\u2019en impr\u00e9gner et se rep\u00e9rer facilement, il est pratique de faire une premi\u00e8re balade en suivant la via Venezia. On marche ainsi directement sur les remparts depuis la piazza Ferrarese ou la piazza Mercantile, qui constituent un point de d\u00e9part id\u00e9al, et on longe la vieille ville \u00e0 sa gauche et la mer \u00e0 sa droite.&nbsp;<\/p>\n\n\n\n<div class=\"wp-block-image\"><figure class=\"aligncenter size-full\"><a href=\"https:\/\/i1.wp.com\/www.presstourism.ch\/wp-content\/uploads\/2023\/03\/7.png\"><img loading=\"lazy\" width=\"584\" height=\"438\" src=\"https:\/\/i1.wp.com\/www.presstourism.ch\/wp-content\/uploads\/2023\/03\/7.png?resize=584%2C438\" alt=\"\" class=\"wp-image-8849\" srcset=\"https:\/\/i1.wp.com\/www.presstourism.ch\/wp-content\/uploads\/2023\/03\/7.png?w=945 945w, https:\/\/i1.wp.com\/www.presstourism.ch\/wp-content\/uploads\/2023\/03\/7.png?resize=300%2C225 300w, https:\/\/i1.wp.com\/www.presstourism.ch\/wp-content\/uploads\/2023\/03\/7.png?resize=768%2C575 768w, https:\/\/i1.wp.com\/www.presstourism.ch\/wp-content\/uploads\/2023\/03\/7.png?resize=600%2C450 600w, https:\/\/i1.wp.com\/www.presstourism.ch\/wp-content\/uploads\/2023\/03\/7.png?resize=400%2C300 400w\" sizes=\"(max-width: 584px) 100vw, 584px\" data-recalc-dims=\"1\" \/><\/a><figcaption>Le Th\u00e9\u00e2tre Margherita comme pos\u00e9 sur la mer.<\/figcaption><\/figure><\/div>\n\n\n\n<p>C\u2019est une belle promenade sur les murailles, car elle permet aussi d&rsquo;observer un certain nombre d&rsquo;\u0153uvres qui rendent hommage aux p\u00eacheurs\u2026<\/p>\n\n\n\n<div class=\"wp-block-image\"><figure class=\"aligncenter size-full\"><a href=\"https:\/\/i1.wp.com\/www.presstourism.ch\/wp-content\/uploads\/2023\/03\/8.png\"><img loading=\"lazy\" width=\"584\" height=\"438\" src=\"https:\/\/i1.wp.com\/www.presstourism.ch\/wp-content\/uploads\/2023\/03\/8.png?resize=584%2C438\" alt=\"\" class=\"wp-image-8850\" srcset=\"https:\/\/i1.wp.com\/www.presstourism.ch\/wp-content\/uploads\/2023\/03\/8.png?w=945 945w, https:\/\/i1.wp.com\/www.presstourism.ch\/wp-content\/uploads\/2023\/03\/8.png?resize=300%2C225 300w, https:\/\/i1.wp.com\/www.presstourism.ch\/wp-content\/uploads\/2023\/03\/8.png?resize=768%2C575 768w, https:\/\/i1.wp.com\/www.presstourism.ch\/wp-content\/uploads\/2023\/03\/8.png?resize=600%2C450 600w, https:\/\/i1.wp.com\/www.presstourism.ch\/wp-content\/uploads\/2023\/03\/8.png?resize=400%2C300 400w\" sizes=\"(max-width: 584px) 100vw, 584px\" data-recalc-dims=\"1\" \/><\/a><figcaption>\u2026 et d&rsquo;admirer toutes ces belles maisons fleuries qui la d\u00e9corent<\/figcaption><\/figure><\/div>\n\n\n\n<div class=\"wp-block-image\"><figure class=\"aligncenter size-full\"><a href=\"https:\/\/i1.wp.com\/www.presstourism.ch\/wp-content\/uploads\/2023\/03\/9.png\"><img loading=\"lazy\" width=\"366\" height=\"489\" src=\"https:\/\/i1.wp.com\/www.presstourism.ch\/wp-content\/uploads\/2023\/03\/9.png?resize=366%2C489\" alt=\"\" class=\"wp-image-8851\" srcset=\"https:\/\/i1.wp.com\/www.presstourism.ch\/wp-content\/uploads\/2023\/03\/9.png?w=366 366w, https:\/\/i1.wp.com\/www.presstourism.ch\/wp-content\/uploads\/2023\/03\/9.png?resize=225%2C300 225w\" sizes=\"(max-width: 366px) 100vw, 366px\" data-recalc-dims=\"1\" \/><\/a><figcaption>Tels ces amoureux<\/figcaption><\/figure><\/div>\n\n\n\n<p>Cette belle \u00e9glise de style roman abrite la d\u00e9pouille du saint originaire de l&rsquo;Anatolie et qui est \u00e0 l&rsquo;origine de la figure de Santa Claus, le P\u00e8re No\u00ebl. A l&rsquo;architecture imposante et riche en sculptures, c\u2019est une destination majeure pour les p\u00e8lerins catholiques et orthodoxes et il faut vraiment visiter la crypte qui renferme les reliques du Saint. Si on ne se perd pas dans le labyrinthe, la cath\u00e9drale San Sabino n\u2019en est pas trop \u00e9loign\u00e9e et elle vaut aussi le d\u00e9tour. Comme le ch\u00e2teau normand-souabe, un peu plus loin,&nbsp;construit sur les ruines d\u2019un fort romain. Son architecture est imposante. Avec son donjon carr\u00e9, ses douves, tours d\u2019angle et le pont, il reste aujourd\u2019hui un symbole fort du pass\u00e9 militaire de la ville.<\/p>\n\n\n\n<p><strong>Un vrai t\u00e9moin<\/strong><\/p>\n\n\n\n<p>Il y a bon nombre d\u2019autres monuments et b\u00e2timents historiques\u2026&nbsp;<\/p>\n\n\n\n<div class=\"wp-block-image\"><figure class=\"aligncenter size-full\"><a href=\"https:\/\/i2.wp.com\/www.presstourism.ch\/wp-content\/uploads\/2023\/03\/10.png\"><img loading=\"lazy\" width=\"584\" height=\"777\" src=\"https:\/\/i2.wp.com\/www.presstourism.ch\/wp-content\/uploads\/2023\/03\/10.png?resize=584%2C777\" alt=\"\" class=\"wp-image-8852\" srcset=\"https:\/\/i2.wp.com\/www.presstourism.ch\/wp-content\/uploads\/2023\/03\/10.png?w=710 710w, https:\/\/i2.wp.com\/www.presstourism.ch\/wp-content\/uploads\/2023\/03\/10.png?resize=225%2C300 225w, https:\/\/i2.wp.com\/www.presstourism.ch\/wp-content\/uploads\/2023\/03\/10.png?resize=600%2C799 600w\" sizes=\"(max-width: 584px) 100vw, 584px\" data-recalc-dims=\"1\" \/><\/a><figcaption>Le mus\u00e9e \u00e0 ciel ouvert de Santa Maria del Buon Consiglio&nbsp;<\/figcaption><\/figure><\/div>\n\n\n\n<p>\u2026 telles que les huit colonnes, un sol en mosa\u00efque et une \u00e9pigraphe sur le mur de la Santa Maria del Buon Consiglio. C\u2019est un \u00e9difice religieux particulier de l\u2019\u00e9poque m\u00e9di\u00e9vale et il constitue un v\u00e9ritable mus\u00e9e \u00e0 ciel ouvert.&nbsp;L&rsquo;\u00e9glise \u00e9tait connue de l&rsquo;historiographie locale pour ses origines l\u00e9gendaires. En effet, on dit qu&rsquo;elle est n\u00e9e \u00e0 la suite d&rsquo;une dispute entre les Baresi et les Byzantins, qui a abouti \u00e0 un meurtre en 946; les habitants de Bari se sont oppos\u00e9s \u00e0 la d\u00e9cision des Byzantins de s&rsquo;arroger le droit d&rsquo;accompagner les mari\u00e9es \u00e0 l&rsquo;autel. Le mauvais conseil qui a conduit \u00e0 l&rsquo;effusion de sang conduira plus tard \u00e0 la tr\u00eave, le \u00ab bon conseil\u00bb, qui donne son nom \u00e0 l&rsquo;\u00e9glise. Des sondages r\u00e9alis\u00e9s dans les ann\u00e9es 1980 ont r\u00e9v\u00e9l\u00e9 que l&rsquo;ouvrage date d&rsquo;une p\u00e9riode comprise entre le X<sup>e<\/sup>&nbsp;et le XII<sup>e<\/sup>&nbsp;si\u00e8cle. Et des recherches arch\u00e9ologiques ont mis au jour des d\u00e9couvertes qui couvrent presque toutes les \u00e9poques historiques, retra\u00e7ant l&rsquo;histoire de la ville de l&rsquo;\u00e2ge du bronze au Moyen \u00c2ge. C\u2019est donc un v\u00e9ritable t\u00e9moin de l\u2019histoire de Bari.<\/p>\n\n\n\n<p><strong>Gennaro la star de la p\u00eache<\/strong><\/p>\n\n\n\n<p>Dans la vieille ville de Bari, tout le monde conna\u00eet&nbsp;<strong>Gennaro Turbini<\/strong>&nbsp;et on l\u2019invite partout. Les poissons et les poulpes qu\u2019il ram\u00e8ne de la p\u00eache, il les vend dans les restaurants et des commerces. Avec d\u2019autres p\u00eacheurs, il est parti t\u00f4t le matin et on le trouve ensuite avec eux en train de nettoyer et pr\u00e9parer leurs poulpes au bord de mer, pas loin du quai San Nicola, o\u00f9 les discussions vont bon train. \u00c2g\u00e9 de 65 ans, Gennaro a travaill\u00e9 sur des grands navires de p\u00eache durant pr\u00e8s de 25 ans. \u00ab C\u2019\u00e9tait un travail fatiguant&nbsp;\u00bb, dit-il, \u00ab&nbsp;mais il m\u2019a permis de d\u00e9couvrir les quatre coins du monde. Nous partions durant un bon bout de temps et on restait dans des ports, \u00e7a d\u00e9pendait, de 3 jours \u00e0 15 jours. Bien entendu, j\u2019ai v\u00e9cu pas mal d\u2019\u00e9pisodes particuliers, notamment quand la mer se d\u00e9cha\u00eenait. Comme une fois entre l\u2019Alg\u00e9rie et la Sardaigne o\u00f9 nous ne serions jamais revenus si nous n\u2019avions pas \u00e9t\u00e9 attach\u00e9s. En mer, nous \u00e9tions vraiment une grande famille et j\u2019ai gard\u00e9 beaucoup d\u2019amis. J\u2019ai d\u2019ailleurs toujours des contacts avec d\u2019anciens coll\u00e8gues en France et en Angleterre. Aujourd\u2019hui, c\u2019est plus facile mais jamais je ne pourrais m\u2019arr\u00eater. Cette p\u00eache, c\u2019est toute ma vie et ma petite ville de Bari, c\u2019est mon bonheur \u00bb.<\/p>\n\n\n\n<div class=\"wp-block-image\"><figure class=\"aligncenter size-large\"><a href=\"https:\/\/i2.wp.com\/www.presstourism.ch\/wp-content\/uploads\/2023\/03\/11.png\"><img loading=\"lazy\" width=\"584\" height=\"714\" src=\"https:\/\/i2.wp.com\/www.presstourism.ch\/wp-content\/uploads\/2023\/03\/11.png?resize=584%2C714\" alt=\"\" class=\"wp-image-8853\" srcset=\"https:\/\/i2.wp.com\/www.presstourism.ch\/wp-content\/uploads\/2023\/03\/11.png?resize=837%2C1024 837w, https:\/\/i2.wp.com\/www.presstourism.ch\/wp-content\/uploads\/2023\/03\/11.png?resize=245%2C300 245w, https:\/\/i2.wp.com\/www.presstourism.ch\/wp-content\/uploads\/2023\/03\/11.png?resize=768%2C939 768w, https:\/\/i2.wp.com\/www.presstourism.ch\/wp-content\/uploads\/2023\/03\/11.png?resize=600%2C734 600w, https:\/\/i2.wp.com\/www.presstourism.ch\/wp-content\/uploads\/2023\/03\/11.png?w=945 945w\" sizes=\"(max-width: 584px) 100vw, 584px\" data-recalc-dims=\"1\" \/><\/a><\/figure><\/div>\n\n\n\n<p><strong>En attendant le 2<sup>e<\/sup>&nbsp;\u00e9pisode, je vous propose une <a href=\"https:\/\/www.youtube.com\/watch?v=M-bzfOPMJ_8\">danse typique des Pouilles<\/a><\/strong>.<\/p>\n\n\n\n<h3><strong>Article et photos parus dans le magazine D\u00e9couverte, <a href=\"http:\/\/www.decouverte-mag.com\">www.decouverte-mag.com<\/a><\/strong><\/h3>\n","protected":false},"excerpt":{"rendered":"<p>Texte et photos: Roger Juillerat Labyrinthe de pierres blanches reposant aupr\u00e8s d&rsquo;une mer bleu azur, la capitale de la province est partag\u00e9e entre son centre historique et des quartiers plus contemporains. C\u2019est une ville fascinante et il fait bon se &hellip; <a href=\"http:\/\/www.presstourism.ch\/?page_id=8854\">Continuer la lecture <span class=\"meta-nav\">&rarr;<\/span><\/a><\/p>\n","protected":false},"author":1540,"featured_media":0,"parent":302,"menu_order":0,"comment_status":"closed","ping_status":"closed","template":"","meta":{"ngg_post_thumbnail":0,"spay_email":""},"jetpack_sharing_enabled":true,"jetpack_shortlink":"https:\/\/wp.me\/P468TV-2iO","_links":{"self":[{"href":"http:\/\/www.presstourism.ch\/index.php?rest_route=\/wp\/v2\/pages\/8854"}],"collection":[{"href":"http:\/\/www.presstourism.ch\/index.php?rest_route=\/wp\/v2\/pages"}],"about":[{"href":"http:\/\/www.presstourism.ch\/index.php?rest_route=\/wp\/v2\/types\/page"}],"author":[{"embeddable":true,"href":"http:\/\/www.presstourism.ch\/index.php?rest_route=\/wp\/v2\/users\/1540"}],"replies":[{"embeddable":true,"href":"http:\/\/www.presstourism.ch\/index.php?rest_route=%2Fwp%2Fv2%2Fcomments&post=8854"}],"version-history":[{"count":3,"href":"http:\/\/www.presstourism.ch\/index.php?rest_route=\/wp\/v2\/pages\/8854\/revisions"}],"predecessor-version":[{"id":8861,"href":"http:\/\/www.presstourism.ch\/index.php?rest_route=\/wp\/v2\/pages\/8854\/revisions\/8861"}],"up":[{"embeddable":true,"href":"http:\/\/www.presstourism.ch\/index.php?rest_route=\/wp\/v2\/pages\/302"}],"wp:attachment":[{"href":"http:\/\/www.presstourism.ch\/index.php?rest_route=%2Fwp%2Fv2%2Fmedia&parent=8854"}],"curies":[{"name":"wp","href":"https:\/\/api.w.org\/{rel}","templated":true}]}}