{"id":800,"date":"2014-05-20T15:57:35","date_gmt":"2014-05-20T14:57:35","guid":{"rendered":"http:\/\/www.presstourism.ch\/WP_ALEX\/?page_id=800"},"modified":"2014-05-20T16:14:09","modified_gmt":"2014-05-20T15:14:09","slug":"hum-le-plus-petit-village-du-monde","status":"publish","type":"page","link":"http:\/\/www.presstourism.ch\/?page_id=800","title":{"rendered":"Hum, le plus petit village du monde"},"content":{"rendered":"<p style=\"text-align: center;\"><a href=\"https:\/\/i1.wp.com\/www.presstourism.ch\/WP_ALEX\/wp-content\/uploads\/2014\/05\/Hum-DSC_0005s.jpg\"><img loading=\"lazy\" class=\"alignnone size-medium wp-image-801\" src=\"https:\/\/i1.wp.com\/www.presstourism.ch\/WP_ALEX\/wp-content\/uploads\/2014\/05\/Hum-DSC_0005s-300x286.jpg?resize=300%2C286\" alt=\"Hum DSC_0005s\" width=\"300\" height=\"286\" srcset=\"https:\/\/i0.wp.com\/www.presstourism.ch\/wp-content\/uploads\/2014\/05\/Hum-DSC_0005s.jpg?resize=300%2C286 300w, https:\/\/i0.wp.com\/www.presstourism.ch\/wp-content\/uploads\/2014\/05\/Hum-DSC_0005s.jpg?w=804 804w\" sizes=\"(max-width: 300px) 100vw, 300px\" data-recalc-dims=\"1\" \/><\/a><\/p>\n<p>Dans le Guiness des records, ils doivent bien \u00eatre une bonne douzaine, les lieux \u00e0 se proclamer \u00ab plus petit village du monde\u00a0\u00bb. Mais en Istrie croate, pas de doute, le plus petit village du monde, c\u2019est ici, \u00e0 Hum. Oui, Hum\u00a0! A lui seul, le nom laisse d\u00e9j\u00e0 un rien perplexe mais c\u2019est comme \u00e7a\u00a0!<\/p>\n<p>On y acc\u00e8de par une petite route tout en virages se terminant en cul-de-sac au pied de solides murailles. En chemin, une clairi\u00e8re dans laquelle sont dress\u00e9s une vingtaine de rochers taill\u00e9s au formes bizarres, partiellement g\u00e9om\u00e9triques. Les menhirs d\u2019une improbable peuplade celte\u00a0? Non\u00a0! quelques-unes des lettres formant l\u2019alphabet glagolitique, l\u2019\u00e9criture des premiers Slaves\u2026<\/p>\n<p style=\"text-align: center;\"><a href=\"https:\/\/i2.wp.com\/www.presstourism.ch\/WP_ALEX\/wp-content\/uploads\/2014\/05\/Glago-A.jpg\"><img loading=\"lazy\" class=\"alignnone size-medium wp-image-808\" src=\"https:\/\/i1.wp.com\/www.presstourism.ch\/WP_ALEX\/wp-content\/uploads\/2014\/05\/Glago-A-300x251.jpg?resize=300%2C251\" alt=\"Glago A\" width=\"300\" height=\"251\" srcset=\"https:\/\/i2.wp.com\/www.presstourism.ch\/wp-content\/uploads\/2014\/05\/Glago-A.jpg?resize=300%2C251 300w, https:\/\/i2.wp.com\/www.presstourism.ch\/wp-content\/uploads\/2014\/05\/Glago-A.jpg?w=687 687w\" sizes=\"(max-width: 300px) 100vw, 300px\" data-recalc-dims=\"1\" \/><\/a><\/p>\n<p>Ceci est un \u00ab\u00a0A\u00a0\u00bb. Quant au plus petit village du monde, son nom s&rsquo;\u00e9crit ainsi\u00a0:<\/p>\n<p><a href=\"https:\/\/i1.wp.com\/www.presstourism.ch\/WP_ALEX\/wp-content\/uploads\/2014\/05\/Glago-Hum.jpg\"><img loading=\"lazy\" class=\"alignnone size-medium wp-image-802 aligncenter\" src=\"https:\/\/i1.wp.com\/www.presstourism.ch\/WP_ALEX\/wp-content\/uploads\/2014\/05\/Glago-Hum-300x298.jpg?resize=300%2C298\" alt=\"Glago Hum\" width=\"300\" height=\"298\" srcset=\"https:\/\/i2.wp.com\/www.presstourism.ch\/wp-content\/uploads\/2014\/05\/Glago-Hum.jpg?resize=300%2C298 300w, https:\/\/i2.wp.com\/www.presstourism.ch\/wp-content\/uploads\/2014\/05\/Glago-Hum.jpg?resize=150%2C150 150w, https:\/\/i2.wp.com\/www.presstourism.ch\/wp-content\/uploads\/2014\/05\/Glago-Hum.jpg?w=773 773w\" sizes=\"(max-width: 300px) 100vw, 300px\" data-recalc-dims=\"1\" \/><\/a>Mais revenons \u00e0 Hum, justement. On p\u00e9n\u00e8tre intra-muros par une porte vo\u00fbt\u00e9e et fortifi\u00e9e. L\u2019unique ruelle grimpe dru entre trois maisons dont les fen\u00eatres basses sont orn\u00e9es de rideaux crochet\u00e9s. Des fleurs devant l\u2019embrasure. Et un chat gris peu sauvage. Pas de doute, la vie habite Hum.<\/p>\n<p style=\"text-align: center;\"><a href=\"https:\/\/i0.wp.com\/www.presstourism.ch\/WP_ALEX\/wp-content\/uploads\/2014\/05\/DSC_0006.jpg\"><img loading=\"lazy\" class=\"alignnone size-medium wp-image-803\" src=\"https:\/\/i0.wp.com\/www.presstourism.ch\/WP_ALEX\/wp-content\/uploads\/2014\/05\/DSC_0006-246x300.jpg?resize=246%2C300\" alt=\"DSC_0006\" width=\"246\" height=\"300\" srcset=\"https:\/\/i2.wp.com\/www.presstourism.ch\/wp-content\/uploads\/2014\/05\/DSC_0006.jpg?resize=246%2C300 246w, https:\/\/i2.wp.com\/www.presstourism.ch\/wp-content\/uploads\/2014\/05\/DSC_0006.jpg?w=630 630w\" sizes=\"(max-width: 246px) 100vw, 246px\" data-recalc-dims=\"1\" \/><\/a><\/p>\n<p>Majestueuse mais pas vraiment aust\u00e8re, l\u2019\u00e9glise St J\u00e9r\u00f4me dispense la paix catholique aux 17 habitants. Au fait, comment les nommer\u00a0? Disons les \u00ab\u00a0Humains\u00a0\u00bb et n\u2019en parlons plus.<\/p>\n<p style=\"text-align: center;\"><a href=\"https:\/\/i0.wp.com\/www.presstourism.ch\/WP_ALEX\/wp-content\/uploads\/2014\/05\/P1010001sw.jpg\"><img loading=\"lazy\" class=\"alignnone size-medium wp-image-804\" src=\"https:\/\/i0.wp.com\/www.presstourism.ch\/WP_ALEX\/wp-content\/uploads\/2014\/05\/P1010001sw-300x185.jpg?resize=300%2C185\" alt=\"P1010001sw\" width=\"300\" height=\"185\" srcset=\"https:\/\/i0.wp.com\/www.presstourism.ch\/wp-content\/uploads\/2014\/05\/P1010001sw.jpg?resize=300%2C185 300w, https:\/\/i0.wp.com\/www.presstourism.ch\/wp-content\/uploads\/2014\/05\/P1010001sw.jpg?w=1024 1024w\" sizes=\"(max-width: 300px) 100vw, 300px\" data-recalc-dims=\"1\" \/><\/a><\/p>\n<p>Dans l\u2019unique auberge jouxtant l&rsquo;unique entr\u00e9e, une simple assiette de cet \u00e9mouvant jambon cru nomm\u00e9 <em>Istarski pr\u0161ut<\/em>, emprunt probable \u00e0 son proche cousin, le prosciutto italien. Une pinc\u00e9e de fromage encore frais. De fines lamelles de truffe blanche. Sans oublier le verre d\u2019alcool local pour faciliter la digestion et ragaillardir la sant\u00e9\u00a0: la \u00ab\u00a0biska\u00a0\u00bb, un marc de raisin \u00e0 nul autre pareil puisqu\u2019on y fait traditionnellement mac\u00e9rer des baies de gui, normalement toxique mais riche de toutes sortes de vertus sanitaires pour peu que le Panoramix local ait la bonne id\u00e9e de le cueillir \u00e0 la br\u00e8ve p\u00e9riode propice, connue de lui seul mais peut-\u00eatre pas tr\u00e8s \u00e9loign\u00e9e du solstice d\u2019\u00e9t\u00e9 v\u00e9n\u00e9r\u00e9 par les initi\u00e9s bretons.<\/p>\n<p style=\"text-align: center;\"><a href=\"https:\/\/i2.wp.com\/www.presstourism.ch\/WP_ALEX\/wp-content\/uploads\/2014\/05\/P1000799sm.jpg\"><img loading=\"lazy\" class=\"alignnone size-medium wp-image-805\" src=\"https:\/\/i2.wp.com\/www.presstourism.ch\/WP_ALEX\/wp-content\/uploads\/2014\/05\/P1000799sm-300x297.jpg?resize=300%2C297\" alt=\"P1000799sm\" width=\"300\" height=\"297\" srcset=\"https:\/\/i2.wp.com\/www.presstourism.ch\/wp-content\/uploads\/2014\/05\/P1000799sm.jpg?resize=300%2C297 300w, https:\/\/i2.wp.com\/www.presstourism.ch\/wp-content\/uploads\/2014\/05\/P1000799sm.jpg?resize=150%2C150 150w, https:\/\/i2.wp.com\/www.presstourism.ch\/wp-content\/uploads\/2014\/05\/P1000799sm.jpg?w=775 775w\" sizes=\"(max-width: 300px) 100vw, 300px\" data-recalc-dims=\"1\" \/><\/a><\/p>\n<p>Taill\u00e9s dans la roche, les caract\u00e8res glagolitiques ne sont certes pas des menhirs mais le monde celte n\u2019est pas loin. N&rsquo;oublions pas qu\u2019il s&rsquo;\u00e9tendait nagu\u00e8re de Brest jusqu&rsquo;\u00e0 Ankara !<\/p>\n<p style=\"text-align: right;\">Alex D\u00e9cotte<\/p>\n","protected":false},"excerpt":{"rendered":"<p>Dans le Guiness des records, ils doivent bien \u00eatre une bonne douzaine, les lieux \u00e0 se proclamer \u00ab plus petit village du monde\u00a0\u00bb. Mais en Istrie croate, pas de doute, le plus petit village du monde, c\u2019est ici, \u00e0 Hum. &hellip; <a href=\"http:\/\/www.presstourism.ch\/?page_id=800\">Continuer la lecture <span class=\"meta-nav\">&rarr;<\/span><\/a><\/p>\n","protected":false},"author":1,"featured_media":0,"parent":208,"menu_order":0,"comment_status":"open","ping_status":"open","template":"","meta":{"ngg_post_thumbnail":0,"spay_email":""},"jetpack_sharing_enabled":true,"jetpack_shortlink":"https:\/\/wp.me\/P468TV-cU","_links":{"self":[{"href":"http:\/\/www.presstourism.ch\/index.php?rest_route=\/wp\/v2\/pages\/800"}],"collection":[{"href":"http:\/\/www.presstourism.ch\/index.php?rest_route=\/wp\/v2\/pages"}],"about":[{"href":"http:\/\/www.presstourism.ch\/index.php?rest_route=\/wp\/v2\/types\/page"}],"author":[{"embeddable":true,"href":"http:\/\/www.presstourism.ch\/index.php?rest_route=\/wp\/v2\/users\/1"}],"replies":[{"embeddable":true,"href":"http:\/\/www.presstourism.ch\/index.php?rest_route=%2Fwp%2Fv2%2Fcomments&post=800"}],"version-history":[{"count":4,"href":"http:\/\/www.presstourism.ch\/index.php?rest_route=\/wp\/v2\/pages\/800\/revisions"}],"predecessor-version":[{"id":810,"href":"http:\/\/www.presstourism.ch\/index.php?rest_route=\/wp\/v2\/pages\/800\/revisions\/810"}],"up":[{"embeddable":true,"href":"http:\/\/www.presstourism.ch\/index.php?rest_route=\/wp\/v2\/pages\/208"}],"wp:attachment":[{"href":"http:\/\/www.presstourism.ch\/index.php?rest_route=%2Fwp%2Fv2%2Fmedia&parent=800"}],"curies":[{"name":"wp","href":"https:\/\/api.w.org\/{rel}","templated":true}]}}