{"id":6833,"date":"2020-05-28T08:40:32","date_gmt":"2020-05-28T07:40:32","guid":{"rendered":"http:\/\/www.presstourism.ch\/WP_ALEX\/?page_id=6833"},"modified":"2020-05-28T08:52:40","modified_gmt":"2020-05-28T07:52:40","slug":"voyage-a-linterieur-du-corps-humain","status":"publish","type":"page","link":"http:\/\/www.presstourism.ch\/?page_id=6833","title":{"rendered":"Voyage \u00e0 l\u2019int\u00e9rieur du corps humain"},"content":{"rendered":"\n<figure class=\"wp-block-image size-large\"><img loading=\"lazy\" width=\"584\" height=\"389\" src=\"https:\/\/i2.wp.com\/www.presstourism.ch\/WP_ALEX\/wp-content\/uploads\/2020\/05\/608corpus1-Largeur-max.-1024-Hauteur-max.-768.jpg?resize=584%2C389\" alt=\"\" class=\"wp-image-6834\" srcset=\"https:\/\/i1.wp.com\/www.presstourism.ch\/wp-content\/uploads\/2020\/05\/608corpus1-Largeur-max.-1024-Hauteur-max.-768.jpg?w=1024 1024w, https:\/\/i1.wp.com\/www.presstourism.ch\/wp-content\/uploads\/2020\/05\/608corpus1-Largeur-max.-1024-Hauteur-max.-768.jpg?resize=300%2C200 300w, https:\/\/i1.wp.com\/www.presstourism.ch\/wp-content\/uploads\/2020\/05\/608corpus1-Largeur-max.-1024-Hauteur-max.-768.jpg?resize=768%2C512 768w, https:\/\/i1.wp.com\/www.presstourism.ch\/wp-content\/uploads\/2020\/05\/608corpus1-Largeur-max.-1024-Hauteur-max.-768.jpg?resize=600%2C400 600w\" sizes=\"(max-width: 584px) 100vw, 584px\" data-recalc-dims=\"1\" \/><figcaption>D\u2019une hauteur de 35 m., Corpus domine la plaine&nbsp;au sud d\u2019Amsterdam.&nbsp;\u00a9 Corpus<\/figcaption><\/figure>\n\n\n\n<p>Hollande. Au sud d\u2019Amsterdam, un \u00e9trange mus\u00e9e permet aux visiteurs de voyager \u00e0 l\u2019int\u00e9rieur du corps humain&nbsp;\u00e0 la fa\u00e7on d\u2019un globule rouge. Marcher sur une langue, passer \u00e0 travers un \u0153il ou vivre une f\u00e9condation,&nbsp;c\u2019est possible, gr\u00e2ce \u00e0 la magie de la 5D.<\/p>\n\n\n\n<p>Le long de l\u2019A44, au sud-ouest&nbsp;d\u2019Amsterdam, un personnage&nbsp;de couleur rouilleet d\u2019une hauteur de 35 m\u00e8tres s\u2019impose et interpelle. Qu\u2019est-ce? C\u2019est&nbsp;Corpus. Un b\u00e2timent qui ne passepas inaper\u00e7u. L\u2019institution a pour&nbsp;vocation de promouvoir et d\u2019explorer&nbsp;les m\u00e9canismes internes du fonctionnement de l\u2019\u00eatre humain,&nbsp;et ceci par une approche qui allie&nbsp;toutes les perceptions que permettent&nbsp;les technologies li\u00e9es \u00e0 la&nbsp;5D. Corpus n\u2019est pas \u00e0 proprement&nbsp;parler un centre d\u2019attractions, mais&nbsp;il permet d\u2019approcher la complexit\u00e9&nbsp;du corps humain de mani\u00e8re \u00e0&nbsp;la fois ludique et s\u00e9rieuse. Vaisseaux,&nbsp;nerfs et autres fonctions ou&nbsp;organes sont pr\u00e9sent\u00e9s de fa\u00e7on \u00e0&nbsp;se les familiariser.<\/p>\n\n\n\n<div class=\"wp-block-file\"><a href=\"http:\/\/www.presstourism.ch\/WP_ALEX\/wp-content\/uploads\/2020\/05\/608-Le-R\u00e9gional-Pays-Bas.-Voyage-\u00e0-lint\u00e9rieur-du-corps-humain.pdf\">Le-R\u00e9gional<\/a><a href=\"http:\/\/www.presstourism.ch\/WP_ALEX\/wp-content\/uploads\/2020\/05\/608-Le-R\u00e9gional-Pays-Bas.-Voyage-\u00e0-lint\u00e9rieur-du-corps-humain.pdf\" class=\"wp-block-file__button\" download>T\u00e9l\u00e9charger<\/a><\/div>\n\n\n\n<p><\/p>\n\n\n\n<figure class=\"wp-block-gallery columns-1 is-cropped\"><ul class=\"blocks-gallery-grid\"><li class=\"blocks-gallery-item\"><figure><img loading=\"lazy\" width=\"300\" height=\"200\" src=\"https:\/\/i1.wp.com\/www.presstourism.ch\/WP_ALEX\/wp-content\/uploads\/2020\/05\/608corpus4-Largeur-max.-1024-Hauteur-max.-768-300x200.jpg?resize=300%2C200\" alt=\"\" data-id=\"6835\" data-full-url=\"https:\/\/i2.wp.com\/www.presstourism.ch\/WP_ALEX\/wp-content\/uploads\/2020\/05\/608corpus4-Largeur-max.-1024-Hauteur-max.-768.jpg?fit=1024%2C682\" data-link=\"http:\/\/www.presstourism.ch\/WP_ALEX\/?attachment_id=6835\" class=\"wp-image-6835\" srcset=\"https:\/\/i1.wp.com\/www.presstourism.ch\/wp-content\/uploads\/2020\/05\/608corpus4-Largeur-max.-1024-Hauteur-max.-768.jpg?resize=300%2C200 300w, https:\/\/i1.wp.com\/www.presstourism.ch\/wp-content\/uploads\/2020\/05\/608corpus4-Largeur-max.-1024-Hauteur-max.-768.jpg?resize=768%2C512 768w, https:\/\/i1.wp.com\/www.presstourism.ch\/wp-content\/uploads\/2020\/05\/608corpus4-Largeur-max.-1024-Hauteur-max.-768.jpg?resize=600%2C400 600w, https:\/\/i1.wp.com\/www.presstourism.ch\/wp-content\/uploads\/2020\/05\/608corpus4-Largeur-max.-1024-Hauteur-max.-768.jpg?w=1024 1024w\" sizes=\"(max-width: 300px) 100vw, 300px\" data-recalc-dims=\"1\" \/><\/figure><\/li><li class=\"blocks-gallery-item\"><figure><img loading=\"lazy\" width=\"300\" height=\"200\" src=\"https:\/\/i1.wp.com\/www.presstourism.ch\/WP_ALEX\/wp-content\/uploads\/2020\/05\/608corpus5-Largeur-max.-1024-Hauteur-max.-768-300x200.jpg?resize=300%2C200\" alt=\"\" data-id=\"6836\" data-full-url=\"https:\/\/i2.wp.com\/www.presstourism.ch\/WP_ALEX\/wp-content\/uploads\/2020\/05\/608corpus5-Largeur-max.-1024-Hauteur-max.-768.jpg?fit=1024%2C682\" data-link=\"http:\/\/www.presstourism.ch\/WP_ALEX\/?attachment_id=6836\" class=\"wp-image-6836\" srcset=\"https:\/\/i1.wp.com\/www.presstourism.ch\/wp-content\/uploads\/2020\/05\/608corpus5-Largeur-max.-1024-Hauteur-max.-768.jpg?resize=300%2C200 300w, https:\/\/i1.wp.com\/www.presstourism.ch\/wp-content\/uploads\/2020\/05\/608corpus5-Largeur-max.-1024-Hauteur-max.-768.jpg?resize=768%2C512 768w, https:\/\/i1.wp.com\/www.presstourism.ch\/wp-content\/uploads\/2020\/05\/608corpus5-Largeur-max.-1024-Hauteur-max.-768.jpg?resize=600%2C400 600w, https:\/\/i1.wp.com\/www.presstourism.ch\/wp-content\/uploads\/2020\/05\/608corpus5-Largeur-max.-1024-Hauteur-max.-768.jpg?w=1024 1024w\" sizes=\"(max-width: 300px) 100vw, 300px\" data-recalc-dims=\"1\" \/><\/figure><\/li><li class=\"blocks-gallery-item\"><figure><img loading=\"lazy\" width=\"200\" height=\"300\" src=\"https:\/\/i1.wp.com\/www.presstourism.ch\/WP_ALEX\/wp-content\/uploads\/2020\/05\/608corpus6-Largeur-max.-1024-Hauteur-max.-768-200x300.jpg?resize=200%2C300\" alt=\"\" data-id=\"6837\" data-full-url=\"https:\/\/i0.wp.com\/www.presstourism.ch\/WP_ALEX\/wp-content\/uploads\/2020\/05\/608corpus6-Largeur-max.-1024-Hauteur-max.-768.jpg?fit=512%2C768\" data-link=\"http:\/\/www.presstourism.ch\/WP_ALEX\/?attachment_id=6837\" class=\"wp-image-6837\" srcset=\"https:\/\/i1.wp.com\/www.presstourism.ch\/wp-content\/uploads\/2020\/05\/608corpus6-Largeur-max.-1024-Hauteur-max.-768.jpg?resize=200%2C300 200w, https:\/\/i1.wp.com\/www.presstourism.ch\/wp-content\/uploads\/2020\/05\/608corpus6-Largeur-max.-1024-Hauteur-max.-768.jpg?w=512 512w\" sizes=\"(max-width: 200px) 100vw, 200px\" data-recalc-dims=\"1\" \/><\/figure><\/li><li class=\"blocks-gallery-item\"><figure><img loading=\"lazy\" width=\"300\" height=\"200\" src=\"https:\/\/i1.wp.com\/www.presstourism.ch\/WP_ALEX\/wp-content\/uploads\/2020\/05\/608corpus7-Largeur-max.-1024-Hauteur-max.-768-300x200.jpg?resize=300%2C200\" alt=\"\" data-id=\"6838\" data-full-url=\"https:\/\/i1.wp.com\/www.presstourism.ch\/WP_ALEX\/wp-content\/uploads\/2020\/05\/608corpus7-Largeur-max.-1024-Hauteur-max.-768.jpg?fit=1024%2C682\" data-link=\"http:\/\/www.presstourism.ch\/WP_ALEX\/?attachment_id=6838\" class=\"wp-image-6838\" srcset=\"https:\/\/i1.wp.com\/www.presstourism.ch\/wp-content\/uploads\/2020\/05\/608corpus7-Largeur-max.-1024-Hauteur-max.-768.jpg?resize=300%2C200 300w, https:\/\/i1.wp.com\/www.presstourism.ch\/wp-content\/uploads\/2020\/05\/608corpus7-Largeur-max.-1024-Hauteur-max.-768.jpg?resize=768%2C512 768w, https:\/\/i1.wp.com\/www.presstourism.ch\/wp-content\/uploads\/2020\/05\/608corpus7-Largeur-max.-1024-Hauteur-max.-768.jpg?resize=600%2C400 600w, https:\/\/i1.wp.com\/www.presstourism.ch\/wp-content\/uploads\/2020\/05\/608corpus7-Largeur-max.-1024-Hauteur-max.-768.jpg?w=1024 1024w\" sizes=\"(max-width: 300px) 100vw, 300px\" data-recalc-dims=\"1\" \/><\/figure><\/li><li class=\"blocks-gallery-item\"><figure><img loading=\"lazy\" width=\"300\" height=\"200\" src=\"https:\/\/i0.wp.com\/www.presstourism.ch\/WP_ALEX\/wp-content\/uploads\/2020\/05\/608corpus8-Largeur-max.-1024-Hauteur-max.-768-300x200.jpg?resize=300%2C200\" alt=\"\" data-id=\"6839\" data-full-url=\"https:\/\/i1.wp.com\/www.presstourism.ch\/WP_ALEX\/wp-content\/uploads\/2020\/05\/608corpus8-Largeur-max.-1024-Hauteur-max.-768.jpg?fit=1024%2C682\" data-link=\"http:\/\/www.presstourism.ch\/WP_ALEX\/?attachment_id=6839\" class=\"wp-image-6839\" srcset=\"https:\/\/i2.wp.com\/www.presstourism.ch\/wp-content\/uploads\/2020\/05\/608corpus8-Largeur-max.-1024-Hauteur-max.-768.jpg?resize=300%2C200 300w, https:\/\/i2.wp.com\/www.presstourism.ch\/wp-content\/uploads\/2020\/05\/608corpus8-Largeur-max.-1024-Hauteur-max.-768.jpg?resize=768%2C512 768w, https:\/\/i2.wp.com\/www.presstourism.ch\/wp-content\/uploads\/2020\/05\/608corpus8-Largeur-max.-1024-Hauteur-max.-768.jpg?resize=600%2C400 600w, https:\/\/i2.wp.com\/www.presstourism.ch\/wp-content\/uploads\/2020\/05\/608corpus8-Largeur-max.-1024-Hauteur-max.-768.jpg?w=1024 1024w\" sizes=\"(max-width: 300px) 100vw, 300px\" data-recalc-dims=\"1\" \/><\/figure><\/li><li class=\"blocks-gallery-item\"><figure><img loading=\"lazy\" width=\"300\" height=\"200\" src=\"https:\/\/i0.wp.com\/www.presstourism.ch\/WP_ALEX\/wp-content\/uploads\/2020\/05\/608corpus9-Largeur-max.-1024-Hauteur-max.-768-300x200.jpg?resize=300%2C200\" alt=\"\" data-id=\"6840\" data-full-url=\"https:\/\/i1.wp.com\/www.presstourism.ch\/WP_ALEX\/wp-content\/uploads\/2020\/05\/608corpus9-Largeur-max.-1024-Hauteur-max.-768.jpg?fit=1024%2C682\" data-link=\"http:\/\/www.presstourism.ch\/WP_ALEX\/?attachment_id=6840\" class=\"wp-image-6840\" srcset=\"https:\/\/i0.wp.com\/www.presstourism.ch\/wp-content\/uploads\/2020\/05\/608corpus9-Largeur-max.-1024-Hauteur-max.-768.jpg?resize=300%2C200 300w, https:\/\/i0.wp.com\/www.presstourism.ch\/wp-content\/uploads\/2020\/05\/608corpus9-Largeur-max.-1024-Hauteur-max.-768.jpg?resize=768%2C512 768w, https:\/\/i0.wp.com\/www.presstourism.ch\/wp-content\/uploads\/2020\/05\/608corpus9-Largeur-max.-1024-Hauteur-max.-768.jpg?resize=600%2C400 600w, https:\/\/i0.wp.com\/www.presstourism.ch\/wp-content\/uploads\/2020\/05\/608corpus9-Largeur-max.-1024-Hauteur-max.-768.jpg?w=1024 1024w\" sizes=\"(max-width: 300px) 100vw, 300px\" data-recalc-dims=\"1\" \/><\/figure><\/li><li class=\"blocks-gallery-item\"><figure><img loading=\"lazy\" width=\"300\" height=\"200\" src=\"https:\/\/i0.wp.com\/www.presstourism.ch\/WP_ALEX\/wp-content\/uploads\/2020\/05\/608corpus3-Largeur-max.-1024-Hauteur-max.-768-300x200.jpg?resize=300%2C200\" alt=\"\" data-id=\"6842\" data-full-url=\"https:\/\/i1.wp.com\/www.presstourism.ch\/WP_ALEX\/wp-content\/uploads\/2020\/05\/608corpus3-Largeur-max.-1024-Hauteur-max.-768.jpg?fit=1024%2C682\" data-link=\"http:\/\/www.presstourism.ch\/WP_ALEX\/?attachment_id=6842\" class=\"wp-image-6842\" srcset=\"https:\/\/i0.wp.com\/www.presstourism.ch\/wp-content\/uploads\/2020\/05\/608corpus3-Largeur-max.-1024-Hauteur-max.-768.jpg?resize=300%2C200 300w, https:\/\/i0.wp.com\/www.presstourism.ch\/wp-content\/uploads\/2020\/05\/608corpus3-Largeur-max.-1024-Hauteur-max.-768.jpg?resize=768%2C512 768w, https:\/\/i0.wp.com\/www.presstourism.ch\/wp-content\/uploads\/2020\/05\/608corpus3-Largeur-max.-1024-Hauteur-max.-768.jpg?resize=600%2C400 600w, https:\/\/i0.wp.com\/www.presstourism.ch\/wp-content\/uploads\/2020\/05\/608corpus3-Largeur-max.-1024-Hauteur-max.-768.jpg?w=1024 1024w\" sizes=\"(max-width: 300px) 100vw, 300px\" data-recalc-dims=\"1\" \/><\/figure><\/li><li class=\"blocks-gallery-item\"><figure><img loading=\"lazy\" width=\"300\" height=\"200\" src=\"https:\/\/i1.wp.com\/www.presstourism.ch\/WP_ALEX\/wp-content\/uploads\/2020\/05\/608corpus2-Largeur-max.-1024-Hauteur-max.-768-300x200.jpg?resize=300%2C200\" alt=\"\" data-id=\"6841\" data-full-url=\"https:\/\/i1.wp.com\/www.presstourism.ch\/WP_ALEX\/wp-content\/uploads\/2020\/05\/608corpus2-Largeur-max.-1024-Hauteur-max.-768.jpg?fit=1024%2C682\" data-link=\"http:\/\/www.presstourism.ch\/WP_ALEX\/?attachment_id=6841\" class=\"wp-image-6841\" srcset=\"https:\/\/i2.wp.com\/www.presstourism.ch\/wp-content\/uploads\/2020\/05\/608corpus2-Largeur-max.-1024-Hauteur-max.-768.jpg?resize=300%2C200 300w, https:\/\/i2.wp.com\/www.presstourism.ch\/wp-content\/uploads\/2020\/05\/608corpus2-Largeur-max.-1024-Hauteur-max.-768.jpg?resize=768%2C512 768w, https:\/\/i2.wp.com\/www.presstourism.ch\/wp-content\/uploads\/2020\/05\/608corpus2-Largeur-max.-1024-Hauteur-max.-768.jpg?resize=600%2C400 600w, https:\/\/i2.wp.com\/www.presstourism.ch\/wp-content\/uploads\/2020\/05\/608corpus2-Largeur-max.-1024-Hauteur-max.-768.jpg?w=1024 1024w\" sizes=\"(max-width: 300px) 100vw, 300px\" data-recalc-dims=\"1\" \/><\/figure><\/li><\/ul><\/figure>\n\n\n\n<p>Tout ce que peut cacher un muscle\u2026&nbsp;\u00a9 Corpus<br>Interactivit\u00e9, quiz et tests font partie du programme&nbsp;\u00a9 Corpus<br>A la d\u00e9couverte de l\u2019oreille interne&nbsp;\u00a9 Corpus<br>La 5D permet une approche ludique d\u2019un sujet difficile&nbsp;\u00a9 Corpus<br>Borne interactive&nbsp;avec le sang en questionnement&nbsp;\u00a9 Corpus<br>Dans l\u2019antre buccal&nbsp;\u00a9 Corpus <\/p>\n\n\n\n<p><\/p>\n","protected":false},"excerpt":{"rendered":"<p>Hollande. Au sud d\u2019Amsterdam, un \u00e9trange mus\u00e9e permet aux visiteurs de voyager \u00e0 l\u2019int\u00e9rieur du corps humain&nbsp;\u00e0 la fa\u00e7on d\u2019un globule rouge. Marcher sur une langue, passer \u00e0 travers un \u0153il ou vivre une f\u00e9condation,&nbsp;c\u2019est possible, gr\u00e2ce \u00e0 la magie &hellip; <a href=\"http:\/\/www.presstourism.ch\/?page_id=6833\">Continuer la lecture <span class=\"meta-nav\">&rarr;<\/span><\/a><\/p>\n","protected":false},"author":1,"featured_media":0,"parent":3766,"menu_order":0,"comment_status":"closed","ping_status":"closed","template":"","meta":{"ngg_post_thumbnail":0,"spay_email":""},"jetpack_sharing_enabled":true,"jetpack_shortlink":"https:\/\/wp.me\/P468TV-1Md","_links":{"self":[{"href":"http:\/\/www.presstourism.ch\/index.php?rest_route=\/wp\/v2\/pages\/6833"}],"collection":[{"href":"http:\/\/www.presstourism.ch\/index.php?rest_route=\/wp\/v2\/pages"}],"about":[{"href":"http:\/\/www.presstourism.ch\/index.php?rest_route=\/wp\/v2\/types\/page"}],"author":[{"embeddable":true,"href":"http:\/\/www.presstourism.ch\/index.php?rest_route=\/wp\/v2\/users\/1"}],"replies":[{"embeddable":true,"href":"http:\/\/www.presstourism.ch\/index.php?rest_route=%2Fwp%2Fv2%2Fcomments&post=6833"}],"version-history":[{"count":2,"href":"http:\/\/www.presstourism.ch\/index.php?rest_route=\/wp\/v2\/pages\/6833\/revisions"}],"predecessor-version":[{"id":6850,"href":"http:\/\/www.presstourism.ch\/index.php?rest_route=\/wp\/v2\/pages\/6833\/revisions\/6850"}],"up":[{"embeddable":true,"href":"http:\/\/www.presstourism.ch\/index.php?rest_route=\/wp\/v2\/pages\/3766"}],"wp:attachment":[{"href":"http:\/\/www.presstourism.ch\/index.php?rest_route=%2Fwp%2Fv2%2Fmedia&parent=6833"}],"curies":[{"name":"wp","href":"https:\/\/api.w.org\/{rel}","templated":true}]}}