{"id":6727,"date":"2020-05-08T16:27:41","date_gmt":"2020-05-08T15:27:41","guid":{"rendered":"http:\/\/www.presstourism.ch\/WP_ALEX\/?page_id=6727"},"modified":"2020-05-08T16:27:42","modified_gmt":"2020-05-08T15:27:42","slug":"provence","status":"publish","type":"page","link":"http:\/\/www.presstourism.ch\/?page_id=6727","title":{"rendered":"Provence"},"content":{"rendered":"\n<div class=\"wp-block-image\"><figure class=\"alignleft\"><a href=\"https:\/\/i0.wp.com\/s169196779.onlinehome.fr\/wp-content\/uploads\/2014\/01\/Provence-docu.jpg\"><img src=\"https:\/\/i0.wp.com\/s169196779.onlinehome.fr\/wp-content\/uploads\/2014\/01\/Provence-docu.jpg?resize=219%2C300\" alt=\"Provence docu\" class=\"wp-image-5280\"\/><\/a><\/figure><\/div>\n\n\n\n<p>Premi\u00e8re excursion en terre proven\u00e7ale&nbsp; Je devais avoir huit ans et sans doute n\u2019appr\u00e9ciai-je pas \u00e0 sa juste valeur. Ne me reviennent en m\u00e9moire que la touffeur du voyage, la peur dans les tunnels, la m\u00e9chante odeur charbonneuse de la locomotive. Puis la maison amie, dominant la mer. Le jujubier aux fruits aigres, le r\u00e9servoir d\u2019eau potable, qui nous servait de piscine et dans lequel je prenais un malin plaisir \u00e0 pisser \u00e0 grands jets moussus. Les batailles de mantes religieuses aussi, auxquelles nous assistions avec d\u00e9lectation, enfermant les protagonistes sous une cloche de verre, afin que ne nous \u00e9chappe aucun des d\u00e9tails du meurtrier festin.<\/p>\n\n\n\n<p><strong>Par Alex D\u00e9cotte<\/strong><\/p>\n\n\n\n<p>Souvenirs d\u2019eau enfin. Noyade \u00e0 laquelle je n\u2019\u00e9chappai que d\u2019extr\u00eame justesse, jet\u00e9 et rejet\u00e9 par la vague, \u00e0 en perdre souffle et cuir, sur les dents ac\u00e9r\u00e9es d\u2019une calanque. Puis ce fut le retour et, preuve que ce coin d\u2019univers m\u2019avait peu marqu\u00e9, je ne crois pas avoir cont\u00e9 le moindre \u00e9pisode proven\u00e7al \u00e0 mes camarades au parler pointu, lorsque revint le temps de l\u2019\u00e9cole et des brumes du nord.<\/p>\n\n\n\n<p><strong><a href=\"http:\/\/alexdecotte.com\/petite-planete\/provence\">Lire la suite\u2026<\/a><\/strong><\/p>\n","protected":false},"excerpt":{"rendered":"<p>Premi\u00e8re excursion en terre proven\u00e7ale&nbsp; Je devais avoir huit ans et sans doute n\u2019appr\u00e9ciai-je pas \u00e0 sa juste valeur. Ne me reviennent en m\u00e9moire que la touffeur du voyage, la peur dans les tunnels, la m\u00e9chante odeur charbonneuse de la &hellip; <a href=\"http:\/\/www.presstourism.ch\/?page_id=6727\">Continuer la lecture <span class=\"meta-nav\">&rarr;<\/span><\/a><\/p>\n","protected":false},"author":1,"featured_media":0,"parent":295,"menu_order":0,"comment_status":"closed","ping_status":"closed","template":"","meta":{"ngg_post_thumbnail":0,"spay_email":""},"jetpack_sharing_enabled":true,"jetpack_shortlink":"https:\/\/wp.me\/P468TV-1Kv","_links":{"self":[{"href":"http:\/\/www.presstourism.ch\/index.php?rest_route=\/wp\/v2\/pages\/6727"}],"collection":[{"href":"http:\/\/www.presstourism.ch\/index.php?rest_route=\/wp\/v2\/pages"}],"about":[{"href":"http:\/\/www.presstourism.ch\/index.php?rest_route=\/wp\/v2\/types\/page"}],"author":[{"embeddable":true,"href":"http:\/\/www.presstourism.ch\/index.php?rest_route=\/wp\/v2\/users\/1"}],"replies":[{"embeddable":true,"href":"http:\/\/www.presstourism.ch\/index.php?rest_route=%2Fwp%2Fv2%2Fcomments&post=6727"}],"version-history":[{"count":1,"href":"http:\/\/www.presstourism.ch\/index.php?rest_route=\/wp\/v2\/pages\/6727\/revisions"}],"predecessor-version":[{"id":6728,"href":"http:\/\/www.presstourism.ch\/index.php?rest_route=\/wp\/v2\/pages\/6727\/revisions\/6728"}],"up":[{"embeddable":true,"href":"http:\/\/www.presstourism.ch\/index.php?rest_route=\/wp\/v2\/pages\/295"}],"wp:attachment":[{"href":"http:\/\/www.presstourism.ch\/index.php?rest_route=%2Fwp%2Fv2%2Fmedia&parent=6727"}],"curies":[{"name":"wp","href":"https:\/\/api.w.org\/{rel}","templated":true}]}}