{"id":6688,"date":"2020-05-06T14:06:48","date_gmt":"2020-05-06T13:06:48","guid":{"rendered":"http:\/\/www.presstourism.ch\/WP_ALEX\/?page_id=6688"},"modified":"2020-05-06T14:07:39","modified_gmt":"2020-05-06T13:07:39","slug":"le-chapeau-de-panama-un-couvre-chef-de-legende","status":"publish","type":"page","link":"http:\/\/www.presstourism.ch\/?page_id=6688","title":{"rendered":"Le chapeau de Panama, un couvre-chef de l\u00e9gende"},"content":{"rendered":"\n<figure class=\"wp-block-image size-large\"><img loading=\"lazy\" width=\"1117\" height=\"545\" src=\"https:\/\/i2.wp.com\/www.presstourism.ch\/WP_ALEX\/wp-content\/uploads\/2020\/05\/482-Le-R\u00e9gional-Chapeau-de-Panama-Equateur.jpg?fit=640%2C313\" alt=\"\" class=\"wp-image-6689\" srcset=\"https:\/\/i2.wp.com\/www.presstourism.ch\/wp-content\/uploads\/2020\/05\/482-Le-R\u00e9gional-Chapeau-de-Panama-Equateur.jpg?w=1117 1117w, https:\/\/i2.wp.com\/www.presstourism.ch\/wp-content\/uploads\/2020\/05\/482-Le-R\u00e9gional-Chapeau-de-Panama-Equateur.jpg?resize=300%2C146 300w, https:\/\/i2.wp.com\/www.presstourism.ch\/wp-content\/uploads\/2020\/05\/482-Le-R\u00e9gional-Chapeau-de-Panama-Equateur.jpg?resize=1024%2C500 1024w, https:\/\/i2.wp.com\/www.presstourism.ch\/wp-content\/uploads\/2020\/05\/482-Le-R\u00e9gional-Chapeau-de-Panama-Equateur.jpg?resize=768%2C375 768w, https:\/\/i2.wp.com\/www.presstourism.ch\/wp-content\/uploads\/2020\/05\/482-Le-R\u00e9gional-Chapeau-de-Panama-Equateur.jpg?resize=600%2C293 600w\" sizes=\"(max-width: 584px) 100vw, 584px\" \/><\/figure>\n\n\n\n<p>Equateur. Quel point commun relie Napol\u00e9on en exil \u00e0 Sainte H\u00e9l\u00e8ne,&nbsp;Winston Churchill, Marcello Mastroianni, Sophia Loren et Jean Gabin ?&nbsp;Un couvre-chef ! Le chapeau de Panama. Ringard, le chapeau de Panama ?&nbsp;Sans rival, m\u00eame si la&nbsp;Chine tente une perc\u00e9e, l\u2019entreprise Homero Ortega, \u00e0 elle seule,&nbsp;en produit 200\u2019000 annuellement&nbsp;qu\u2019elle exp\u00e9die dans le monde entier. En Equateur, 50\u2019000 personnes&nbsp;vivent aujourd\u2019hui de ce&nbsp;commerce s\u00e9culaire.<\/p>\n\n\n\n<div class=\"wp-block-file\"><a href=\"http:\/\/www.presstourism.ch\/WP_ALEX\/wp-content\/uploads\/2020\/05\/482-Le-R\u00e9gional-Chapeau-de-Panama-Equateur.pdf\">482-Le-R\u00e9gional-Chapeau-de-Panama-Equateur<\/a><a href=\"http:\/\/www.presstourism.ch\/WP_ALEX\/wp-content\/uploads\/2020\/05\/482-Le-R\u00e9gional-Chapeau-de-Panama-Equateur.pdf\" class=\"wp-block-file__button\" download>T\u00e9l\u00e9charger<\/a><\/div>\n","protected":false},"excerpt":{"rendered":"<p>Equateur. Quel point commun relie Napol\u00e9on en exil \u00e0 Sainte H\u00e9l\u00e8ne,&nbsp;Winston Churchill, Marcello Mastroianni, Sophia Loren et Jean Gabin ?&nbsp;Un couvre-chef ! Le chapeau de Panama. Ringard, le chapeau de Panama ?&nbsp;Sans rival, m\u00eame si la&nbsp;Chine tente une perc\u00e9e, l\u2019entreprise &hellip; <a href=\"http:\/\/www.presstourism.ch\/?page_id=6688\">Continuer la lecture <span class=\"meta-nav\">&rarr;<\/span><\/a><\/p>\n","protected":false},"author":1,"featured_media":0,"parent":403,"menu_order":0,"comment_status":"closed","ping_status":"closed","template":"","meta":{"ngg_post_thumbnail":0,"spay_email":""},"jetpack_sharing_enabled":true,"jetpack_shortlink":"https:\/\/wp.me\/P468TV-1JS","_links":{"self":[{"href":"http:\/\/www.presstourism.ch\/index.php?rest_route=\/wp\/v2\/pages\/6688"}],"collection":[{"href":"http:\/\/www.presstourism.ch\/index.php?rest_route=\/wp\/v2\/pages"}],"about":[{"href":"http:\/\/www.presstourism.ch\/index.php?rest_route=\/wp\/v2\/types\/page"}],"author":[{"embeddable":true,"href":"http:\/\/www.presstourism.ch\/index.php?rest_route=\/wp\/v2\/users\/1"}],"replies":[{"embeddable":true,"href":"http:\/\/www.presstourism.ch\/index.php?rest_route=%2Fwp%2Fv2%2Fcomments&post=6688"}],"version-history":[{"count":1,"href":"http:\/\/www.presstourism.ch\/index.php?rest_route=\/wp\/v2\/pages\/6688\/revisions"}],"predecessor-version":[{"id":6691,"href":"http:\/\/www.presstourism.ch\/index.php?rest_route=\/wp\/v2\/pages\/6688\/revisions\/6691"}],"up":[{"embeddable":true,"href":"http:\/\/www.presstourism.ch\/index.php?rest_route=\/wp\/v2\/pages\/403"}],"wp:attachment":[{"href":"http:\/\/www.presstourism.ch\/index.php?rest_route=%2Fwp%2Fv2%2Fmedia&parent=6688"}],"curies":[{"name":"wp","href":"https:\/\/api.w.org\/{rel}","templated":true}]}}