{"id":6663,"date":"2020-05-05T10:30:36","date_gmt":"2020-05-05T09:30:36","guid":{"rendered":"http:\/\/www.presstourism.ch\/WP_ALEX\/?page_id=6663"},"modified":"2020-05-05T10:30:37","modified_gmt":"2020-05-05T09:30:37","slug":"le-sud-est-asiatique-en-orient-express","status":"publish","type":"page","link":"http:\/\/www.presstourism.ch\/?page_id=6663","title":{"rendered":"Le Sud-Est asiatique en Orient-Express"},"content":{"rendered":"\n<figure class=\"wp-block-image size-large\"><img loading=\"lazy\" width=\"584\" height=\"438\" src=\"https:\/\/i1.wp.com\/www.presstourism.ch\/WP_ALEX\/wp-content\/uploads\/2020\/05\/1.-Le-personnel-daccueil-s\u00e9quence-tapis-rouge-pour-les-voyageurs-c-GAD-Largeur-max.-2400-Hauteur-max.-1800-Largeur-max.-1024-Hauteur-max.-768.jpg?resize=584%2C438\" alt=\"\" class=\"wp-image-6664\" srcset=\"https:\/\/i1.wp.com\/www.presstourism.ch\/wp-content\/uploads\/2020\/05\/1.-Le-personnel-daccueil-s\u00e9quence-tapis-rouge-pour-les-voyageurs-c-GAD-Largeur-max.-2400-Hauteur-max.-1800-Largeur-max.-1024-Hauteur-max.-768.jpg?w=1024 1024w, https:\/\/i1.wp.com\/www.presstourism.ch\/wp-content\/uploads\/2020\/05\/1.-Le-personnel-daccueil-s\u00e9quence-tapis-rouge-pour-les-voyageurs-c-GAD-Largeur-max.-2400-Hauteur-max.-1800-Largeur-max.-1024-Hauteur-max.-768.jpg?resize=300%2C225 300w, https:\/\/i1.wp.com\/www.presstourism.ch\/wp-content\/uploads\/2020\/05\/1.-Le-personnel-daccueil-s\u00e9quence-tapis-rouge-pour-les-voyageurs-c-GAD-Largeur-max.-2400-Hauteur-max.-1800-Largeur-max.-1024-Hauteur-max.-768.jpg?resize=768%2C576 768w, https:\/\/i1.wp.com\/www.presstourism.ch\/wp-content\/uploads\/2020\/05\/1.-Le-personnel-daccueil-s\u00e9quence-tapis-rouge-pour-les-voyageurs-c-GAD-Largeur-max.-2400-Hauteur-max.-1800-Largeur-max.-1024-Hauteur-max.-768.jpg?resize=600%2C450 600w\" sizes=\"(max-width: 584px) 100vw, 584px\" data-recalc-dims=\"1\" \/><\/figure>\n\n\n\n<p><strong>Une aventure romantique<\/strong><\/p>\n\n\n\n<p>De Singapour \u00e0 Bangkok, le train franchit les fronti\u00e8res de la Malaisie et de la Tha\u00eflande longeant les eaux myst\u00e9rieuses des Mers de Chine et d\u2019Andaman ainsi que les terres \u00e2pres de Birmanie. <em>L\u2019Orient-Express<\/em> caresse les c\u00f4tes du Golfe de Tha\u00eflande et s\u2019enfonce au c\u0153ur de l\u2019Asie en autant d\u2019arr\u00eats exotiques qui racontent une \u00e9pop\u00e9e teint\u00e9e de nostalgie.\u00a0 Une plong\u00e9e dans le temps. Avec luxe et harmonie. <\/p>\n\n\n\n<p class=\"has-text-align-right\"><em>Georgika \u00a0Aeby-Demeter<\/em><\/p>\n\n\n\n<p>Sur les ailes de Singapour Airlines, le passager est d\u2019embl\u00e9e projet\u00e9 dans ce raffinement \u00e0 l\u2019asiatique fait de gr\u00e2ce et de sourires. L\u2019efficacit\u00e9 en plus. Point de d\u00e9part de ce voyage dans le souvenir, Singapour fascine par son modernisme, son dynamisme \u00e9conomique et son ouverture.<\/p>\n\n\n\n<p><strong>En voiture<\/strong><\/p>\n\n\n\n<figure class=\"wp-block-image size-large\"><img loading=\"lazy\" width=\"584\" height=\"438\" src=\"https:\/\/i0.wp.com\/www.presstourism.ch\/WP_ALEX\/wp-content\/uploads\/2020\/05\/2.-En-voiture-pour-une-travers\u00e9e-mythique-sur-lOrient-Express-c-GAD-Largeur-max.-2400-Hauteur-max.-1800-Largeur-max.-1024-Hauteur-max.-768.jpg?resize=584%2C438\" alt=\"\" class=\"wp-image-6665\" srcset=\"https:\/\/i2.wp.com\/www.presstourism.ch\/wp-content\/uploads\/2020\/05\/2.-En-voiture-pour-une-travers\u00e9e-mythique-sur-lOrient-Express-c-GAD-Largeur-max.-2400-Hauteur-max.-1800-Largeur-max.-1024-Hauteur-max.-768.jpg?w=1024 1024w, https:\/\/i2.wp.com\/www.presstourism.ch\/wp-content\/uploads\/2020\/05\/2.-En-voiture-pour-une-travers\u00e9e-mythique-sur-lOrient-Express-c-GAD-Largeur-max.-2400-Hauteur-max.-1800-Largeur-max.-1024-Hauteur-max.-768.jpg?resize=300%2C225 300w, https:\/\/i2.wp.com\/www.presstourism.ch\/wp-content\/uploads\/2020\/05\/2.-En-voiture-pour-une-travers\u00e9e-mythique-sur-lOrient-Express-c-GAD-Largeur-max.-2400-Hauteur-max.-1800-Largeur-max.-1024-Hauteur-max.-768.jpg?resize=768%2C576 768w, https:\/\/i2.wp.com\/www.presstourism.ch\/wp-content\/uploads\/2020\/05\/2.-En-voiture-pour-une-travers\u00e9e-mythique-sur-lOrient-Express-c-GAD-Largeur-max.-2400-Hauteur-max.-1800-Largeur-max.-1024-Hauteur-max.-768.jpg?resize=600%2C450 600w\" sizes=\"(max-width: 584px) 100vw, 584px\" data-recalc-dims=\"1\" \/><\/figure>\n\n\n\n<p>Recr\u00e9ant, en trois jours et deux nuits, la magie d\u2019un monde disparu, <em>l\u2019Orient-Express<\/em> accomplit, aujourd\u2019hui, le m\u00eame trajet mythique de Singapour \u00e0 Bangkok que celui inaugur\u00e9 &nbsp;en 1933. Parcourant des paysages fascinants, le convoi fait halte \u00e0 Penang et sur la Rivi\u00e8re Kwai\u2026 Connue sous le nom <em>d\u2019Eastern &amp; Oriental Express<\/em>, desservie conjointement par les compagnies nationales des Chemins de Fer de Malaisie (KTM) et de Tha\u00eflande (SRI), la ligne p\u00e9n\u00e8tre les territoires du sud-est asiatique. C\u00f4toyant des villages, traversant d\u2019immenses espaces, le train s\u2019enfonce dans une v\u00e9g\u00e9tation dense et vari\u00e9e. Roulant sur des trac\u00e9s pittoresques, il rythme une nouvelle dimension du temps, celle de la nostalgie et de l\u2019\u00e9motion.<\/p>\n\n\n\n<figure class=\"wp-block-image size-large\"><img loading=\"lazy\" width=\"576\" height=\"768\" src=\"https:\/\/i1.wp.com\/www.presstourism.ch\/WP_ALEX\/wp-content\/uploads\/2020\/05\/3.-Les-attentions-de-bienvenue-accueillent-les-passagers-en-cabine-c-GAD-Largeur-max.-2400-Hauteur-max.-1800-Largeur-max.-1024-Hauteur-max.-768.jpg?resize=576%2C768\" alt=\"\" class=\"wp-image-6666\" srcset=\"https:\/\/i1.wp.com\/www.presstourism.ch\/wp-content\/uploads\/2020\/05\/3.-Les-attentions-de-bienvenue-accueillent-les-passagers-en-cabine-c-GAD-Largeur-max.-2400-Hauteur-max.-1800-Largeur-max.-1024-Hauteur-max.-768.jpg?w=576 576w, https:\/\/i1.wp.com\/www.presstourism.ch\/wp-content\/uploads\/2020\/05\/3.-Les-attentions-de-bienvenue-accueillent-les-passagers-en-cabine-c-GAD-Largeur-max.-2400-Hauteur-max.-1800-Largeur-max.-1024-Hauteur-max.-768.jpg?resize=225%2C300 225w\" sizes=\"(max-width: 576px) 100vw, 576px\" data-recalc-dims=\"1\" \/><\/figure>\n\n\n\n<p>Le d\u00e9part en <em>Orient-Express <\/em>pr\u00e9sente toujours un moment solennel. Apr\u00e8s un accueil et une prise en charge tapis rouge \u00e0 la gare de Singapour, l\u2019embarquement \u00e0 bord de <em>l\u2019Eastern &amp; Oriental Express <\/em>se fait en fin de matin\u00e9e. Destination, le d\u00e9troit de Johor permettant de remonter la p\u00e9ninsule malaise en direction de Kuala Lumpur, capitale de la Malaisie. Lien vital avec Singapour, le passage de Johor permet un trafic important entre les deux pays par voie terrestre, ferroviaire et maritime. En route, longeant les voies ferr\u00e9es, le train d\u00e9passe des plantations de palmiers et d\u2019h\u00e9v\u00e9as \u00e0 perte de vue. Au loin, t\u00e9moignages de la vie rurale, se devinent de pittoresques maisons en bois construites sur pilotis\u2026 A 396 Km de Singapour, le train fait un bref arr\u00eat \u00e0 l\u2019ancienne gare centrale de Kuala Lumpur avant d\u2019annoncer l\u2019heure du d\u00eener !<\/p>\n\n\n\n<figure class=\"wp-block-image size-large\"><img loading=\"lazy\" width=\"576\" height=\"768\" src=\"https:\/\/i2.wp.com\/www.presstourism.ch\/WP_ALEX\/wp-content\/uploads\/2020\/05\/4.-Orient-Express-Voiture-salon-bar-c-GAD-Largeur-max.-2400-Hauteur-max.-1800-Largeur-max.-1024-Hauteur-max.-768.jpg?resize=576%2C768\" alt=\"\" class=\"wp-image-6667\" srcset=\"https:\/\/i1.wp.com\/www.presstourism.ch\/wp-content\/uploads\/2020\/05\/4.-Orient-Express-Voiture-salon-bar-c-GAD-Largeur-max.-2400-Hauteur-max.-1800-Largeur-max.-1024-Hauteur-max.-768.jpg?w=576 576w, https:\/\/i1.wp.com\/www.presstourism.ch\/wp-content\/uploads\/2020\/05\/4.-Orient-Express-Voiture-salon-bar-c-GAD-Largeur-max.-2400-Hauteur-max.-1800-Largeur-max.-1024-Hauteur-max.-768.jpg?resize=225%2C300 225w\" sizes=\"(max-width: 576px) 100vw, 576px\" data-recalc-dims=\"1\" \/><\/figure>\n\n\n\n<p>Le matin, arr\u00eat en gare de Butterworth. D\u00e9sormais rattach\u00e9e au continent, l\u2019\u00eele de Penang est accessible par la route et Georgetown, sa capitale se visite en cyclopousse. Sc\u00e8nes color\u00e9es et animation assur\u00e9es ! L\u2019\u00eele pr\u00e9f\u00e9r\u00e9e de l\u2019\u00e9crivain fran\u00e7ais Romain Gary est tr\u00e8s recherch\u00e9e pour ses plages de sable fin et, en d\u00e9pit de quelques gratte-ciels, garde un charme surann\u00e9 avec d\u2019authentiques quartiers indiens, chinois et malais\u2026 Le train repart pour le d\u00e9jeuner et roule tra\u00e7ant une voie parall\u00e8le au golfe de Tha\u00eflande. Ici, le territoire ici se r\u00e9tr\u00e9cit, se faufilant entre les fronti\u00e8res du Myanmar (Birmanie), <em>l\u2019Orient-Express<\/em> arrive en Tha\u00eflande.<\/p>\n\n\n\n<figure class=\"wp-block-image size-large\"><img loading=\"lazy\" width=\"576\" height=\"768\" src=\"https:\/\/i1.wp.com\/www.presstourism.ch\/WP_ALEX\/wp-content\/uploads\/2020\/05\/5.-Vue-sur-le-Salon-bar-et-sa-d\u00e9coration-sign\u00e9e-Lalique-c-GAD-Largeur-max.-2400-Hauteur-max.-1800-Largeur-max.-1024-Hauteur-max.-768.jpg?resize=576%2C768\" alt=\"\" class=\"wp-image-6668\" srcset=\"https:\/\/i2.wp.com\/www.presstourism.ch\/wp-content\/uploads\/2020\/05\/5.-Vue-sur-le-Salon-bar-et-sa-d\u00e9coration-sign\u00e9e-Lalique-c-GAD-Largeur-max.-2400-Hauteur-max.-1800-Largeur-max.-1024-Hauteur-max.-768.jpg?w=576 576w, https:\/\/i2.wp.com\/www.presstourism.ch\/wp-content\/uploads\/2020\/05\/5.-Vue-sur-le-Salon-bar-et-sa-d\u00e9coration-sign\u00e9e-Lalique-c-GAD-Largeur-max.-2400-Hauteur-max.-1800-Largeur-max.-1024-Hauteur-max.-768.jpg?resize=225%2C300 225w\" sizes=\"(max-width: 576px) 100vw, 576px\" data-recalc-dims=\"1\" \/><\/figure>\n\n\n\n<p>L\u2019arr\u00eat \u00e0 la gare de Kanchanaburi est fait de promesses. Il m\u00e8ne \u00e0 la d\u00e9couverte du Pont de la Rivi\u00e8re Kwa\u00ef rendu c\u00e9l\u00e8bre par le film am\u00e9ricain du m\u00eame nom. R\u00e9alis\u00e9 d\u2019apr\u00e8s le roman de Pierre Boule, il fut plusieurs fois oscaris\u00e9. Un ouvrage empreint de douloureux souvenirs historiques. Construit par des prisonniers, pratiquement \u00e0 mains nues, en juste 12 mois, il a co\u00fbt\u00e9 la vie \u00e0 130 000 hommes ! Objet de tous les enjeux de la guerre avec le Japon, en 1942, le pont devait permettre le passage \u00e0 travers la jungle du Tha\u00efland-Burma Railway sur une voie de chemin de fer de 415km ! Passer sous le pont en bateau et naviguer sur la rivi\u00e8re est une v\u00e9ritable s\u00e9quence \u00e9motion\u2026 L\u2019ultime \u00e9tape de <em>l\u2019Orient-Express<\/em> pour ce voyage d\u2019exception est Bangkok. La transition se fait en \u00a0douceur et le r\u00eave peut continuer\u2026<\/p>\n\n\n\n<p><strong>Comme jadis<\/strong><\/p>\n\n\n\n<figure class=\"wp-block-image size-large\"><img loading=\"lazy\" width=\"584\" height=\"438\" src=\"https:\/\/i2.wp.com\/www.presstourism.ch\/WP_ALEX\/wp-content\/uploads\/2020\/05\/7.-Sur-un-\u00e9troit-passage-le-train-s\u2019enfonce-dans-une-v\u00e9g\u00e9tation-dense-et-vari\u00e9e-c-GAD-Largeur-max.-2400-Hauteur-max.-1800-Largeur-max.-1024-Hauteur-max.-768.jpg?resize=584%2C438\" alt=\"\" class=\"wp-image-6669\" srcset=\"https:\/\/i1.wp.com\/www.presstourism.ch\/wp-content\/uploads\/2020\/05\/7.-Sur-un-\u00e9troit-passage-le-train-s\u2019enfonce-dans-une-v\u00e9g\u00e9tation-dense-et-vari\u00e9e-c-GAD-Largeur-max.-2400-Hauteur-max.-1800-Largeur-max.-1024-Hauteur-max.-768.jpg?w=1024 1024w, https:\/\/i1.wp.com\/www.presstourism.ch\/wp-content\/uploads\/2020\/05\/7.-Sur-un-\u00e9troit-passage-le-train-s\u2019enfonce-dans-une-v\u00e9g\u00e9tation-dense-et-vari\u00e9e-c-GAD-Largeur-max.-2400-Hauteur-max.-1800-Largeur-max.-1024-Hauteur-max.-768.jpg?resize=300%2C225 300w, https:\/\/i1.wp.com\/www.presstourism.ch\/wp-content\/uploads\/2020\/05\/7.-Sur-un-\u00e9troit-passage-le-train-s\u2019enfonce-dans-une-v\u00e9g\u00e9tation-dense-et-vari\u00e9e-c-GAD-Largeur-max.-2400-Hauteur-max.-1800-Largeur-max.-1024-Hauteur-max.-768.jpg?resize=768%2C576 768w, https:\/\/i1.wp.com\/www.presstourism.ch\/wp-content\/uploads\/2020\/05\/7.-Sur-un-\u00e9troit-passage-le-train-s\u2019enfonce-dans-une-v\u00e9g\u00e9tation-dense-et-vari\u00e9e-c-GAD-Largeur-max.-2400-Hauteur-max.-1800-Largeur-max.-1024-Hauteur-max.-768.jpg?resize=600%2C450 600w\" sizes=\"(max-width: 584px) 100vw, 584px\" data-recalc-dims=\"1\" \/><\/figure>\n\n\n\n<p>Enti\u00e8rement refaits, les wagons de <em>l\u2019Eastern &amp; Oriental Express<\/em>, offrent un confort sophistiqu\u00e9 et luxueux. Pas moins de 24 wagons ont \u00e9t\u00e9 minutieusement transform\u00e9s dans les chantiers et les ateliers de Singapour, Malaisie et Tha\u00eflande. Revus par des ma\u00eetres artisans travaillant les bois pr\u00e9cieux, teck, cerisier, bois de rose\u2026 tissant les &nbsp;soies les plus nobles, ciselant le verre et le m\u00e9tal, les d\u00e9cors rappellent l\u2019opulence des palaces du d\u00e9but du XXe si\u00e8cle avec des touches d\u2019exotisme et un subtil parfum d\u2019Orient \u2026 Les compartiments, cossus et confortables, sont &nbsp;install\u00e9s dans cet esprit particulier des grands voyages d\u2019antan. Tout est transformable, les am\u00e9nagements se faisant discr\u00e8tement, au gr\u00e9 des heures, par un majordome attitr\u00e9 au service du passager pour toute la dur\u00e9e du voyage !<\/p>\n\n\n\n<figure class=\"wp-block-image size-large\"><img loading=\"lazy\" width=\"584\" height=\"438\" src=\"https:\/\/i2.wp.com\/www.presstourism.ch\/WP_ALEX\/wp-content\/uploads\/2020\/05\/8.-Passage-du-mythique-train-sur-limposant-pont-enjambant-la-rivi\u00e8re-Kw\u00e4i-Train-River-c-GAD-Largeur-max.-2400-Hauteur-max.-1800-Largeur-max.-1024-Hauteur-max.-768.jpg?resize=584%2C438\" alt=\"\" class=\"wp-image-6670\" srcset=\"https:\/\/i1.wp.com\/www.presstourism.ch\/wp-content\/uploads\/2020\/05\/8.-Passage-du-mythique-train-sur-limposant-pont-enjambant-la-rivi\u00e8re-Kw\u00e4i-Train-River-c-GAD-Largeur-max.-2400-Hauteur-max.-1800-Largeur-max.-1024-Hauteur-max.-768.jpg?w=1024 1024w, https:\/\/i1.wp.com\/www.presstourism.ch\/wp-content\/uploads\/2020\/05\/8.-Passage-du-mythique-train-sur-limposant-pont-enjambant-la-rivi\u00e8re-Kw\u00e4i-Train-River-c-GAD-Largeur-max.-2400-Hauteur-max.-1800-Largeur-max.-1024-Hauteur-max.-768.jpg?resize=300%2C225 300w, https:\/\/i1.wp.com\/www.presstourism.ch\/wp-content\/uploads\/2020\/05\/8.-Passage-du-mythique-train-sur-limposant-pont-enjambant-la-rivi\u00e8re-Kw\u00e4i-Train-River-c-GAD-Largeur-max.-2400-Hauteur-max.-1800-Largeur-max.-1024-Hauteur-max.-768.jpg?resize=768%2C576 768w, https:\/\/i1.wp.com\/www.presstourism.ch\/wp-content\/uploads\/2020\/05\/8.-Passage-du-mythique-train-sur-limposant-pont-enjambant-la-rivi\u00e8re-Kw\u00e4i-Train-River-c-GAD-Largeur-max.-2400-Hauteur-max.-1800-Largeur-max.-1024-Hauteur-max.-768.jpg?resize=600%2C450 600w\" sizes=\"(max-width: 584px) 100vw, 584px\" data-recalc-dims=\"1\" \/><\/figure>\n\n\n\n<p>Outre la voiture observatoire o\u00f9 se croisent les passagers, le point de rencontre privil\u00e9gi\u00e9, le c\u0153ur du train, &nbsp;reste le wagon-bar ouvert d\u00e8s 09h00. Tr\u00e8s appr\u00e9ci\u00e9, il est fr\u00e9quent\u00e9 jusqu\u2019\u00e0 tard dans la nuit pour une suite de cocktails et boissons exotiques&#8230; de causeries passionn\u00e9es ou d\u2019apart\u00e9s romantiques\u2026 Le soir on s\u2019habille<em> smart<\/em>, robe longue et smoking font &nbsp;ici quelques apparitions <em>So British<\/em>. Un pianiste \u00e9gr\u00e8ne des m\u00e9lodies, tandis qu\u2019\u00e0 certaines heures, un astrologue et une diseuse de bonne aventure viennent r\u00e9v\u00e9ler, avenir, bonheur et chance.&nbsp;<\/p>\n\n\n\n<figure class=\"wp-block-image size-large\"><img loading=\"lazy\" width=\"576\" height=\"768\" src=\"https:\/\/i1.wp.com\/www.presstourism.ch\/WP_ALEX\/wp-content\/uploads\/2020\/05\/13.-El\u00e9phants-et-coolies-en-attente-des-passagers-de-lOrient-Express-c-GAD-Largeur-max.-2400-Hauteur-max.-1800-Largeur-max.-1024-Hauteur-max.-768.jpg?resize=576%2C768\" alt=\"\" class=\"wp-image-6676\" srcset=\"https:\/\/i1.wp.com\/www.presstourism.ch\/wp-content\/uploads\/2020\/05\/13.-El\u00e9phants-et-coolies-en-attente-des-passagers-de-lOrient-Express-c-GAD-Largeur-max.-2400-Hauteur-max.-1800-Largeur-max.-1024-Hauteur-max.-768.jpg?w=576 576w, https:\/\/i1.wp.com\/www.presstourism.ch\/wp-content\/uploads\/2020\/05\/13.-El\u00e9phants-et-coolies-en-attente-des-passagers-de-lOrient-Express-c-GAD-Largeur-max.-2400-Hauteur-max.-1800-Largeur-max.-1024-Hauteur-max.-768.jpg?resize=225%2C300 225w\" sizes=\"(max-width: 576px) 100vw, 576px\" data-recalc-dims=\"1\" \/><\/figure>\n\n\n\n<p>L e point d\u2019orgue de l\u2019espace convivial est constitu\u00e9 par les wagons-restaurants o\u00f9, sur r\u00e9servation, deux services sont propos\u00e9s. Au menu, les mets les plus fins et les vins les plus capiteux s\u00e9duisent le palais : foie gras, confit de canard, m\u00e9daillon de b\u0153uf\u2026 mais encore des plats exotiques aux parfums de gingembre, de citronnelle\u2026 Ils sont accompagn\u00e9s de grands crus de Bordeaux ou de Bourgogne et, pour varier le plaisir, de petites merveilles du Nouveau Monde. Une autre voiture-salon propose un coin lecture et une boutique o\u00f9, sp\u00e9cialement cr\u00e9\u00e9s pour <em>l\u2019Orient-Express<\/em>, de tr\u00e8s belles collections d\u2019objets, r\u00e9pliques d\u2019anciens, sont en vente.<\/p>\n\n\n\n<p><strong>Jouer les prolongations<\/strong><\/p>\n\n\n\n<figure class=\"wp-block-image size-large\"><img loading=\"lazy\" width=\"584\" height=\"438\" src=\"https:\/\/i0.wp.com\/www.presstourism.ch\/WP_ALEX\/wp-content\/uploads\/2020\/05\/11.-Le-restaurant-typique-sur-la-rivi\u00e8re-Kwa\u00ef-qui-accueille-les-voyageurs-de-lOrient-Express-c-GAD-Largeur-max.-2400-Hauteur-max.-1800-Largeur-max.-1024-Hauteur-max.-768.jpg?resize=584%2C438\" alt=\"\" class=\"wp-image-6673\" srcset=\"https:\/\/i2.wp.com\/www.presstourism.ch\/wp-content\/uploads\/2020\/05\/11.-Le-restaurant-typique-sur-la-rivi\u00e8re-Kwa\u00ef-qui-accueille-les-voyageurs-de-lOrient-Express-c-GAD-Largeur-max.-2400-Hauteur-max.-1800-Largeur-max.-1024-Hauteur-max.-768.jpg?w=1024 1024w, https:\/\/i2.wp.com\/www.presstourism.ch\/wp-content\/uploads\/2020\/05\/11.-Le-restaurant-typique-sur-la-rivi\u00e8re-Kwa\u00ef-qui-accueille-les-voyageurs-de-lOrient-Express-c-GAD-Largeur-max.-2400-Hauteur-max.-1800-Largeur-max.-1024-Hauteur-max.-768.jpg?resize=300%2C225 300w, https:\/\/i2.wp.com\/www.presstourism.ch\/wp-content\/uploads\/2020\/05\/11.-Le-restaurant-typique-sur-la-rivi\u00e8re-Kwa\u00ef-qui-accueille-les-voyageurs-de-lOrient-Express-c-GAD-Largeur-max.-2400-Hauteur-max.-1800-Largeur-max.-1024-Hauteur-max.-768.jpg?resize=768%2C576 768w, https:\/\/i2.wp.com\/www.presstourism.ch\/wp-content\/uploads\/2020\/05\/11.-Le-restaurant-typique-sur-la-rivi\u00e8re-Kwa\u00ef-qui-accueille-les-voyageurs-de-lOrient-Express-c-GAD-Largeur-max.-2400-Hauteur-max.-1800-Largeur-max.-1024-Hauteur-max.-768.jpg?resize=600%2C450 600w\" sizes=\"(max-width: 584px) 100vw, 584px\" data-recalc-dims=\"1\" \/><\/figure>\n\n\n\n<p>Sur la Rivi\u00e8re Chao Phraya, une institution&nbsp;vous attend, le Bangkok Peninsula. Proche des principaux centres d\u2019affaires et de loisirs, l\u2019H\u00f4tel se positionne ici comme le haut lieu de l\u2019h\u00e9bergement de luxe. Son exceptionnel Centre Spa et Fitness en fait une parfaite destination <em>wellness<\/em> ! Pas moins de 14 salles de soins, 4 suites priv\u00e9es, des salons de relaxations, des aires de repos\u2026 Une v\u00e9ritable oasis de bien-\u00eatre proposant une ligne de traitements raffin\u00e9s, inspir\u00e9s de l\u2019Europe et d\u2019Asie, couronn\u00e9e de philosophie ayurv\u00e9dique, de recherche holistique.<\/p>\n\n\n\n<figure class=\"wp-block-image size-large\"><img loading=\"lazy\" width=\"576\" height=\"768\" src=\"https:\/\/i2.wp.com\/www.presstourism.ch\/WP_ALEX\/wp-content\/uploads\/2020\/05\/12.-D\u00e9part-vers-le-village-de-\u00e9l\u00e9phants-c-GAD-Largeur-max.-2400-Hauteur-max.-1800-Largeur-max.-1024-Hauteur-max.-768.jpg?resize=576%2C768\" alt=\"\" class=\"wp-image-6674\" srcset=\"https:\/\/i1.wp.com\/www.presstourism.ch\/wp-content\/uploads\/2020\/05\/12.-D\u00e9part-vers-le-village-de-\u00e9l\u00e9phants-c-GAD-Largeur-max.-2400-Hauteur-max.-1800-Largeur-max.-1024-Hauteur-max.-768.jpg?w=576 576w, https:\/\/i1.wp.com\/www.presstourism.ch\/wp-content\/uploads\/2020\/05\/12.-D\u00e9part-vers-le-village-de-\u00e9l\u00e9phants-c-GAD-Largeur-max.-2400-Hauteur-max.-1800-Largeur-max.-1024-Hauteur-max.-768.jpg?resize=225%2C300 225w\" sizes=\"(max-width: 576px) 100vw, 576px\" data-recalc-dims=\"1\" \/><\/figure>\n\n\n\n<p>Energie, tranquillit\u00e9, \u00e9quilibre sont les ma\u00eetres mots de l\u2019exp\u00e9rience. La beaut\u00e9 des lieux, quant \u00e0 elle, est remarquable. Piscine ext\u00e9rieure et jacuzzi compl\u00e8tent l\u2019installation. Au chapitre de la gourmandise, l\u2019offre est ample et superbement mitonn\u00e9e : \u00e0 ne pas manquer, install\u00e9 sous les arbres dans les jardins du Peninsula, Thiptara, le restaurant tha\u00ef. Saveurs et d\u00e9lices assur\u00e9s, comme \u00e0 bord de l\u2019Orient-Express\u2026 <\/p>\n\n\n\n<p class=\"has-text-align-right\">G.A.-D. <em>Exclusif Magazine<\/em><\/p>\n\n\n\n<figure class=\"wp-block-image size-large\"><img loading=\"lazy\" width=\"576\" height=\"768\" src=\"https:\/\/i2.wp.com\/www.presstourism.ch\/WP_ALEX\/wp-content\/uploads\/2020\/05\/6.-Exclusif-Magazine-a-particip\u00e9-\u00e0-cet-incroyable-voyage-c-GAD-Largeur-max.-2400-Hauteur-max.-1800-Largeur-max.-1024-Hauteur-max.-768.jpg?resize=576%2C768\" alt=\"\" class=\"wp-image-6675\" srcset=\"https:\/\/i0.wp.com\/www.presstourism.ch\/wp-content\/uploads\/2020\/05\/6.-Exclusif-Magazine-a-particip\u00e9-\u00e0-cet-incroyable-voyage-c-GAD-Largeur-max.-2400-Hauteur-max.-1800-Largeur-max.-1024-Hauteur-max.-768.jpg?w=576 576w, https:\/\/i0.wp.com\/www.presstourism.ch\/wp-content\/uploads\/2020\/05\/6.-Exclusif-Magazine-a-particip\u00e9-\u00e0-cet-incroyable-voyage-c-GAD-Largeur-max.-2400-Hauteur-max.-1800-Largeur-max.-1024-Hauteur-max.-768.jpg?resize=225%2C300 225w\" sizes=\"(max-width: 576px) 100vw, 576px\" data-recalc-dims=\"1\" \/><\/figure>\n\n\n\n<p><\/p>\n","protected":false},"excerpt":{"rendered":"<p>Une aventure romantique De Singapour \u00e0 Bangkok, le train franchit les fronti\u00e8res de la Malaisie et de la Tha\u00eflande longeant les eaux myst\u00e9rieuses des Mers de Chine et d\u2019Andaman ainsi que les terres \u00e2pres de Birmanie. L\u2019Orient-Express caresse les c\u00f4tes &hellip; <a href=\"http:\/\/www.presstourism.ch\/?page_id=6663\">Continuer la lecture <span class=\"meta-nav\">&rarr;<\/span><\/a><\/p>\n","protected":false},"author":1,"featured_media":0,"parent":2222,"menu_order":0,"comment_status":"closed","ping_status":"closed","template":"","meta":{"ngg_post_thumbnail":0,"spay_email":""},"jetpack_sharing_enabled":true,"jetpack_shortlink":"https:\/\/wp.me\/P468TV-1Jt","_links":{"self":[{"href":"http:\/\/www.presstourism.ch\/index.php?rest_route=\/wp\/v2\/pages\/6663"}],"collection":[{"href":"http:\/\/www.presstourism.ch\/index.php?rest_route=\/wp\/v2\/pages"}],"about":[{"href":"http:\/\/www.presstourism.ch\/index.php?rest_route=\/wp\/v2\/types\/page"}],"author":[{"embeddable":true,"href":"http:\/\/www.presstourism.ch\/index.php?rest_route=\/wp\/v2\/users\/1"}],"replies":[{"embeddable":true,"href":"http:\/\/www.presstourism.ch\/index.php?rest_route=%2Fwp%2Fv2%2Fcomments&post=6663"}],"version-history":[{"count":1,"href":"http:\/\/www.presstourism.ch\/index.php?rest_route=\/wp\/v2\/pages\/6663\/revisions"}],"predecessor-version":[{"id":6677,"href":"http:\/\/www.presstourism.ch\/index.php?rest_route=\/wp\/v2\/pages\/6663\/revisions\/6677"}],"up":[{"embeddable":true,"href":"http:\/\/www.presstourism.ch\/index.php?rest_route=\/wp\/v2\/pages\/2222"}],"wp:attachment":[{"href":"http:\/\/www.presstourism.ch\/index.php?rest_route=%2Fwp%2Fv2%2Fmedia&parent=6663"}],"curies":[{"name":"wp","href":"https:\/\/api.w.org\/{rel}","templated":true}]}}