{"id":6484,"date":"2020-04-04T17:45:29","date_gmt":"2020-04-04T16:45:29","guid":{"rendered":"http:\/\/www.presstourism.ch\/WP_ALEX\/?page_id=6484"},"modified":"2020-04-04T17:45:30","modified_gmt":"2020-04-04T16:45:30","slug":"le-chemin-de-compostelle","status":"publish","type":"page","link":"http:\/\/www.presstourism.ch\/?page_id=6484","title":{"rendered":"Le Chemin de Compostelle"},"content":{"rendered":"\n<figure class=\"wp-block-image size-large\"><img loading=\"lazy\" width=\"1960\" height=\"1422\" src=\"https:\/\/i1.wp.com\/www.presstourism.ch\/WP_ALEX\/wp-content\/uploads\/2020\/04\/E02-Danalet-01a-Verger.jpg?fit=640%2C464\" alt=\"\" class=\"wp-image-6485\" srcset=\"https:\/\/i0.wp.com\/www.presstourism.ch\/wp-content\/uploads\/2020\/04\/E02-Danalet-01a-Verger.jpg?w=1960 1960w, https:\/\/i0.wp.com\/www.presstourism.ch\/wp-content\/uploads\/2020\/04\/E02-Danalet-01a-Verger.jpg?resize=300%2C218 300w, https:\/\/i0.wp.com\/www.presstourism.ch\/wp-content\/uploads\/2020\/04\/E02-Danalet-01a-Verger.jpg?resize=1024%2C743 1024w, https:\/\/i0.wp.com\/www.presstourism.ch\/wp-content\/uploads\/2020\/04\/E02-Danalet-01a-Verger.jpg?resize=768%2C557 768w, https:\/\/i0.wp.com\/www.presstourism.ch\/wp-content\/uploads\/2020\/04\/E02-Danalet-01a-Verger.jpg?resize=600%2C435 600w, https:\/\/i0.wp.com\/www.presstourism.ch\/wp-content\/uploads\/2020\/04\/E02-Danalet-01a-Verger.jpg?resize=1536%2C1114 1536w, https:\/\/i0.wp.com\/www.presstourism.ch\/wp-content\/uploads\/2020\/04\/E02-Danalet-01a-Verger.jpg?resize=1320%2C958 1320w, https:\/\/i0.wp.com\/www.presstourism.ch\/wp-content\/uploads\/2020\/04\/E02-Danalet-01a-Verger.jpg?w=1168 1168w, https:\/\/i0.wp.com\/www.presstourism.ch\/wp-content\/uploads\/2020\/04\/E02-Danalet-01a-Verger.jpg?w=1752 1752w\" sizes=\"(max-width: 584px) 100vw, 584px\" \/><\/figure>\n\n\n\n<p>Avec Jean-Jacques Danalet, ami trop t\u00f4t disparu, et avec notre \u00e2nesse Ana\u00efs, nous avons eu le privil\u00e8ge de parcourir pendant plusieurs semaines le long chemin qui m\u00e8ne du Puy-en-Velay \u00e0 Santiago de Compostela, plus de 1300 kilom\u00e8tres et presque autant de rebondissements. Nous disposions d&rsquo;une petite cam\u00e9ra et ce sont donc ces \u00e9tapes successives que nous vous proposons aujourd&rsquo;hui.<\/p>\n\n\n\n<p class=\"has-text-align-right\">Alex D\u00e9cotte<\/p>\n\n\n\n<ol><li><strong>De Gen\u00e8ve au Puy-en-Velay: marche d&rsquo;approche<\/strong><\/li><\/ol>\n\n\n\n<p>Le chemin de Compostelle est une des plus belles aventures qui se puisse vivre aujourd&rsquo;hui. Surtout en compagnie d&rsquo;une \u00e2nesse et d&rsquo;un po\u00e8te ! Ce premier \u00e9pisode, de Ferney-Voltaire au Puy-en-Velay, nous permet de faire mieux connaissance avec les trois protagonistes et de d\u00e9couvrir les premiers instants de solitude et de r\u00eave.<\/p>\n\n\n\n<figure class=\"wp-block-embed-youtube wp-block-embed is-type-video is-provider-youtube wp-embed-aspect-4-3 wp-has-aspect-ratio\"><div class=\"wp-block-embed__wrapper\">\n<span class=\"embed-youtube\" style=\"text-align:center; display: block;\"><iframe loading=\"lazy\" class=\"youtube-player\" width=\"584\" height=\"329\" src=\"https:\/\/www.youtube.com\/embed\/Y9CpnogwCRw?version=3&#038;rel=1&#038;showsearch=0&#038;showinfo=1&#038;iv_load_policy=1&#038;fs=1&#038;hl=fr-FR&#038;autohide=2&#038;start=10&#038;wmode=transparent\" allowfullscreen=\"true\" style=\"border:0;\" sandbox=\"allow-scripts allow-same-origin allow-popups allow-presentation\"><\/iframe><\/span>\n<\/div><\/figure>\n\n\n\n<p><strong>2. Du Puy-en-Velay \u00e0 Saint-C\u00f4me d&rsquo;Olt<\/strong> avec Jean-Jacques Danalet et l&rsquo;\u00e2nesse Ana\u00efs, un chemin de po\u00e9sie \u00e0 l&rsquo;\u00e9tat pur&#8230;<\/p>\n\n\n\n<figure class=\"wp-block-embed-youtube wp-block-embed is-type-video is-provider-youtube wp-embed-aspect-4-3 wp-has-aspect-ratio\"><div class=\"wp-block-embed__wrapper\">\n<span class=\"embed-youtube\" style=\"text-align:center; display: block;\"><iframe loading=\"lazy\" class=\"youtube-player\" width=\"584\" height=\"329\" src=\"https:\/\/www.youtube.com\/embed\/TRqNtZpvxbk?version=3&#038;rel=1&#038;showsearch=0&#038;showinfo=1&#038;iv_load_policy=1&#038;fs=1&#038;hl=fr-FR&#038;autohide=2&#038;start=11&#038;wmode=transparent\" allowfullscreen=\"true\" style=\"border:0;\" sandbox=\"allow-scripts allow-same-origin allow-popups allow-presentation\"><\/iframe><\/span>\n<\/div><\/figure>\n\n\n\n<p><strong>3. De Saint-C\u00f4me d&rsquo;Olt \u00e0 Saint-Jean-Pied-de-Port<\/strong>, les rencontres se font plus nombreuses, plus denses, plus tendres&#8230;<\/p>\n\n\n\n<figure class=\"wp-block-embed-youtube wp-block-embed is-type-video is-provider-youtube wp-embed-aspect-4-3 wp-has-aspect-ratio\"><div class=\"wp-block-embed__wrapper\">\n<span class=\"embed-youtube\" style=\"text-align:center; display: block;\"><iframe loading=\"lazy\" class=\"youtube-player\" width=\"584\" height=\"329\" src=\"https:\/\/www.youtube.com\/embed\/7gfXyW53E7k?version=3&#038;rel=1&#038;showsearch=0&#038;showinfo=1&#038;iv_load_policy=1&#038;fs=1&#038;hl=fr-FR&#038;autohide=2&#038;start=25&#038;wmode=transparent\" allowfullscreen=\"true\" style=\"border:0;\" sandbox=\"allow-scripts allow-same-origin allow-popups allow-presentation\"><\/iframe><\/span>\n<\/div><\/figure>\n\n\n\n<p><strong>4. Suite du voyage, de Saint-Jean-Pied-de-Port \u00e0 Belorado<\/strong> en passant pas le col de Roncevaux et Puente-la-Reina, une aventure hors du temps, hors du monde, face \u00e0 la nature et \u00e0 l&rsquo;\u00e9ternit\u00e9.<\/p>\n\n\n\n<figure class=\"wp-block-embed-youtube wp-block-embed is-type-video is-provider-youtube wp-embed-aspect-4-3 wp-has-aspect-ratio\"><div class=\"wp-block-embed__wrapper\">\n<span class=\"embed-youtube\" style=\"text-align:center; display: block;\"><iframe loading=\"lazy\" class=\"youtube-player\" width=\"584\" height=\"329\" src=\"https:\/\/www.youtube.com\/embed\/lsPxbk6-npI?version=3&#038;rel=1&#038;showsearch=0&#038;showinfo=1&#038;iv_load_policy=1&#038;fs=1&#038;hl=fr-FR&#038;autohide=2&#038;start=37&#038;wmode=transparent\" allowfullscreen=\"true\" style=\"border:0;\" sandbox=\"allow-scripts allow-same-origin allow-popups allow-presentation\"><\/iframe><\/span>\n<\/div><\/figure>\n\n\n\n<p><strong>5. Du sommet du Cebreiro, on devine d\u00e9j\u00e0 la silhouette de Saint-Jacques de Compostelle.<\/strong> Les derni\u00e8res \u00e9tapes ne manquent pourtant pas d&rsquo;exotisme. A Villafranca del Bierzo, dans son refuge pour p\u00e8lerins, Jato pr\u00eate une attention particuli\u00e8re aux p\u00e8lerines et r\u00e9serve aux ronfleurs un dortoir sp\u00e9cial! Puis vient le moment de gloire: l&rsquo;entr\u00e9e sur la place de Saint-Jacques de Compostelle. L&rsquo;aboutissement d&rsquo;un voyage fait pour r\u00eaver, rencontrer l&rsquo;autre et se trouver soi-m\u00eame.<\/p>\n\n\n\n<figure class=\"wp-block-embed-youtube wp-block-embed is-type-video is-provider-youtube wp-embed-aspect-4-3 wp-has-aspect-ratio\"><div class=\"wp-block-embed__wrapper\">\n<span class=\"embed-youtube\" style=\"text-align:center; display: block;\"><iframe loading=\"lazy\" class=\"youtube-player\" width=\"584\" height=\"329\" src=\"https:\/\/www.youtube.com\/embed\/-EHmTRtBnDQ?version=3&#038;rel=1&#038;showsearch=0&#038;showinfo=1&#038;iv_load_policy=1&#038;fs=1&#038;hl=fr-FR&#038;autohide=2&#038;start=9&#038;wmode=transparent\" allowfullscreen=\"true\" style=\"border:0;\" sandbox=\"allow-scripts allow-same-origin allow-popups allow-presentation\"><\/iframe><\/span>\n<\/div><\/figure>\n\n\n\n<p> <\/p>\n","protected":false},"excerpt":{"rendered":"<p>Avec Jean-Jacques Danalet, ami trop t\u00f4t disparu, et avec notre \u00e2nesse Ana\u00efs, nous avons eu le privil\u00e8ge de parcourir pendant plusieurs semaines le long chemin qui m\u00e8ne du Puy-en-Velay \u00e0 Santiago de Compostela, plus de 1300 kilom\u00e8tres et presque autant &hellip; <a href=\"http:\/\/www.presstourism.ch\/?page_id=6484\">Continuer la lecture <span class=\"meta-nav\">&rarr;<\/span><\/a><\/p>\n","protected":false},"author":1,"featured_media":0,"parent":6480,"menu_order":0,"comment_status":"open","ping_status":"closed","template":"","meta":{"ngg_post_thumbnail":0,"spay_email":""},"jetpack_sharing_enabled":true,"jetpack_shortlink":"https:\/\/wp.me\/P468TV-1GA","_links":{"self":[{"href":"http:\/\/www.presstourism.ch\/index.php?rest_route=\/wp\/v2\/pages\/6484"}],"collection":[{"href":"http:\/\/www.presstourism.ch\/index.php?rest_route=\/wp\/v2\/pages"}],"about":[{"href":"http:\/\/www.presstourism.ch\/index.php?rest_route=\/wp\/v2\/types\/page"}],"author":[{"embeddable":true,"href":"http:\/\/www.presstourism.ch\/index.php?rest_route=\/wp\/v2\/users\/1"}],"replies":[{"embeddable":true,"href":"http:\/\/www.presstourism.ch\/index.php?rest_route=%2Fwp%2Fv2%2Fcomments&post=6484"}],"version-history":[{"count":1,"href":"http:\/\/www.presstourism.ch\/index.php?rest_route=\/wp\/v2\/pages\/6484\/revisions"}],"predecessor-version":[{"id":6486,"href":"http:\/\/www.presstourism.ch\/index.php?rest_route=\/wp\/v2\/pages\/6484\/revisions\/6486"}],"up":[{"embeddable":true,"href":"http:\/\/www.presstourism.ch\/index.php?rest_route=\/wp\/v2\/pages\/6480"}],"wp:attachment":[{"href":"http:\/\/www.presstourism.ch\/index.php?rest_route=%2Fwp%2Fv2%2Fmedia&parent=6484"}],"curies":[{"name":"wp","href":"https:\/\/api.w.org\/{rel}","templated":true}]}}