{"id":6352,"date":"2019-12-04T15:08:08","date_gmt":"2019-12-04T14:08:08","guid":{"rendered":"http:\/\/www.presstourism.ch\/WP_ALEX\/?page_id=6352"},"modified":"2019-12-04T15:16:07","modified_gmt":"2019-12-04T14:16:07","slug":"1944-2019-trois-quarts-de-siecle-et-vive-demain","status":"publish","type":"page","link":"http:\/\/www.presstourism.ch\/?page_id=6352","title":{"rendered":"1944-2019: Trois quarts de si\u00e8cle ! Et vive demain !"},"content":{"rendered":"\n<h2><strong>Par Alex D\u00e9cotte  <\/strong><a href=\"http:\/\/alexdecotte.com\/\"><strong>http:\/\/alexdecotte.com\/<\/strong><\/a><strong> <\/strong><\/h2>\n\n\n\n<figure class=\"wp-block-image\"><img src=\"https:\/\/i1.wp.com\/alexdecotte.com\/wp-content\/uploads\/2019\/11\/19441127-D%C3%A9cotte-Alex-ass.jpg?w=584\" alt=\"\" class=\"wp-image-152\" data-recalc-dims=\"1\"\/><\/figure>\n\n\n\n<p><strong>Trois quarts de si\u00e8cle, la belle affaire&nbsp;!<\/strong><\/p>\n\n\n\n<p>75 ans aujourd\u2019hui. Il va \u00eatre temps de songer \u00e0 l\u2019avenir. Un nouveau tour de piste m\u2019attend. Il devrait durer deux bonnes ann\u00e9es et me mener vers les lieux et les \u00eatres qui m\u2019ont touch\u00e9 en plein coeur durant plus de cinq d\u00e9cennies de bourlingue.<\/p>\n\n\n\n<figure class=\"wp-block-image\"><img src=\"https:\/\/i1.wp.com\/alexdecotte.com\/wp-content\/uploads\/2019\/11\/Alex-Tamentit-serr%C3%A9-Largeur-max.-2400-Hauteur-max.-1800-700x536.jpg?resize=584%2C447\" alt=\"\" class=\"wp-image-168\" data-recalc-dims=\"1\"\/><figcaption>Premier reportage dans le Sud alg\u00e9rien, 1970<\/figcaption><\/figure>\n\n\n\n<p>Faisant \u00e9cho aux r\u00e9cits, livres et reportages d\u00e9j\u00e0 publi\u00e9s ou mis en ligne au fil des ans sur&nbsp;<a href=\"http:\/\/s169196779.onlinehome.fr\/\">bourlingue.net<\/a>&nbsp;et sur&nbsp;<a href=\"https:\/\/www.youtube.com\/channel\/UCxlsCwexLN3AQ4zhymtkrPg\">YouTube<\/a>, il ne me restera qu\u2019\u00e0 en faire autant avec les retrouvailles de demain\u2026<\/p>\n\n\n\n<figure class=\"wp-block-image\"><img src=\"https:\/\/i1.wp.com\/alexdecotte.com\/wp-content\/uploads\/2019\/11\/IMG_0720s-Largeur-max.-2400-Hauteur-max.-1800-700x815.jpg?resize=584%2C680\" alt=\"\" class=\"wp-image-169\" data-recalc-dims=\"1\"\/><figcaption>Retrouvailles dans la steppe mongole avec Bolto, 22 ans plus tard\u2026<\/figcaption><\/figure>\n\n\n\n<p>De l\u2019extr\u00eame Sib\u00e9rie, o\u00f9 j\u2019ai perdu des amis, aux confins de la Patagonie, o\u00f9 je m\u2019en suis fait&nbsp;; des \u00eeles de la reine Charlotte, qu\u2019il convient d\u00e9sormais d\u2019appeler Ha\u00efda Gwa\u00efi, aux contreforts sahariens du Tassili n\u2019Ajjer, o\u00f9 la tradition r\u00e9siste encore aux temps modernes&nbsp;; des glaces du Saint-Laurent aux flots de l\u2019Amazone&nbsp;; de la Mongolie nomade \u00e0 la Roumanie enracin\u00e9e, des cowboys aux gauchos, des marins aux chercheurs d\u2019or et aux conqu\u00e9rants de l\u2019inutile\u2026<\/p>\n\n\n\n<figure class=\"wp-block-image\"><img src=\"https:\/\/i0.wp.com\/alexdecotte.com\/wp-content\/uploads\/2019\/11\/Alex-cactus-IMG_3297-1-Largeur-max.-2400-Hauteur-max.-1800-700x1050.jpg?resize=584%2C876\" alt=\"\" class=\"wp-image-170\" data-recalc-dims=\"1\"\/><figcaption>Nord-ouest argentin<\/figcaption><\/figure>\n\n\n\n<p>Je retrouverai Raoul et ses nostalgies oc\u00e9anes, Bolto et sa steppe infinie, Maxime et ses humeurs qu\u00e9b\u00e9coises, Juan-Jos\u00e9 et ses fiers criollos, tant d\u2019autres dont l\u2019image et le souvenir me reviendront au fur et \u00e0 mesure que tirerai le fil de l\u2019\u00e9cheveau.<\/p>\n\n\n\n<p>Nous croiserons \u00e0 nouveau le regard. Nous nous serrerons dans les bras \u00e0 nous en \u00e9touffer, comme au premier jour. Nous comblerons le vide de ces d\u00e9cennies sans nouvelles. Je les \u00e9couterai. Les enregistrerai aussi, les photographierai et les filmerai une fois encore, s\u2019ils le veulent bien.<\/p>\n\n\n\n<div class=\"wp-block-image\"><figure class=\"aligncenter\"><img src=\"https:\/\/i1.wp.com\/alexdecotte.com\/wp-content\/uploads\/2019\/11\/imgp6010_1s-Largeur-max.-2400-Hauteur-max.-1800.jpg?w=584\" alt=\"\" class=\"wp-image-171\" data-recalc-dims=\"1\"\/><\/figure><\/div>\n\n\n\n<p>Eux, s\u2019ils sont encore de ce monde&nbsp;; leurs femmes, leurs fr\u00e8res et soeurs, leurs enfants, si ces amis d\u2019un jour et de toujours ont eu la mauvaise id\u00e9e de passer sur l\u2019autre bord sans m\u2019en pr\u00e9venir.<\/p>\n\n\n\n<p>Par les mots, les sons et les images, je vous dirai au jour le jour mes retrouvailles, mes \u00e9mois, mes \u00e9merveillements. Mes peines aussi car il y en aura.<\/p>\n\n\n\n<p>Je repars pour un nouveau tour de piste. Le dernier&nbsp;? Pas s\u00fbr\u2026<\/p>\n\n\n\n<p style=\"text-align:right\">Alex D\u00e9cotte, 27 novembre 2019<\/p>\n\n\n\n<p><strong>Retrouvez tous les voyages d&rsquo;Alex D\u00e9cotte sur <a href=\"http:\/\/www.bourlingue.net\">www.bourlingue.net<\/a> et abonnez-vous \u00e0 son site <a href=\"http:\/\/alexdecotte.com\/\">www.alexdecotte.com<\/a> pour recevoir les futurs articles de ce nouveau tour du monde.<\/strong><\/p>\n","protected":false},"excerpt":{"rendered":"<p>Par Alex D\u00e9cotte http:\/\/alexdecotte.com\/ Trois quarts de si\u00e8cle, la belle affaire&nbsp;! 75 ans aujourd\u2019hui. Il va \u00eatre temps de songer \u00e0 l\u2019avenir. Un nouveau tour de piste m\u2019attend. Il devrait durer deux bonnes ann\u00e9es et me mener vers les lieux &hellip; <a href=\"http:\/\/www.presstourism.ch\/?page_id=6352\">Continuer la lecture <span class=\"meta-nav\">&rarr;<\/span><\/a><\/p>\n","protected":false},"author":1,"featured_media":0,"parent":3983,"menu_order":0,"comment_status":"open","ping_status":"closed","template":"","meta":{"ngg_post_thumbnail":0,"spay_email":""},"jetpack_sharing_enabled":true,"jetpack_shortlink":"https:\/\/wp.me\/P468TV-1Es","_links":{"self":[{"href":"http:\/\/www.presstourism.ch\/index.php?rest_route=\/wp\/v2\/pages\/6352"}],"collection":[{"href":"http:\/\/www.presstourism.ch\/index.php?rest_route=\/wp\/v2\/pages"}],"about":[{"href":"http:\/\/www.presstourism.ch\/index.php?rest_route=\/wp\/v2\/types\/page"}],"author":[{"embeddable":true,"href":"http:\/\/www.presstourism.ch\/index.php?rest_route=\/wp\/v2\/users\/1"}],"replies":[{"embeddable":true,"href":"http:\/\/www.presstourism.ch\/index.php?rest_route=%2Fwp%2Fv2%2Fcomments&post=6352"}],"version-history":[{"count":2,"href":"http:\/\/www.presstourism.ch\/index.php?rest_route=\/wp\/v2\/pages\/6352\/revisions"}],"predecessor-version":[{"id":6354,"href":"http:\/\/www.presstourism.ch\/index.php?rest_route=\/wp\/v2\/pages\/6352\/revisions\/6354"}],"up":[{"embeddable":true,"href":"http:\/\/www.presstourism.ch\/index.php?rest_route=\/wp\/v2\/pages\/3983"}],"wp:attachment":[{"href":"http:\/\/www.presstourism.ch\/index.php?rest_route=%2Fwp%2Fv2%2Fmedia&parent=6352"}],"curies":[{"name":"wp","href":"https:\/\/api.w.org\/{rel}","templated":true}]}}