{"id":614,"date":"2013-11-30T19:21:51","date_gmt":"2013-11-30T18:21:51","guid":{"rendered":"http:\/\/www.presstourism.ch\/WP_ALEX\/?page_id=614"},"modified":"2014-08-14T15:20:31","modified_gmt":"2014-08-14T14:20:31","slug":"corse-2","status":"publish","type":"page","link":"http:\/\/www.presstourism.ch\/?page_id=614","title":{"rendered":"Corse"},"content":{"rendered":"<p style=\"text-align: center;\"><a href=\"https:\/\/i1.wp.com\/www.presstourism.ch\/WP_ALEX\/wp-content\/uploads\/2013\/11\/Corse-Carte.gif\"><img loading=\"lazy\" class=\"alignnone size-medium wp-image-615\" src=\"https:\/\/i2.wp.com\/www.presstourism.ch\/WP_ALEX\/wp-content\/uploads\/2013\/11\/Corse-Carte-164x300.gif?resize=164%2C300\" alt=\"Corse Carte\" width=\"164\" height=\"300\" data-recalc-dims=\"1\" \/><\/a><\/p>\n<p style=\"text-align: center;\">\n<h2>A l\u2019assaut de la sentinelle de Bonifacio<\/h2>\n<p>Par Roger Juillerat<\/p>\n<p style=\"text-align: center;\"><a href=\"https:\/\/i2.wp.com\/www.presstourism.ch\/WP_ALEX\/wp-content\/uploads\/2013\/11\/IMG_6136.jpg\"><img loading=\"lazy\" class=\"alignnone size-medium wp-image-578\" src=\"https:\/\/i2.wp.com\/www.presstourism.ch\/WP_ALEX\/wp-content\/uploads\/2013\/11\/IMG_6136-300x200.jpg?resize=300%2C200\" alt=\"IMG_6136\" width=\"300\" height=\"200\" srcset=\"https:\/\/i2.wp.com\/www.presstourism.ch\/wp-content\/uploads\/2013\/11\/IMG_6136.jpg?resize=300%2C200 300w, https:\/\/i2.wp.com\/www.presstourism.ch\/wp-content\/uploads\/2013\/11\/IMG_6136.jpg?w=600 600w\" sizes=\"(max-width: 300px) 100vw, 300px\" data-recalc-dims=\"1\" \/><\/a><\/p>\n<p>B\u00e2tie sur une \u00e9troite p\u00e9ninsule \u00e0 l\u2019extr\u00eame-sud de la Corse, la cit\u00e9 portuaire de Bonifacio, avec ses falaises de craie blanche, est un v\u00e9ritable mus\u00e9e \u00e0 ciel ouvert. Outre ses plages, elle offre en toute saison une collection unique de monuments historiques et une s\u00e9rie exceptionnelle de paysages rares, tant sur terre que sous la mer. Capitale pittoresque de l\u2019\u00eele de Beaut\u00e9, elle est distante d\u2019une douzaine de kilom\u00e8tres seulement de la Sardaigne.<\/p>\n<p><a href=\"http:\/\/www.presstourism.ch\/WP_ALEX\/wp-content\/uploads\/2013\/11\/BaladeEte\u2560\u00fc2013NVD-Bonifacio-copie.pdf\">Voir le PDF&#8230;<\/a><\/p>\n<p>&nbsp;<\/p>\n","protected":false},"excerpt":{"rendered":"<p>A l\u2019assaut de la sentinelle de Bonifacio Par Roger Juillerat B\u00e2tie sur une \u00e9troite p\u00e9ninsule \u00e0 l\u2019extr\u00eame-sud de la Corse, la cit\u00e9 portuaire de Bonifacio, avec ses falaises de craie blanche, est un v\u00e9ritable mus\u00e9e \u00e0 ciel ouvert. Outre ses &hellip; <a href=\"http:\/\/www.presstourism.ch\/?page_id=614\">Continuer la lecture <span class=\"meta-nav\">&rarr;<\/span><\/a><\/p>\n","protected":false},"author":1,"featured_media":0,"parent":279,"menu_order":0,"comment_status":"open","ping_status":"open","template":"","meta":{"ngg_post_thumbnail":0,"spay_email":""},"jetpack_sharing_enabled":true,"jetpack_shortlink":"https:\/\/wp.me\/P468TV-9U","_links":{"self":[{"href":"http:\/\/www.presstourism.ch\/index.php?rest_route=\/wp\/v2\/pages\/614"}],"collection":[{"href":"http:\/\/www.presstourism.ch\/index.php?rest_route=\/wp\/v2\/pages"}],"about":[{"href":"http:\/\/www.presstourism.ch\/index.php?rest_route=\/wp\/v2\/types\/page"}],"author":[{"embeddable":true,"href":"http:\/\/www.presstourism.ch\/index.php?rest_route=\/wp\/v2\/users\/1"}],"replies":[{"embeddable":true,"href":"http:\/\/www.presstourism.ch\/index.php?rest_route=%2Fwp%2Fv2%2Fcomments&post=614"}],"version-history":[{"count":3,"href":"http:\/\/www.presstourism.ch\/index.php?rest_route=\/wp\/v2\/pages\/614\/revisions"}],"predecessor-version":[{"id":1076,"href":"http:\/\/www.presstourism.ch\/index.php?rest_route=\/wp\/v2\/pages\/614\/revisions\/1076"}],"up":[{"embeddable":true,"href":"http:\/\/www.presstourism.ch\/index.php?rest_route=\/wp\/v2\/pages\/279"}],"wp:attachment":[{"href":"http:\/\/www.presstourism.ch\/index.php?rest_route=%2Fwp%2Fv2%2Fmedia&parent=614"}],"curies":[{"name":"wp","href":"https:\/\/api.w.org\/{rel}","templated":true}]}}