{"id":6125,"date":"2019-07-20T18:58:52","date_gmt":"2019-07-20T17:58:52","guid":{"rendered":"http:\/\/www.presstourism.ch\/WP_ALEX\/?page_id=6125"},"modified":"2019-07-20T21:02:01","modified_gmt":"2019-07-20T20:02:01","slug":"merveilleux-voyage-en-armenie","status":"publish","type":"page","link":"http:\/\/www.presstourism.ch\/?page_id=6125","title":{"rendered":"Merveilleux voyage en Arm\u00e9nie"},"content":{"rendered":"\n<figure class=\"wp-block-image\"><img loading=\"lazy\" width=\"1920\" height=\"887\" src=\"https:\/\/i1.wp.com\/www.presstourism.ch\/WP_ALEX\/wp-content\/uploads\/2019\/07\/1-1.jpg?fit=640%2C296\" alt=\"\" class=\"wp-image-6126\" srcset=\"https:\/\/i0.wp.com\/www.presstourism.ch\/wp-content\/uploads\/2019\/07\/1-1.jpg?w=1920 1920w, https:\/\/i0.wp.com\/www.presstourism.ch\/wp-content\/uploads\/2019\/07\/1-1.jpg?resize=300%2C139 300w, https:\/\/i0.wp.com\/www.presstourism.ch\/wp-content\/uploads\/2019\/07\/1-1.jpg?resize=768%2C355 768w, https:\/\/i0.wp.com\/www.presstourism.ch\/wp-content\/uploads\/2019\/07\/1-1.jpg?resize=1024%2C473 1024w, https:\/\/i0.wp.com\/www.presstourism.ch\/wp-content\/uploads\/2019\/07\/1-1.jpg?resize=600%2C277 600w, https:\/\/i0.wp.com\/www.presstourism.ch\/wp-content\/uploads\/2019\/07\/1-1.jpg?resize=1320%2C610 1320w, https:\/\/i0.wp.com\/www.presstourism.ch\/wp-content\/uploads\/2019\/07\/1-1.jpg?w=1168 1168w, https:\/\/i0.wp.com\/www.presstourism.ch\/wp-content\/uploads\/2019\/07\/1-1.jpg?w=1752 1752w\" sizes=\"(max-width: 584px) 100vw, 584px\" \/><figcaption> Forteresse d&rsquo;Amberd, 10e si\u00e8cle, \u00e0 2300m d&rsquo;altitude. <\/figcaption><\/figure>\n\n\n\n<p>Lors de mon r\u00e9cent et merveilleux s\u00e9jour en Arm\u00e9nie, destination encore inconnue gardant son authenticit\u00e9, j\u2019ai eu le privil\u00e8ge d\u2019\u00eatre le t\u00e9moin vivant de cette culture riche de plusieurs mill\u00e9naires.<\/p>\n\n\n\n<p>Par Michel Loutenbach<\/p>\n\n\n\n<div class=\"wp-block-image\"><figure class=\"aligncenter is-resized\"><img loading=\"lazy\" src=\"https:\/\/i1.wp.com\/www.presstourism.ch\/WP_ALEX\/wp-content\/uploads\/2019\/07\/2.jpg?fit=473%2C1024\" alt=\"\" class=\"wp-image-6127\" width=\"187\" height=\"405\" srcset=\"https:\/\/i1.wp.com\/www.presstourism.ch\/wp-content\/uploads\/2019\/07\/2.jpg?w=482 482w, https:\/\/i1.wp.com\/www.presstourism.ch\/wp-content\/uploads\/2019\/07\/2.jpg?resize=139%2C300 139w, https:\/\/i1.wp.com\/www.presstourism.ch\/wp-content\/uploads\/2019\/07\/2.jpg?resize=473%2C1024 473w\" sizes=\"(max-width: 187px) 100vw, 187px\" \/><figcaption> Les contreforts du Caucase <\/figcaption><\/figure><\/div>\n\n\n\n<p>Situ\u00e9e en&nbsp; Transcaucasie,\nl\u2019Arm\u00e9nie est un pays situ\u00e9 en Transcaucasie, coinc\u00e9 par la G\u00e9orgie au nord, l\u2019Azerba\u00efdjan\n\u00e0 l\u2019est, la Turquie \u00e0 l\u2019ouest et l\u2019Iran au sud.<\/p>\n\n\n\n<p><\/p>\n\n\n\n<p><\/p>\n\n\n\n<p>Tout au long de mon voyage j\u2019ai ressenti l\u2019\u00e9nergie positive\nde ce peuple charmant, souriant, toujours pr\u00eat \u00e0 vous aider et \u00e0 transmettre\nles sa culture, avec spontan\u00e9it\u00e9 et surtout sans arrogance. Cette volont\u00e9 de\nsurvie, cette force m\u2019ont touch\u00e9 droit au c\u0153ur. <\/p>\n\n\n\n<figure class=\"wp-block-image\"><img loading=\"lazy\" width=\"1920\" height=\"887\" src=\"https:\/\/i0.wp.com\/www.presstourism.ch\/WP_ALEX\/wp-content\/uploads\/2019\/07\/3.jpg?fit=640%2C296\" alt=\"\" class=\"wp-image-6128\" srcset=\"https:\/\/i0.wp.com\/www.presstourism.ch\/wp-content\/uploads\/2019\/07\/3.jpg?w=1920 1920w, https:\/\/i0.wp.com\/www.presstourism.ch\/wp-content\/uploads\/2019\/07\/3.jpg?resize=300%2C139 300w, https:\/\/i0.wp.com\/www.presstourism.ch\/wp-content\/uploads\/2019\/07\/3.jpg?resize=768%2C355 768w, https:\/\/i0.wp.com\/www.presstourism.ch\/wp-content\/uploads\/2019\/07\/3.jpg?resize=1024%2C473 1024w, https:\/\/i0.wp.com\/www.presstourism.ch\/wp-content\/uploads\/2019\/07\/3.jpg?resize=600%2C277 600w, https:\/\/i0.wp.com\/www.presstourism.ch\/wp-content\/uploads\/2019\/07\/3.jpg?resize=1320%2C610 1320w, https:\/\/i0.wp.com\/www.presstourism.ch\/wp-content\/uploads\/2019\/07\/3.jpg?w=1168 1168w, https:\/\/i0.wp.com\/www.presstourism.ch\/wp-content\/uploads\/2019\/07\/3.jpg?w=1752 1752w\" sizes=\"(max-width: 584px) 100vw, 584px\" \/><\/figure>\n\n\n\n<p>Comme une oasis de nulle part \u00e0 40 km de la capitale Erevan,\ndans la province d\u2019Aragatsom, se trouve un vignoble de 180 hectares implant\u00e9 \u00e0\nplus de 1.500 m\u00e8tres d\u2019altitude.<\/p>\n\n\n\n<p>A 1700m d&rsquo;altitude, Armenak Aslanian a r\u00e9ussi le pari fou de transformer plus de 180 hectares d\u2019un terrain pierreux et accident\u00e9 en un vignoble digne des meilleurs vins, remportant d\u2019ailleurs de nombreux prix d\u00e9cern\u00e9s par des jury internationaux.<\/p>\n\n\n\n<figure class=\"wp-block-image\"><img loading=\"lazy\" width=\"1920\" height=\"887\" src=\"https:\/\/i0.wp.com\/www.presstourism.ch\/WP_ALEX\/wp-content\/uploads\/2019\/07\/4.jpg?fit=640%2C296\" alt=\"\" class=\"wp-image-6130\" srcset=\"https:\/\/i2.wp.com\/www.presstourism.ch\/wp-content\/uploads\/2019\/07\/4.jpg?w=1920 1920w, https:\/\/i2.wp.com\/www.presstourism.ch\/wp-content\/uploads\/2019\/07\/4.jpg?resize=300%2C139 300w, https:\/\/i2.wp.com\/www.presstourism.ch\/wp-content\/uploads\/2019\/07\/4.jpg?resize=768%2C355 768w, https:\/\/i2.wp.com\/www.presstourism.ch\/wp-content\/uploads\/2019\/07\/4.jpg?resize=1024%2C473 1024w, https:\/\/i2.wp.com\/www.presstourism.ch\/wp-content\/uploads\/2019\/07\/4.jpg?resize=600%2C277 600w, https:\/\/i2.wp.com\/www.presstourism.ch\/wp-content\/uploads\/2019\/07\/4.jpg?resize=1320%2C610 1320w, https:\/\/i2.wp.com\/www.presstourism.ch\/wp-content\/uploads\/2019\/07\/4.jpg?w=1168 1168w, https:\/\/i2.wp.com\/www.presstourism.ch\/wp-content\/uploads\/2019\/07\/4.jpg?w=1752 1752w\" sizes=\"(max-width: 584px) 100vw, 584px\" \/><figcaption> &nbsp;Quelques prix internationaux remport\u00e9s par le terroir \u00ab\u00a0Armas\u00a0\u00bb <\/figcaption><\/figure>\n\n\n\n<p><\/p>\n\n\n\n<p>Pour r\u00e9aliser ce r\u00eave, il aura fallu faire appel \u00e0 400 ouvriers pendant quatre ans pour d\u00e9blayer et transformer ce terrain en un terroir d\u2019exception. Son nom&nbsp;: \u00ab&nbsp;Armas&nbsp;\u00bb. <\/p>\n\n\n\n<figure class=\"wp-block-image\"><img loading=\"lazy\" width=\"1920\" height=\"887\" src=\"https:\/\/i1.wp.com\/www.presstourism.ch\/WP_ALEX\/wp-content\/uploads\/2019\/07\/5.jpg?fit=640%2C296\" alt=\"\" class=\"wp-image-6131\" srcset=\"https:\/\/i2.wp.com\/www.presstourism.ch\/wp-content\/uploads\/2019\/07\/5.jpg?w=1920 1920w, https:\/\/i2.wp.com\/www.presstourism.ch\/wp-content\/uploads\/2019\/07\/5.jpg?resize=300%2C139 300w, https:\/\/i2.wp.com\/www.presstourism.ch\/wp-content\/uploads\/2019\/07\/5.jpg?resize=768%2C355 768w, https:\/\/i2.wp.com\/www.presstourism.ch\/wp-content\/uploads\/2019\/07\/5.jpg?resize=1024%2C473 1024w, https:\/\/i2.wp.com\/www.presstourism.ch\/wp-content\/uploads\/2019\/07\/5.jpg?resize=600%2C277 600w, https:\/\/i2.wp.com\/www.presstourism.ch\/wp-content\/uploads\/2019\/07\/5.jpg?resize=1320%2C610 1320w, https:\/\/i2.wp.com\/www.presstourism.ch\/wp-content\/uploads\/2019\/07\/5.jpg?w=1168 1168w, https:\/\/i2.wp.com\/www.presstourism.ch\/wp-content\/uploads\/2019\/07\/5.jpg?w=1752 1752w\" sizes=\"(max-width: 584px) 100vw, 584px\" \/><figcaption> Vignoble d&rsquo;Armas <\/figcaption><\/figure>\n\n\n\n<p><\/p>\n\n\n\n<p>Entour\u00e9 d\u2019un mur de pierres long de 18 kilom\u00e8tres, le vignoble\nest prot\u00e9g\u00e9 des animaux sauvages. Avec plus de 310 jours de soleil par an, le sol\nest volcanique, riche en azote, en soufre et calcaire. <\/p>\n\n\n\n<p>Ainsi sont produits, gr\u00e2ce \u00e0 une technologie sophistiqu\u00e9e\ndernier cri, plus de 10.000 hectolitres issus du c\u00e9page principal, l\u2019Areni noir,\noriginaire d\u2019Arm\u00e9nie,&nbsp;\u00e9lev\u00e9s ensuite en f\u00fbts de ch\u00eane.<\/p>\n\n\n\n<p>Armenak Aslanian pr\u00e9sente l\u2019h\u00e9ritage viticole arm\u00e9nien avec\namour, rappelant deux proverbes locaux&nbsp;: <em>L\u2019homme dou\u00e9 est dou\u00e9 de tout. Toutes les richesses viennent du sol.<\/em><\/p>\n\n\n\n<p>Des \u00eelots de vergers perdus dans cet immense vignoble isol\u00e9\n\u00e9mergent, entour\u00e9s de montagnes, des paysages uniques. On peut apercevoir au\nloin le fameux mont Ararat.<\/p>\n\n\n\n<p>En plein milieu de ce d\u00e9cor, un restaurant et les quelques\nchambres d\u2019un petit h\u00f4tel. Quoi de mieux pour d\u00e9guster les vins du lieu sans avoir\nensuite \u00e0 prendre le volant&nbsp;? &nbsp;<\/p>\n\n\n\n<figure class=\"wp-block-image\"><img loading=\"lazy\" width=\"1920\" height=\"887\" src=\"https:\/\/i1.wp.com\/www.presstourism.ch\/WP_ALEX\/wp-content\/uploads\/2019\/07\/6.jpg?fit=640%2C296\" alt=\"\" class=\"wp-image-6132\" srcset=\"https:\/\/i0.wp.com\/www.presstourism.ch\/wp-content\/uploads\/2019\/07\/6.jpg?w=1920 1920w, https:\/\/i0.wp.com\/www.presstourism.ch\/wp-content\/uploads\/2019\/07\/6.jpg?resize=300%2C139 300w, https:\/\/i0.wp.com\/www.presstourism.ch\/wp-content\/uploads\/2019\/07\/6.jpg?resize=768%2C355 768w, https:\/\/i0.wp.com\/www.presstourism.ch\/wp-content\/uploads\/2019\/07\/6.jpg?resize=1024%2C473 1024w, https:\/\/i0.wp.com\/www.presstourism.ch\/wp-content\/uploads\/2019\/07\/6.jpg?resize=600%2C277 600w, https:\/\/i0.wp.com\/www.presstourism.ch\/wp-content\/uploads\/2019\/07\/6.jpg?resize=1320%2C610 1320w, https:\/\/i0.wp.com\/www.presstourism.ch\/wp-content\/uploads\/2019\/07\/6.jpg?w=1168 1168w, https:\/\/i0.wp.com\/www.presstourism.ch\/wp-content\/uploads\/2019\/07\/6.jpg?w=1752 1752w\" sizes=\"(max-width: 584px) 100vw, 584px\" \/><figcaption> Vue de la terrasse de l&rsquo;h\u00f4tel sur une partie du vignoble <\/figcaption><\/figure>\n\n\n\n<p><\/p>\n\n\n\n<p><strong>M\u00e9connaissance des Occidentaux<\/strong><\/p>\n\n\n\n<p>La culture vinicole est parmi la plus anciennes du monde, le\nberceau du vin. En effet, des arch\u00e9ologues ont d\u00e9couvert un site de vinification\ndatant de 6&rsquo;100 ans, pr\u00e8s du village d\u2019Areni qui c\u00e9l\u00e8bre chaque ann\u00e9e les\nvendanges, entre sp\u00e9cialit\u00e9s culinaires, musiques et danses traditionnelles.<\/p>\n\n\n\n<p>Le vignoble arm\u00e9nien remonte\n\u00e0 une histoire tr\u00e8s ancienne. La Bible (gen\u00e8se IV \u00e0 IX) \u00e9voque l\u2019\u00e9pop\u00e9e de No\u00e9 d\u00e9couvrant,\nsur son arche \u00e9chou\u00e9e sur le mont Ararat, la vigne et le vin, \u00absang&nbsp;du\nChrist\u00bb.<\/p>\n\n\n\n<div class=\"wp-block-image\"><figure class=\"aligncenter\"><img loading=\"lazy\" width=\"492\" height=\"1064\" src=\"https:\/\/i1.wp.com\/www.presstourism.ch\/WP_ALEX\/wp-content\/uploads\/2019\/07\/8.jpg?fit=474%2C1024\" alt=\"\" class=\"wp-image-6133\" srcset=\"https:\/\/i1.wp.com\/www.presstourism.ch\/wp-content\/uploads\/2019\/07\/8.jpg?w=492 492w, https:\/\/i1.wp.com\/www.presstourism.ch\/wp-content\/uploads\/2019\/07\/8.jpg?resize=139%2C300 139w, https:\/\/i1.wp.com\/www.presstourism.ch\/wp-content\/uploads\/2019\/07\/8.jpg?resize=474%2C1024 474w\" sizes=\"(max-width: 492px) 100vw, 492px\" \/><figcaption> Khachtkar. Cette st\u00e8le a \u00e9t\u00e9 pr\u00e9serv\u00e9e gr\u00e2ce \u00e0 l&rsquo;astuce d&rsquo;avoir sculpt\u00e9 des yeux brid\u00e9s. Ce subterfuge a eu pour effet que les Mongols ne d\u00e9truisent pas leur propre image. <\/figcaption><\/figure><\/div>\n\n\n\n<p><\/p>\n\n\n\n<p>Sur un nuage, de retour \u00e0 Erevan, j\u2019ai rencontr\u00e9 un\nbusinessman russe vivant en Arm\u00e9nie. Il nous a offert un cognac arm\u00e9nien de 15ans\nd\u2019\u00e2ge, accompagn\u00e9 d\u2019un bouquet de fleurs \u00e0 l\u2019intention de la personne qui nous\naccompagnait. Il a insist\u00e9 pour\nnous apprendre \u00e0 le savourer, saisissant le verre la main gauche et l\u2019approchant\ndu c\u0153ur pour en transmettre la chaleur, humant les senteurs avant de d\u00e9guster lentement,\ngoutte apr\u00e8s goutte.<\/p>\n\n\n\n<p>Ce s\u00e9jour m\u2019a permis de d\u00e9couvrir les Arm\u00e9niens, trois\nmillions dans leur pays et sept millions \u00e0 l\u2019\u00e9tranger, rescap\u00e9s de l\u2019enfer et rassemblant\nleurs forces pour pr\u00e9server leur culture et leur identit\u00e9. <\/p>\n\n\n\n<figure class=\"wp-block-image\"><img src=\"\" alt=\"\"\/><\/figure>\n\n\n\n<figure class=\"wp-block-image\"><img loading=\"lazy\" width=\"1920\" height=\"887\" src=\"https:\/\/i0.wp.com\/www.presstourism.ch\/WP_ALEX\/wp-content\/uploads\/2019\/07\/9.jpg?fit=640%2C296\" alt=\"\" class=\"wp-image-6134\" srcset=\"https:\/\/i1.wp.com\/www.presstourism.ch\/wp-content\/uploads\/2019\/07\/9.jpg?w=1920 1920w, https:\/\/i1.wp.com\/www.presstourism.ch\/wp-content\/uploads\/2019\/07\/9.jpg?resize=300%2C139 300w, https:\/\/i1.wp.com\/www.presstourism.ch\/wp-content\/uploads\/2019\/07\/9.jpg?resize=768%2C355 768w, https:\/\/i1.wp.com\/www.presstourism.ch\/wp-content\/uploads\/2019\/07\/9.jpg?resize=1024%2C473 1024w, https:\/\/i1.wp.com\/www.presstourism.ch\/wp-content\/uploads\/2019\/07\/9.jpg?resize=600%2C277 600w, https:\/\/i1.wp.com\/www.presstourism.ch\/wp-content\/uploads\/2019\/07\/9.jpg?resize=1320%2C610 1320w, https:\/\/i1.wp.com\/www.presstourism.ch\/wp-content\/uploads\/2019\/07\/9.jpg?w=1168 1168w, https:\/\/i1.wp.com\/www.presstourism.ch\/wp-content\/uploads\/2019\/07\/9.jpg?w=1752 1752w\" sizes=\"(max-width: 584px) 100vw, 584px\" \/><figcaption> Monast\u00e8re de Goshavank construit au 12\u00e8me si\u00e8cle. Lieu d&rsquo;enseignement de l&rsquo;arm\u00e9nien, du grec et du latin . La biblioth\u00e8que a \u00e9t\u00e9 d\u00e9truite par les flammes en 1948. <\/figcaption><\/figure>\n\n\n\n<p><\/p>\n\n\n\n<figure class=\"wp-block-image\"><img loading=\"lazy\" width=\"1024\" height=\"473\" src=\"https:\/\/i1.wp.com\/www.presstourism.ch\/WP_ALEX\/wp-content\/uploads\/2019\/07\/10.jpg?fit=640%2C296\" alt=\"\" class=\"wp-image-6135\" srcset=\"https:\/\/i0.wp.com\/www.presstourism.ch\/wp-content\/uploads\/2019\/07\/10.jpg?w=1024 1024w, https:\/\/i0.wp.com\/www.presstourism.ch\/wp-content\/uploads\/2019\/07\/10.jpg?resize=300%2C139 300w, https:\/\/i0.wp.com\/www.presstourism.ch\/wp-content\/uploads\/2019\/07\/10.jpg?resize=768%2C355 768w, https:\/\/i0.wp.com\/www.presstourism.ch\/wp-content\/uploads\/2019\/07\/10.jpg?resize=600%2C277 600w\" sizes=\"(max-width: 584px) 100vw, 584px\" \/><figcaption> La lumi\u00e8re unique du lac Sevan, \u00e0 1900m d&rsquo;altitude, deux fois et demi plus grand que le lac L\u00e9man. De nombreux \u00e9crivains et po\u00e8tes vinrent y chercher l&rsquo;inspiration et la paix.  <\/figcaption><\/figure>\n\n\n\n<p><\/p>\n\n\n\n<p style=\"text-align:right\"><em>Michel Loutenbach, juin 2019<\/em><\/p>\n","protected":false},"excerpt":{"rendered":"<p>Lors de mon r\u00e9cent et merveilleux s\u00e9jour en Arm\u00e9nie, destination encore inconnue gardant son authenticit\u00e9, j\u2019ai eu le privil\u00e8ge d\u2019\u00eatre le t\u00e9moin vivant de cette culture riche de plusieurs mill\u00e9naires. Par Michel Loutenbach Situ\u00e9e en&nbsp; Transcaucasie, l\u2019Arm\u00e9nie est un pays &hellip; <a href=\"http:\/\/www.presstourism.ch\/?page_id=6125\">Continuer la lecture <span class=\"meta-nav\">&rarr;<\/span><\/a><\/p>\n","protected":false},"author":1,"featured_media":0,"parent":5565,"menu_order":0,"comment_status":"closed","ping_status":"closed","template":"","meta":{"ngg_post_thumbnail":0,"spay_email":""},"jetpack_sharing_enabled":true,"jetpack_shortlink":"https:\/\/wp.me\/P468TV-1AN","_links":{"self":[{"href":"http:\/\/www.presstourism.ch\/index.php?rest_route=\/wp\/v2\/pages\/6125"}],"collection":[{"href":"http:\/\/www.presstourism.ch\/index.php?rest_route=\/wp\/v2\/pages"}],"about":[{"href":"http:\/\/www.presstourism.ch\/index.php?rest_route=\/wp\/v2\/types\/page"}],"author":[{"embeddable":true,"href":"http:\/\/www.presstourism.ch\/index.php?rest_route=\/wp\/v2\/users\/1"}],"replies":[{"embeddable":true,"href":"http:\/\/www.presstourism.ch\/index.php?rest_route=%2Fwp%2Fv2%2Fcomments&post=6125"}],"version-history":[{"count":3,"href":"http:\/\/www.presstourism.ch\/index.php?rest_route=\/wp\/v2\/pages\/6125\/revisions"}],"predecessor-version":[{"id":6137,"href":"http:\/\/www.presstourism.ch\/index.php?rest_route=\/wp\/v2\/pages\/6125\/revisions\/6137"}],"up":[{"embeddable":true,"href":"http:\/\/www.presstourism.ch\/index.php?rest_route=\/wp\/v2\/pages\/5565"}],"wp:attachment":[{"href":"http:\/\/www.presstourism.ch\/index.php?rest_route=%2Fwp%2Fv2%2Fmedia&parent=6125"}],"curies":[{"name":"wp","href":"https:\/\/api.w.org\/{rel}","templated":true}]}}