{"id":6086,"date":"2019-07-18T11:50:03","date_gmt":"2019-07-18T10:50:03","guid":{"rendered":"http:\/\/www.presstourism.ch\/WP_ALEX\/?page_id=6086"},"modified":"2024-04-13T11:45:09","modified_gmt":"2024-04-13T09:45:09","slug":"missbauer-laurent","status":"publish","type":"page","link":"http:\/\/www.presstourism.ch\/?page_id=6086","title":{"rendered":"Missbauer Laurent"},"content":{"rendered":"\n<figure class=\"wp-block-image\"><img loading=\"lazy\" width=\"117\" height=\"151\" src=\"https:\/\/i1.wp.com\/www.presstourism.ch\/WP_ALEX\/wp-content\/uploads\/2019\/07\/Missbauer-Laurent.jpg?resize=117%2C151\" alt=\"\" class=\"wp-image-6089\" data-recalc-dims=\"1\"\/><\/figure>\n\n\n\n<p><strong>Publications:<\/strong><\/p>\n\n\n\n<p><a href=\"http:\/\/ http:\/\/www.presstourism.ch\/?page_id=6050\">En car postal au Tessin<\/a><a href=\"http:\/\/www.presstourism.info\/mitglieder\/none\"><\/a><\/p>\n\n\n\n<p><strong>Contact:<\/strong><\/p>\n\n\n\n<p>Sur Mormont 80&nbsp;<br>1649 Pont-la-Ville<\/p>\n\n\n\n<p>T\u00e9l. mobile: 079 230 72 08<br>Email:&nbsp;<a href=\"mailto:laurent.missbauer@gmail.com\">laurent.missbauer@gmail.com<br><\/a><\/p>\n\n\n\n<p><strong>Fonction: <\/strong><\/p>\n\n\n\n<p>Journaliste ind\u00e9pendant<br>M\u00e9dias: Les Routiers suisses, Je Pars, MGT Magazine Grand Tourisme, Autos Collections Infos<br>Langues: Fran\u00e7ais, allemand, italien, anglais<\/p>\n","protected":false},"excerpt":{"rendered":"<p>Publications: En car postal au Tessin Contact: Sur Mormont 80&nbsp;1649 Pont-la-Ville T\u00e9l. mobile: 079 230 72 08Email:&nbsp;laurent.missbauer@gmail.com Fonction: Journaliste ind\u00e9pendantM\u00e9dias: Les Routiers suisses, Je Pars, MGT Magazine Grand Tourisme, Autos Collections InfosLangues: Fran\u00e7ais, allemand, italien, anglais<\/p>\n","protected":false},"author":1,"featured_media":0,"parent":76,"menu_order":0,"comment_status":"closed","ping_status":"closed","template":"","meta":{"ngg_post_thumbnail":0,"spay_email":""},"jetpack_sharing_enabled":true,"jetpack_shortlink":"https:\/\/wp.me\/P468TV-1Aa","_links":{"self":[{"href":"http:\/\/www.presstourism.ch\/index.php?rest_route=\/wp\/v2\/pages\/6086"}],"collection":[{"href":"http:\/\/www.presstourism.ch\/index.php?rest_route=\/wp\/v2\/pages"}],"about":[{"href":"http:\/\/www.presstourism.ch\/index.php?rest_route=\/wp\/v2\/types\/page"}],"author":[{"embeddable":true,"href":"http:\/\/www.presstourism.ch\/index.php?rest_route=\/wp\/v2\/users\/1"}],"replies":[{"embeddable":true,"href":"http:\/\/www.presstourism.ch\/index.php?rest_route=%2Fwp%2Fv2%2Fcomments&post=6086"}],"version-history":[{"count":7,"href":"http:\/\/www.presstourism.ch\/index.php?rest_route=\/wp\/v2\/pages\/6086\/revisions"}],"predecessor-version":[{"id":9416,"href":"http:\/\/www.presstourism.ch\/index.php?rest_route=\/wp\/v2\/pages\/6086\/revisions\/9416"}],"up":[{"embeddable":true,"href":"http:\/\/www.presstourism.ch\/index.php?rest_route=\/wp\/v2\/pages\/76"}],"wp:attachment":[{"href":"http:\/\/www.presstourism.ch\/index.php?rest_route=%2Fwp%2Fv2%2Fmedia&parent=6086"}],"curies":[{"name":"wp","href":"https:\/\/api.w.org\/{rel}","templated":true}]}}