{"id":5869,"date":"2019-06-20T09:44:23","date_gmt":"2019-06-20T08:44:23","guid":{"rendered":"http:\/\/www.presstourism.ch\/WP_ALEX\/?page_id=5869"},"modified":"2019-06-20T09:45:02","modified_gmt":"2019-06-20T08:45:02","slug":"larmenie-croit-en-son-futur","status":"publish","type":"page","link":"http:\/\/www.presstourism.ch\/?page_id=5869","title":{"rendered":"L&rsquo;Arm\u00e9nie croit en son futur"},"content":{"rendered":"\n<div class=\"wp-block-image\"><figure class=\"aligncenter\"><img loading=\"lazy\" width=\"584\" height=\"389\" src=\"https:\/\/i2.wp.com\/www.presstourism.ch\/WP_ALEX\/wp-content\/uploads\/2019\/06\/ARM-cartes-1.jpg?resize=584%2C389\" alt=\"\" class=\"wp-image-5870\" srcset=\"https:\/\/i2.wp.com\/www.presstourism.ch\/wp-content\/uploads\/2019\/06\/ARM-cartes-1.jpg?w=840 840w, https:\/\/i2.wp.com\/www.presstourism.ch\/wp-content\/uploads\/2019\/06\/ARM-cartes-1.jpg?resize=300%2C200 300w, https:\/\/i2.wp.com\/www.presstourism.ch\/wp-content\/uploads\/2019\/06\/ARM-cartes-1.jpg?resize=768%2C512 768w, https:\/\/i2.wp.com\/www.presstourism.ch\/wp-content\/uploads\/2019\/06\/ARM-cartes-1.jpg?resize=600%2C400 600w\" sizes=\"(max-width: 584px) 100vw, 584px\" data-recalc-dims=\"1\" \/><\/figure><\/div>\n\n\n\n<p>Petite r\u00e9publique du Caucase, l\u2019Arm\u00e9nie s\u00e9duit aujourd\u2019hui les visiteurs par son dynamisme et sa modernit\u00e9. Mais les traditions restent bien pr\u00e9sentes. Chaque ville, chaque quartier, raconte sa propre histoire. <\/p>\n\n\n\n<p>Texte: Romaine Jean \/ Photos: Comit\u00e9 national du tourisme arm\u00e9nien; Romaine Jean; Laif; Diego Delso.<\/p>\n\n\n\n<p>Coop\u00e9ration \/ 17 juin 2019<\/p>\n\n\n\n<figure class=\"wp-block-image\"><img loading=\"lazy\" width=\"584\" height=\"389\" src=\"https:\/\/i2.wp.com\/www.presstourism.ch\/WP_ALEX\/wp-content\/uploads\/2019\/06\/art.jpg?resize=584%2C389\" alt=\"\" class=\"wp-image-5871\" srcset=\"https:\/\/i2.wp.com\/www.presstourism.ch\/wp-content\/uploads\/2019\/06\/art.jpg?w=840 840w, https:\/\/i2.wp.com\/www.presstourism.ch\/wp-content\/uploads\/2019\/06\/art.jpg?resize=300%2C200 300w, https:\/\/i2.wp.com\/www.presstourism.ch\/wp-content\/uploads\/2019\/06\/art.jpg?resize=768%2C512 768w, https:\/\/i2.wp.com\/www.presstourism.ch\/wp-content\/uploads\/2019\/06\/art.jpg?resize=600%2C400 600w\" sizes=\"(max-width: 584px) 100vw, 584px\" data-recalc-dims=\"1\" \/><figcaption> La capitale, Erevan, affiche d\u00e9sormais un visage jeune et moderne (Quartier Cascade). <\/figcaption><\/figure>\n\n\n\n<p>Au printemps de\nl\u2019an dernier, c\u2019est par dizaines de milliers que les habitants d\u2019Erevan, la\ncapitale du pays, se sont r\u00e9unis sur la place de la R\u00e9publique, pour acclamer\nle nouveau premier ministre Nikol Pachinian, balayant, sans effusion de sang,\nle pass\u00e9 r\u00e9cent de l\u2019Arm\u00e9nie. Erevan est aujourd\u2019hui \u00e0 l\u2019image du pays: une\nville qui croit en son avenir, une m\u00e9tropole \u00e9tonnante, aux multiples visages.<\/p>\n\n\n\n<p>Il n\u2019est pas rare\nde voir le soir, dans les cours des immeubles, des retrait\u00e9s se regrouper pour\ndes parties d\u2019\u00e9checs. Ceux-l\u00e0 ont grandi dans un monde sovi\u00e9tique qui n\u2019existe\nplus, o\u00f9 l\u2019on v\u00e9n\u00e9rait po\u00e8tes et artistes, dont on visite aujourd\u2019hui les\nmaisons-mus\u00e9es. Au centre-ville, les terrasses des caf\u00e9s du quartier de la\nCascade sont tr\u00e8s pris\u00e9es et les nuits y sont douces, \u00e0 la saison d\u2019\u00e9t\u00e9.&nbsp;<\/p>\n\n\n\n<figure class=\"wp-block-image\"><img loading=\"lazy\" width=\"584\" height=\"389\" src=\"https:\/\/i2.wp.com\/www.presstourism.ch\/WP_ALEX\/wp-content\/uploads\/2019\/06\/aDAF.jpg?resize=584%2C389\" alt=\"\" class=\"wp-image-5872\" srcset=\"https:\/\/i1.wp.com\/www.presstourism.ch\/wp-content\/uploads\/2019\/06\/aDAF.jpg?w=840 840w, https:\/\/i1.wp.com\/www.presstourism.ch\/wp-content\/uploads\/2019\/06\/aDAF.jpg?resize=300%2C200 300w, https:\/\/i1.wp.com\/www.presstourism.ch\/wp-content\/uploads\/2019\/06\/aDAF.jpg?resize=768%2C512 768w, https:\/\/i1.wp.com\/www.presstourism.ch\/wp-content\/uploads\/2019\/06\/aDAF.jpg?resize=600%2C400 600w\" sizes=\"(max-width: 584px) 100vw, 584px\" data-recalc-dims=\"1\" \/><\/figure>\n\n\n\n<p>Des Arm\u00e9niens de la\ndiaspora syrienne, fuyant la guerre, ont ouvert restaurants, commerces et\nbo\u00eetes de nuit. Nous rencontrons l\u2019un d\u2019eux, Shant Kotchian, sur le\ntoit-terrasse de son \u00e9tablissement le Paparazzi Club, fr\u00e9quent\u00e9 par la jeunesse\nbranch\u00e9e. A 36 ans, Shant est l\u2019un des principaux animateurs de la vie nocturne\net n\u2019imagine plus quitter la capitale. Cette derni\u00e8re, tout comme le pays dans\nson ensemble, est un m\u00e9lange \u00e9tonnant de traditions mill\u00e9naires et de projets\nfuturistes. Saint Gr\u00e9goire l\u2019Illuminateur fit de ce pays la premi\u00e8re nation\nchr\u00e9tienne de l\u2019Histoire, en l\u2019an 301 apr\u00e8s J\u00e9sus-Christ.&nbsp;<\/p>\n\n\n\n<p>A Zvartnots ou\nTatev, les \u00e9glises, monast\u00e8res et pierres croix, plant\u00e9es dans des paysages\ngrandioses, rappellent le lien sacr\u00e9 de ce peuple avec son Dieu. Ne dit-on pas\nque le jardin d\u2019Eden d\u00e9crit dans la Gen\u00e8se ressemble aux terres d\u2019Arm\u00e9nie? Au\nb\u00e2timent fortifi\u00e9 de Khor Virap, par beau temps, le mont Ararat semble si pr\u00e8s\nqu\u2019on pourrait le toucher.<\/p>\n\n\n\n<figure class=\"wp-block-image\"><img loading=\"lazy\" width=\"584\" height=\"389\" src=\"https:\/\/i2.wp.com\/www.presstourism.ch\/WP_ALEX\/wp-content\/uploads\/2019\/06\/KHOR.jpg?resize=584%2C389\" alt=\"\" class=\"wp-image-5873\" srcset=\"https:\/\/i2.wp.com\/www.presstourism.ch\/wp-content\/uploads\/2019\/06\/KHOR.jpg?w=840 840w, https:\/\/i2.wp.com\/www.presstourism.ch\/wp-content\/uploads\/2019\/06\/KHOR.jpg?resize=300%2C200 300w, https:\/\/i2.wp.com\/www.presstourism.ch\/wp-content\/uploads\/2019\/06\/KHOR.jpg?resize=768%2C512 768w, https:\/\/i2.wp.com\/www.presstourism.ch\/wp-content\/uploads\/2019\/06\/KHOR.jpg?resize=600%2C400 600w\" sizes=\"(max-width: 584px) 100vw, 584px\" data-recalc-dims=\"1\" \/><figcaption> Destination touristique incontournable: le monast\u00e8re Khor Virap tutoyant le mont Ararat. Le moment id\u00e9al pour visiter l&rsquo;Arm\u00e9nie: du printemps \u00e0 la fin de l&rsquo;automne. <\/figcaption><\/figure>\n\n\n\n<p><strong>\u00abI love my country\u00bb<\/strong><\/p>\n\n\n\n<p>Le pays glorifie\nson pass\u00e9 mais se projette vers l\u2019avenir. Sur les hauteurs de la ville, des\nmilliers d\u2019adolescents se retrouvent chaque semaine dans les studios high-tech\ndu centre Tumo, financ\u00e9 par un couple de la diaspora de Dallas. On y apprend la\nrobotique, la programmation informatique, devant les yeux de visiteurs \u00e9bahis.\n&nbsp;<\/p>\n\n\n\n<p>Nane Sargsyan a 18\nans et fr\u00e9quente le centre pour y cr\u00e9er des jeux vid\u00e9os. \u00abC\u2019est ma deuxi\u00e8me\nmaison\u00bb, dit-elle. Elle ira l\u2019an prochain \u00e0 l\u2019Universit\u00e9 de San Francisco.\nPuis, c\u2019est s\u00fbr, reviendra en Arm\u00e9nie. \u00abI love my country, dit-elle, je veux\nl\u2019aider \u00e0 se d\u00e9velopper.\u00bb&nbsp;<\/p>\n\n\n\n<p>Depuis\nl\u2019effondrement de l\u2019empire sovi\u00e9tique, l\u2019Arm\u00e9nie s\u2019est enfonc\u00e9e dans la crise\net sa population r\u00eavait d\u2019ailleurs.&nbsp; Aujourd\u2019hui, la tendance est stopp\u00e9e\net le pays commence \u00e0 attirer les jeunes de la diaspora, \u00e0 l\u2019image de Th\u00e9nie\nKhatachatourov (22 ans) qui a quitt\u00e9 Gen\u00e8ve il y a deux ans, pour se lancer\ndans le d\u00e9veloppement d\u2019un r\u00e9seau d\u2019artisans. C\u2019est l\u2019amour qui l\u2019a amen\u00e9e \u00e0\nErevan, apr\u00e8s des \u00e9tudes \u00e0 l\u2019Universit\u00e9 de Lausanne.&nbsp;<\/p>\n\n\n\n<p>Nous la rencontrons\ndans une des bonnes tables du centre-ville. \u00abJ\u2019ai le c\u0153ur en Suisse et l\u2019\u00e2me en\nArm\u00e9nie\u00bb, avoue-t-elle avec un large sourire. \u00abJ\u2019aimerais amener ici un peu\nd\u2019Helv\u00e9tie.\u00bb<\/p>\n\n\n\n<figure class=\"wp-block-image\"><img loading=\"lazy\" width=\"584\" height=\"389\" src=\"https:\/\/i2.wp.com\/www.presstourism.ch\/WP_ALEX\/wp-content\/uploads\/2019\/06\/sfa.jpg?resize=584%2C389\" alt=\"\" class=\"wp-image-5874\" srcset=\"https:\/\/i2.wp.com\/www.presstourism.ch\/wp-content\/uploads\/2019\/06\/sfa.jpg?w=840 840w, https:\/\/i2.wp.com\/www.presstourism.ch\/wp-content\/uploads\/2019\/06\/sfa.jpg?resize=300%2C200 300w, https:\/\/i2.wp.com\/www.presstourism.ch\/wp-content\/uploads\/2019\/06\/sfa.jpg?resize=768%2C512 768w, https:\/\/i2.wp.com\/www.presstourism.ch\/wp-content\/uploads\/2019\/06\/sfa.jpg?resize=600%2C400 600w\" sizes=\"(max-width: 584px) 100vw, 584px\" data-recalc-dims=\"1\" \/><\/figure>\n\n\n\n<p style=\"text-align:center\"><strong>Infos pratiques<\/strong><\/p>\n\n\n\n<p><strong>Se loger, se d\u00e9placer, manger<\/strong><\/p>\n\n\n\n<p><strong>O\u00f9 dormir<\/strong><\/p>\n\n\n\n<p>Il est tr\u00e8s facile\nde se loger en Arm\u00e9nie, du 5 \u00e9toiles \u00e0 l\u2019auberge \u00e0 30 francs la nuit.&nbsp;<\/p>\n\n\n\n<p>H\u00f4tel Ibis Yerevan\nCenter: h\u00f4tel trois \u00e9toiles, service de qualit\u00e9. Entre 40 et 50 fr. la nuit<\/p>\n\n\n\n<p>Central Hotel\nYerevan: h\u00f4tel 4 \u00e9toiles, haut standing, \u00e0 partir de 80 fr. la nuit<\/p>\n\n\n\n<p>H\u00f4tel Goris, \u00e0\nGoris, au sud du pays. Accueil chaleureux et cuisine d\u00e9licieuse. D\u00e8s 49 fr. la\nnuit.<\/p>\n\n\n\n<p>La cuisine est\nfra\u00eeche et color\u00e9e (en haut des mezz\u00e9s). Le pays offre aussi nombre de\npossibilit\u00e9s d&rsquo;activit\u00e9s en plein air, comme ci-dessus \u00e0 Dilijan.<\/p>\n\n\n\n<p><strong>O\u00f9 manger<\/strong><\/p>\n\n\n\n<p>La cuisine arm\u00e9nienne\nest toujours accompagn\u00e9e de l\u00e9gumes et de fruits frais. Un grand nombre de\nplats sont communs \u00e0 la Gr\u00e8ce, au Liban, au Moyen-Orient. L\u2019abricot et la\ngrenade sont les symboles du pays.<\/p>\n\n\n\n<p><strong>Quelques bonnes adresses:<\/strong><\/p>\n\n\n\n<ul><li>Pandok Yerevan, 91 Teryan St., Erevan: cuisine traditionnelle, budget\nmoyen: 13 fr. par pers.<\/li><li>Restaurant Lavash, 21 Tumanyan St., Erevan: excellente cuisine\ntraditionnelle, prix moyen: 21 fr. par pers.<\/li><\/ul>\n\n\n\n<p><strong>Comment y aller<\/strong><\/p>\n\n\n\n<p>Vols via Kiev,\nVienne, Moscou, Ath\u00e8nes<\/p>\n\n\n\n<p><a href=\"http:\/\/armenia.travel\/en\" target=\"_blank\" rel=\"noreferrer noopener\">Plus d&rsquo;informations sur le pays<\/a><\/p>\n\n\n\n<p><strong>Le vin arm\u00e9nien<\/strong><\/p>\n\n\n\n<p>Un savoir-faire de plus de 6000 ans<\/p>\n\n\n\n<p>L\u2019Arm\u00e9nie est une\nnation viticole. Dans la r\u00e9gion d\u2019Areni, des arch\u00e9ologues ont m\u00eame retrouv\u00e9 des\np\u00e9pins de raisin datant de 6000 ans! Depuis dix ans, le secteur a connu une\nv\u00e9ritable renaissance. Une fili\u00e8re de formation des m\u00e9tiers du vin a \u00e9t\u00e9\ninaugur\u00e9e, des caves \u00e9quip\u00e9es des derni\u00e8res technologies sont ouvertes et un\nfestival pr\u00e9sente plus de 200 vins, chaque d\u00e9but mai, \u00e0 Erevan.<\/p>\n\n\n\n<p><strong>Un bain de culture et de nature<\/strong><\/p>\n\n\n\n<p>A ne pas manquer dans la capitale et ses alentours<\/p>\n\n\n\n<p><strong>A Erevan<\/strong><\/p>\n\n\n\n<ul><li><strong>La cascade:&nbsp;<\/strong>un monument de 118 m\u00e8tres de haut,\ncompos\u00e9 de jardins en terrasses. A l\u2019int\u00e9rieur, le centre d\u2019art contemporain\nCafesjian.<\/li><li><strong>Le Matenadaran:&nbsp;<\/strong>le mus\u00e9e des\nmanuscrits. Plus de 16\u2009000 parchemins et livres anciens. Visite guid\u00e9e en\nfran\u00e7ais.<\/li><li><strong>M\u00e9morial du g\u00e9nocide:<\/strong>&nbsp;1,5 million\nd\u2019Arm\u00e9niens ont \u00e9t\u00e9 massacr\u00e9s sous l\u2019Empire ottoman.<\/li><\/ul>\n\n\n\n<p><strong>Pr\u00e8s de la capitale<\/strong><\/p>\n\n\n\n<ul><li><strong>Khor Virap:&nbsp;<\/strong>une vraie carte postale. Un monast\u00e8re\nfortifi\u00e9 avec en arri\u00e8re-fond le mont Ararat qui culmine \u00e0 5137 m\u00e8tres.&nbsp;<\/li><li><strong>Tatev:&nbsp;<\/strong>un monast\u00e8re class\u00e9 au patrimoine\nmondial de l\u2019Unesco. Pour s\u2019y rendre il faut emprunter un t\u00e9l\u00e9ph\u00e9rique\nconstruit par des Suisses. Paysages de verdure sublimes.<\/li><li><strong>Lac Sevan:<\/strong>&nbsp;le plus grand lac du pays, tr\u00e8s\npris\u00e9 par les baigneurs en \u00e9t\u00e9.<\/li><\/ul>\n\n\n\n<figure class=\"wp-block-image\"><img loading=\"lazy\" width=\"584\" height=\"389\" src=\"https:\/\/i0.wp.com\/www.presstourism.ch\/WP_ALEX\/wp-content\/uploads\/2019\/06\/ol.kjh_.jpg?resize=584%2C389\" alt=\"\" class=\"wp-image-5875\" srcset=\"https:\/\/i2.wp.com\/www.presstourism.ch\/wp-content\/uploads\/2019\/06\/ol.kjh_.jpg?w=840 840w, https:\/\/i2.wp.com\/www.presstourism.ch\/wp-content\/uploads\/2019\/06\/ol.kjh_.jpg?resize=300%2C200 300w, https:\/\/i2.wp.com\/www.presstourism.ch\/wp-content\/uploads\/2019\/06\/ol.kjh_.jpg?resize=768%2C512 768w, https:\/\/i2.wp.com\/www.presstourism.ch\/wp-content\/uploads\/2019\/06\/ol.kjh_.jpg?resize=600%2C400 600w\" sizes=\"(max-width: 584px) 100vw, 584px\" data-recalc-dims=\"1\" \/><figcaption> L&rsquo;archimandrite Mikael, rencontr\u00e9 au monast\u00e8re de Tatev. <\/figcaption><\/figure>\n","protected":false},"excerpt":{"rendered":"<p>Petite r\u00e9publique du Caucase, l\u2019Arm\u00e9nie s\u00e9duit aujourd\u2019hui les visiteurs par son dynamisme et sa modernit\u00e9. Mais les traditions restent bien pr\u00e9sentes. Chaque ville, chaque quartier, raconte sa propre histoire. Texte: Romaine Jean \/ Photos: Comit\u00e9 national du tourisme arm\u00e9nien; Romaine &hellip; <a href=\"http:\/\/www.presstourism.ch\/?page_id=5869\">Continuer la lecture <span class=\"meta-nav\">&rarr;<\/span><\/a><\/p>\n","protected":false},"author":1,"featured_media":0,"parent":5565,"menu_order":0,"comment_status":"closed","ping_status":"closed","template":"","meta":{"ngg_post_thumbnail":0,"spay_email":""},"jetpack_sharing_enabled":true,"jetpack_shortlink":"https:\/\/wp.me\/P468TV-1wF","_links":{"self":[{"href":"http:\/\/www.presstourism.ch\/index.php?rest_route=\/wp\/v2\/pages\/5869"}],"collection":[{"href":"http:\/\/www.presstourism.ch\/index.php?rest_route=\/wp\/v2\/pages"}],"about":[{"href":"http:\/\/www.presstourism.ch\/index.php?rest_route=\/wp\/v2\/types\/page"}],"author":[{"embeddable":true,"href":"http:\/\/www.presstourism.ch\/index.php?rest_route=\/wp\/v2\/users\/1"}],"replies":[{"embeddable":true,"href":"http:\/\/www.presstourism.ch\/index.php?rest_route=%2Fwp%2Fv2%2Fcomments&post=5869"}],"version-history":[{"count":2,"href":"http:\/\/www.presstourism.ch\/index.php?rest_route=\/wp\/v2\/pages\/5869\/revisions"}],"predecessor-version":[{"id":5877,"href":"http:\/\/www.presstourism.ch\/index.php?rest_route=\/wp\/v2\/pages\/5869\/revisions\/5877"}],"up":[{"embeddable":true,"href":"http:\/\/www.presstourism.ch\/index.php?rest_route=\/wp\/v2\/pages\/5565"}],"wp:attachment":[{"href":"http:\/\/www.presstourism.ch\/index.php?rest_route=%2Fwp%2Fv2%2Fmedia&parent=5869"}],"curies":[{"name":"wp","href":"https:\/\/api.w.org\/{rel}","templated":true}]}}