{"id":5796,"date":"2019-06-17T08:36:07","date_gmt":"2019-06-17T07:36:07","guid":{"rendered":"http:\/\/www.presstourism.ch\/WP_ALEX\/?page_id=5796"},"modified":"2019-06-17T22:16:30","modified_gmt":"2019-06-17T21:16:30","slug":"aznavour","status":"publish","type":"page","link":"http:\/\/www.presstourism.ch\/?page_id=5796","title":{"rendered":"Aznavour"},"content":{"rendered":"\n<figure class=\"wp-block-image\"><img loading=\"lazy\" width=\"1280\" height=\"720\" src=\"https:\/\/i1.wp.com\/www.presstourism.ch\/WP_ALEX\/wp-content\/uploads\/2019\/06\/Aznavour-45T.jpg?fit=640%2C360\" alt=\"\" class=\"wp-image-5797\" srcset=\"https:\/\/i1.wp.com\/www.presstourism.ch\/wp-content\/uploads\/2019\/06\/Aznavour-45T.jpg?w=1280 1280w, https:\/\/i1.wp.com\/www.presstourism.ch\/wp-content\/uploads\/2019\/06\/Aznavour-45T.jpg?resize=300%2C169 300w, https:\/\/i1.wp.com\/www.presstourism.ch\/wp-content\/uploads\/2019\/06\/Aznavour-45T.jpg?resize=768%2C432 768w, https:\/\/i1.wp.com\/www.presstourism.ch\/wp-content\/uploads\/2019\/06\/Aznavour-45T.jpg?resize=1024%2C576 1024w, https:\/\/i1.wp.com\/www.presstourism.ch\/wp-content\/uploads\/2019\/06\/Aznavour-45T.jpg?resize=600%2C338 600w, https:\/\/i1.wp.com\/www.presstourism.ch\/wp-content\/uploads\/2019\/06\/Aznavour-45T.jpg?w=1168 1168w\" sizes=\"(max-width: 584px) 100vw, 584px\" \/><figcaption>Charles Aznavour en 1956 (Archives)<\/figcaption><\/figure>\n\n\n\n<p>Ma premi\u00e8re rencontre avec Charles Aznavour remonte \u00e0 la\nfin des ann\u00e9es cinquante. Je m\u2019en souviens comme si c\u2019\u00e9tait hier. C\u2019\u00e9tait \u00e0\ndeux pas de Gen\u00e8ve. Demi-pensionnaire dans un des coll\u00e8ges qui avaient encore\nbien voulu m\u2019accueillir en classe, je passais mes nuits dans une maison sans\ngo\u00fbt ni gr\u00e2ce, h\u00e9berg\u00e9 contre quelques picaillons par une famille dont j\u2019ai\noubli\u00e9 jusqu\u2019au nom. Aznavour \u00e9tait l\u00e0, bien en \u00e9vidence sur la pochette d\u2019un\ndisque 45 Tours microsillon comme on en faisait alors.<\/p>\n\n\n\n<p>Quatre titres, parmi lesquels <em>Le chemin de l\u2019\u00e9ternit\u00e9, <\/em>dont la derni\u00e8re strophe anticipait si bien le destin de celui qui allait gagner l\u2019\u00e9ternit\u00e9, soixante ans plus tard&nbsp;:<\/p>\n\n\n\n<p><em>Moi pour ne faire aucune souillure<\/em><em> \/ Ne rien salir, je peux si cela te rassure\n\/ Sans h\u00e9siter \u00f4ter mes chaussures\n\/ Et les pieds nus \/ Les mains tendues \/ Je veux gagner \/ L&rsquo;\u00e9ternit\u00e9.<\/em><\/p>\n\n\n\n<div class=\"wp-block-image\"><figure class=\"alignright\"><img loading=\"lazy\" width=\"204\" height=\"247\" src=\"https:\/\/i1.wp.com\/www.presstourism.ch\/WP_ALEX\/wp-content\/uploads\/2019\/06\/Teppaz-1.jpg?resize=204%2C247\" alt=\"\" class=\"wp-image-5798\" data-recalc-dims=\"1\"\/><\/figure><\/div>\n\n\n\n<p>En noir et blanc, je d\u00e9couvrais son visage pour la premi\u00e8re\nfois, respectueusement d\u00e9pos\u00e9 sur la table du salon. Pas tr\u00e8s engageant, \u00e0 vrai\ndire. Hautain et pitoyable \u00e0 la fois. Avec maints \u00e9gards, mon h\u00f4tesse extrayait\nd\u00e9licatement la petite galette noire dont l\u2019\u00e9tiquette portait la marque\nDucretet-Thomson \u2013 qui s\u2019en souvient&nbsp;? \u2013 et la d\u00e9posait sur la platine d\u2019un\ntourne-disques Teppaz aux formes arrondies, dont le haut-parleur constituait le\ncouvercle.<\/p>\n\n\n\n<p>Le samedi suivant, de retour \u00e0 la maison, je glissai le nom d\u2019Aznavour dans l\u2019une de nos rares discussions familiales. A ma grande surprise, mes parents avaient d\u00e9j\u00e0 entendu Aznavour \u00e0 la TSF.<\/p>\n\n\n\n<ul><li><em>Il n\u2019a pas de voix<\/em>, dit ma m\u00e8re.<\/li><li><em>Avec un nom comme \u00e7a, \u00e7a m\u2019\u00e9tonnerait\nqu\u2019il soir fran\u00e7ais<\/em>, ajouta mon p\u00e8re.<\/li><li><em>Et puis, t\u2019as vu son nez&nbsp;?<\/em><\/li><\/ul>\n\n\n\n<p>La cause \u00e9tait entendue. Aznavour ne percerait jamais dans la\nchanson. En tout cas jusqu\u2019\u00e0 ce qu\u2019il se d\u00e9cide \u00e0 changer, sinon de voix, au moins\nde nez\u2026<\/p>\n\n\n\n<div class=\"wp-block-image\"><figure class=\"alignright is-resized\"><img loading=\"lazy\" src=\"https:\/\/i0.wp.com\/www.presstourism.ch\/WP_ALEX\/wp-content\/uploads\/2019\/06\/piaf-aznavour.jpg?resize=214%2C142\" alt=\"\" class=\"wp-image-5799\" width=\"214\" height=\"142\" data-recalc-dims=\"1\" \/><figcaption>Eddie Constantine, Edith Piaf et Charles Aznavour (archives)<\/figcaption><\/figure><\/div>\n\n\n\n<p>Illustre\ninconnu, Aznavour \u00e9tait alors le secr\u00e9taire-chauffeur d\u2019Edith Piaf. Il la\nsuivait partout, y compris \u00e0 New-York. <\/p>\n\n\n\n<ul><li><em>Tu peux pas rester avec un tarin pareil<\/em>, lui dit-elle\ntout-\u00e0-trac avec la d\u00e9licatesse qui, parfois, la caract\u00e9risait.<\/li><\/ul>\n\n\n\n<p>Piaf\nvenait de changer la vie de son factotum pr\u00e9f\u00e9r\u00e9&nbsp;:<\/p>\n\n\n\n<ul><li><em>Un soir, mon nez a \u00e9t\u00e9 l\u2019objet d\u2019une discussion entre Edith, Eddie Constantine et l\u2019\u00e9diteur musical Lou Levy. Ce dernier leur a dit qu\u2019un de ses amis \u00e9tait un formidable chirurgien esth\u00e9tique.&nbsp;Six jours plus tard, je passais sur le billard. La nouvelle de mon op\u00e9ration a donn\u00e9 lieu \u00e0 une soir\u00e9e tr\u00e8s arros\u00e9e o\u00f9 nous avons enterr\u00e9 \u201cma vie avec un gros nez\u201d\u202f!&nbsp;<\/em><\/li><\/ul>\n\n\n\n<div class=\"wp-block-image\"><figure class=\"aligncenter\"><img loading=\"lazy\" width=\"576\" height=\"768\" src=\"https:\/\/i2.wp.com\/www.presstourism.ch\/WP_ALEX\/wp-content\/uploads\/2019\/06\/P1000748-Largeur-max.-1024-Hauteur-max.-768.jpg?resize=576%2C768\" alt=\"\" class=\"wp-image-5801\" srcset=\"https:\/\/i1.wp.com\/www.presstourism.ch\/wp-content\/uploads\/2019\/06\/P1000748-Largeur-max.-1024-Hauteur-max.-768.jpg?w=576 576w, https:\/\/i1.wp.com\/www.presstourism.ch\/wp-content\/uploads\/2019\/06\/P1000748-Largeur-max.-1024-Hauteur-max.-768.jpg?resize=225%2C300 225w\" sizes=\"(max-width: 576px) 100vw, 576px\" data-recalc-dims=\"1\" \/><figcaption>Hommage \u00e0 Charles Aznavour, affiche rendue devant l&rsquo;Op\u00e9ra d&rsquo;Erevan (2018)<\/figcaption><\/figure><\/div>\n\n\n\n<p>Octobre 2018. Il fait d\u00e9j\u00e0 froid \u00e0 Erevan. C\u2019est ici, \u00e0 deux pas de l\u2019Op\u00e9ra, sur la grande sc\u00e8ne en plein air install\u00e9e pour le Sommet de la Francophonie, qu\u2019Aznavour aurait d\u00fb chanter, une fois de plus, \u00ab&nbsp;son&nbsp;\u00bb Arm\u00e9nie \u00e0 la face du monde. Mais il est mort quelques jours plus t\u00f4t, en pleine nuit, parmi ses oliviers de Mouri\u00e8s. Pour le remplacer au pied lev\u00e9, les organisateurs ont fait appel \u00e0 Zaz, d&rsquo;origine arm\u00e9nienne, et Serge Lama. Pas de quoi casser trois pattes \u00e0 un canard.<\/p>\n\n\n\n<figure class=\"wp-block-image\"><img loading=\"lazy\" width=\"1280\" height=\"720\" src=\"https:\/\/i0.wp.com\/www.presstourism.ch\/WP_ALEX\/wp-content\/uploads\/2019\/06\/zaz.jpg?fit=640%2C360\" alt=\"\" class=\"wp-image-5800\" srcset=\"https:\/\/i0.wp.com\/www.presstourism.ch\/wp-content\/uploads\/2019\/06\/zaz.jpg?w=1280 1280w, https:\/\/i0.wp.com\/www.presstourism.ch\/wp-content\/uploads\/2019\/06\/zaz.jpg?resize=300%2C169 300w, https:\/\/i0.wp.com\/www.presstourism.ch\/wp-content\/uploads\/2019\/06\/zaz.jpg?resize=768%2C432 768w, https:\/\/i0.wp.com\/www.presstourism.ch\/wp-content\/uploads\/2019\/06\/zaz.jpg?resize=1024%2C576 1024w, https:\/\/i0.wp.com\/www.presstourism.ch\/wp-content\/uploads\/2019\/06\/zaz.jpg?resize=600%2C338 600w, https:\/\/i0.wp.com\/www.presstourism.ch\/wp-content\/uploads\/2019\/06\/zaz.jpg?w=1168 1168w\" sizes=\"(max-width: 584px) 100vw, 584px\" \/><figcaption>Zaz \u00e0 Erevan, octobre 2018 (Archives)<\/figcaption><\/figure>\n\n\n\n<p>Aznavour\nn\u2019est pas sur sc\u00e8ne mais il est partout dans sa ville. Sur les \u00e9crans de la\nt\u00e9l\u00e9vision nationale et les haut-parleurs de l\u2019a\u00e9roport, dans les taxis, les\nascenseurs et jusque dans les toilettes. Passent en <em>boucle Sur ma vie, Les\ndeux guitares, Je m\u2019voyais d\u00e9j\u00e0, Il faut savoir, La boh\u00e8me, Je n\u2019ai rien\noubli\u00e9, La mamma, Emmenez-moi, Hier encore&#8230; Et aussi Pour toi Arm\u00e9nie<\/em>,\ncompos\u00e9 avec son beau-fr\u00e8re Georges Garvarentz apr\u00e8s le terrible tremblement de\nterre de Spitak &#8211; Gyumri, en 1988&nbsp;:<\/p>\n\n\n\n<p><em>Tes printemps fleuriront encore<\/em><em> \/ Tes\nbeaux jours rena\u00eetront encore \/ Apr\u00e8s\nl&rsquo;hiver \/ Apr\u00e8s l&rsquo;enfer\n\/ Poussera l&rsquo;arbre de vie \/ Pour toi Arm\u00e9nie \/ Tes saisons chanteront encore \/ Tes enfants b\u00e2tiront plus fort \/ Apr\u00e8s l&rsquo;horreur \/ Apr\u00e8s la peur \/ Dieu soignera ton sol meurtri\u2026<\/em><\/p>\n\n\n\n<figure class=\"wp-block-embed-youtube wp-block-embed is-type-video is-provider-youtube wp-embed-aspect-4-3 wp-has-aspect-ratio\"><div class=\"wp-block-embed__wrapper\">\n<span class=\"embed-youtube\" style=\"text-align:center; display: block;\"><iframe loading=\"lazy\" class=\"youtube-player\" width=\"584\" height=\"329\" src=\"https:\/\/www.youtube.com\/embed\/D9MubrkRXLE?version=3&#038;rel=1&#038;showsearch=0&#038;showinfo=1&#038;iv_load_policy=1&#038;fs=1&#038;hl=fr-FR&#038;autohide=2&#038;wmode=transparent\" allowfullscreen=\"true\" style=\"border:0;\" sandbox=\"allow-scripts allow-same-origin allow-popups allow-presentation\"><\/iframe><\/span>\n<\/div><\/figure>\n\n\n\n<p>Aznavour\nn\u2019avait jamais oubli\u00e9 le pays de ses anc\u00eatres Mais c\u2019est apr\u00e8s le tremblement\nde terre de 1988 qu\u2019il s\u2019est engag\u00e9 \u00e0 corps perdu, \u00e0 finances perdues, pour son\npays.<\/p>\n\n\n\n<ul><li><em>\u00c0 mes d\u00e9buts, lorsque je me rendais en Arm\u00e9nie, on me disait:\n\u201cAh vous \u00eates revenu au pays\u201d ; et je r\u00e9pondais: \u201cNon, mon pays, c&rsquo;est la\nFrance\u201d.<\/em><\/li><\/ul>\n\n\n\n<p>En\n1991, juste apr\u00e8s l\u2019ind\u00e9pendance de l\u2019Arm\u00e9nie, le premier pr\u00e9sident de la toute\njeune r\u00e9publique avait d\u00e9j\u00e0 propos\u00e9 \u00e0 Charles Aznavour de devenir \u00ab&nbsp;ambassadeur\nd\u2019Arm\u00e9nie \u00e0 Gen\u00e8ve&nbsp;\u00bb et, quatre ans plus tard, il est nomm\u00e9 d\u00e9l\u00e9gu\u00e9\npermanent aupr\u00e8s de l\u2019Unesco. Depuis 2001, une place d\u2019Erevan porte son nom et\nen 2004 lui est d\u00e9cern\u00e9 le titre de \u00ab&nbsp;h\u00e9ros national&nbsp;\u00bb.<\/p>\n\n\n\n<figure class=\"wp-block-image\"><img loading=\"lazy\" width=\"584\" height=\"249\" src=\"https:\/\/i2.wp.com\/www.presstourism.ch\/WP_ALEX\/wp-content\/uploads\/2019\/06\/sarkozy-aznavour-armenie-409311-jpg_270533_660x281.jpg?resize=584%2C249\" alt=\"\" class=\"wp-image-5802\" srcset=\"https:\/\/i1.wp.com\/www.presstourism.ch\/wp-content\/uploads\/2019\/06\/sarkozy-aznavour-armenie-409311-jpg_270533_660x281.jpg?w=660 660w, https:\/\/i1.wp.com\/www.presstourism.ch\/wp-content\/uploads\/2019\/06\/sarkozy-aznavour-armenie-409311-jpg_270533_660x281.jpg?resize=300%2C128 300w, https:\/\/i1.wp.com\/www.presstourism.ch\/wp-content\/uploads\/2019\/06\/sarkozy-aznavour-armenie-409311-jpg_270533_660x281.jpg?resize=600%2C255 600w\" sizes=\"(max-width: 584px) 100vw, 584px\" data-recalc-dims=\"1\" \/><figcaption>Charles Aznavour, Nicolas Sarkozy et Serge Sarkissin \u00e0 Erevan en 2011 (Archives).<\/figcaption><\/figure>\n\n\n\n<p>Dans un b\u00e2timent inaugur\u00e9 d\u00e8s 2011 par les pr\u00e9sidents arm\u00e9nien et fran\u00e7ais, Charles Aznavour et son fils Nicolas ont cr\u00e9\u00e9 en 2017 la <em>Fondation Aznavour<\/em>. <\/p>\n\n\n\n<figure class=\"wp-block-image\"><img loading=\"lazy\" width=\"1024\" height=\"768\" src=\"https:\/\/i2.wp.com\/www.presstourism.ch\/WP_ALEX\/wp-content\/uploads\/2019\/06\/P1020093-Largeur-max.-1024-Hauteur-max.-768.jpg?fit=640%2C480\" alt=\"\" class=\"wp-image-5805\" srcset=\"https:\/\/i1.wp.com\/www.presstourism.ch\/wp-content\/uploads\/2019\/06\/P1020093-Largeur-max.-1024-Hauteur-max.-768.jpg?w=1024 1024w, https:\/\/i1.wp.com\/www.presstourism.ch\/wp-content\/uploads\/2019\/06\/P1020093-Largeur-max.-1024-Hauteur-max.-768.jpg?resize=300%2C225 300w, https:\/\/i1.wp.com\/www.presstourism.ch\/wp-content\/uploads\/2019\/06\/P1020093-Largeur-max.-1024-Hauteur-max.-768.jpg?resize=768%2C576 768w, https:\/\/i1.wp.com\/www.presstourism.ch\/wp-content\/uploads\/2019\/06\/P1020093-Largeur-max.-1024-Hauteur-max.-768.jpg?resize=600%2C450 600w\" sizes=\"(max-width: 584px) 100vw, 584px\" \/><figcaption>La Maison Charles Aznavour sur les hauts d&rsquo;Erevan.<\/figcaption><\/figure>\n\n\n\n<p>D\u00e8s 2021, le Centre accueillera, dans dix salles de cette immense maison perch\u00e9e au sommet d\u2019Erevan, l\u2019\u00e9vocation de son histoire personnelle dont il avait pris soin d\u2019enregistrer le commentaire peu avant sa mort. La dimension culturelle de ce lieu, appel\u00e9 \u00e0 accueillir des milliers de visiteurs, portera sur les trois passions de Charles Aznavour&nbsp;: le cin\u00e9ma, la musique et le fran\u00e7ais.<\/p>\n\n\n\n<figure class=\"wp-block-image\"><img loading=\"lazy\" width=\"584\" height=\"358\" src=\"https:\/\/i0.wp.com\/www.presstourism.ch\/WP_ALEX\/wp-content\/uploads\/2019\/06\/P1020042-Largeur-max.-1024-Hauteur-max.-768-1.jpg?resize=584%2C358\" alt=\"\" class=\"wp-image-5807\" srcset=\"https:\/\/i1.wp.com\/www.presstourism.ch\/wp-content\/uploads\/2019\/06\/P1020042-Largeur-max.-1024-Hauteur-max.-768-1.jpg?w=787 787w, https:\/\/i1.wp.com\/www.presstourism.ch\/wp-content\/uploads\/2019\/06\/P1020042-Largeur-max.-1024-Hauteur-max.-768-1.jpg?resize=300%2C184 300w, https:\/\/i1.wp.com\/www.presstourism.ch\/wp-content\/uploads\/2019\/06\/P1020042-Largeur-max.-1024-Hauteur-max.-768-1.jpg?resize=768%2C470 768w, https:\/\/i1.wp.com\/www.presstourism.ch\/wp-content\/uploads\/2019\/06\/P1020042-Largeur-max.-1024-Hauteur-max.-768-1.jpg?resize=600%2C367 600w\" sizes=\"(max-width: 584px) 100vw, 584px\" data-recalc-dims=\"1\" \/><figcaption>Ouverture au public: 2021.<\/figcaption><\/figure>\n\n\n\n<p style=\"text-align:right\"><em>Alex D\u00e9cotte, juin 2019<\/em><\/p>\n\n\n\n<ul><li>Sauf mention contraire, le photos sont de l&rsquo;auteur.<\/li><\/ul>\n\n\n\n<p><a href=\"https:\/\/www.rts.ch\/archives\/8575662-charles-aznavour-adieu-l-artiste.html\">Aznavour dans les archives de la RTS&#8230;<\/a><\/p>\n\n\n\n<p><\/p>\n","protected":false},"excerpt":{"rendered":"<p>Ma premi\u00e8re rencontre avec Charles Aznavour remonte \u00e0 la fin des ann\u00e9es cinquante. Je m\u2019en souviens comme si c\u2019\u00e9tait hier. C\u2019\u00e9tait \u00e0 deux pas de Gen\u00e8ve. Demi-pensionnaire dans un des coll\u00e8ges qui avaient encore bien voulu m\u2019accueillir en classe, je &hellip; <a href=\"http:\/\/www.presstourism.ch\/?page_id=5796\">Continuer la lecture <span class=\"meta-nav\">&rarr;<\/span><\/a><\/p>\n","protected":false},"author":1,"featured_media":0,"parent":5679,"menu_order":0,"comment_status":"closed","ping_status":"closed","template":"","meta":{"ngg_post_thumbnail":0,"spay_email":""},"jetpack_sharing_enabled":true,"jetpack_shortlink":"https:\/\/wp.me\/P468TV-1vu","_links":{"self":[{"href":"http:\/\/www.presstourism.ch\/index.php?rest_route=\/wp\/v2\/pages\/5796"}],"collection":[{"href":"http:\/\/www.presstourism.ch\/index.php?rest_route=\/wp\/v2\/pages"}],"about":[{"href":"http:\/\/www.presstourism.ch\/index.php?rest_route=\/wp\/v2\/types\/page"}],"author":[{"embeddable":true,"href":"http:\/\/www.presstourism.ch\/index.php?rest_route=\/wp\/v2\/users\/1"}],"replies":[{"embeddable":true,"href":"http:\/\/www.presstourism.ch\/index.php?rest_route=%2Fwp%2Fv2%2Fcomments&post=5796"}],"version-history":[{"count":5,"href":"http:\/\/www.presstourism.ch\/index.php?rest_route=\/wp\/v2\/pages\/5796\/revisions"}],"predecessor-version":[{"id":5818,"href":"http:\/\/www.presstourism.ch\/index.php?rest_route=\/wp\/v2\/pages\/5796\/revisions\/5818"}],"up":[{"embeddable":true,"href":"http:\/\/www.presstourism.ch\/index.php?rest_route=\/wp\/v2\/pages\/5679"}],"wp:attachment":[{"href":"http:\/\/www.presstourism.ch\/index.php?rest_route=%2Fwp%2Fv2%2Fmedia&parent=5796"}],"curies":[{"name":"wp","href":"https:\/\/api.w.org\/{rel}","templated":true}]}}