{"id":5657,"date":"2019-06-11T09:05:11","date_gmt":"2019-06-11T08:05:11","guid":{"rendered":"http:\/\/www.presstourism.ch\/WP_ALEX\/?page_id=5657"},"modified":"2019-06-11T09:05:12","modified_gmt":"2019-06-11T08:05:12","slug":"tourisme-et-vacances-en-armenie","status":"publish","type":"page","link":"http:\/\/www.presstourism.ch\/?page_id=5657","title":{"rendered":"Tourisme et vacances en Arm\u00e9nie"},"content":{"rendered":"\n<figure class=\"wp-block-image\"><img loading=\"lazy\" width=\"329\" height=\"82\" src=\"https:\/\/i2.wp.com\/www.presstourism.ch\/WP_ALEX\/wp-content\/uploads\/2019\/06\/Pichon.jpg?resize=329%2C82\" alt=\"\" class=\"wp-image-5658\" srcset=\"https:\/\/i2.wp.com\/www.presstourism.ch\/wp-content\/uploads\/2019\/06\/Pichon.jpg?w=329 329w, https:\/\/i2.wp.com\/www.presstourism.ch\/wp-content\/uploads\/2019\/06\/Pichon.jpg?resize=300%2C75 300w\" sizes=\"(max-width: 329px) 100vw, 329px\" data-recalc-dims=\"1\" \/><\/figure>\n\n\n\n<p><em>Publi\u00e9 le&nbsp;<a href=\"http:\/\/www.pichonvoyageur.ch\/tourisme-et-vacances-en-armenie\/\">10 juin 2019<\/a><\/em><em>&nbsp;par&nbsp;<a href=\"http:\/\/www.pichonvoyageur.ch\/author\/pichonvoyageur\/\">Bernard Pichon<\/a><\/em><\/p>\n\n\n\n<figure class=\"wp-block-image\"><a href=\"https:\/\/i1.wp.com\/www.pichonvoyageur.ch\/wp-content\/uploads\/2019\/06\/PicMonkey-Image.jpg\"><img src=\"https:\/\/i1.wp.com\/www.pichonvoyageur.ch\/wp-content\/uploads\/2019\/06\/PicMonkey-Image.jpg?w=584\" alt=\"Arm\u00e9nie couvents\" class=\"wp-image-9041\" data-recalc-dims=\"1\"\/><\/a><figcaption>Un patrimoine architectural exceptionnel, notamment dans le domaine religieux<\/figcaption><\/figure>\n\n\n\n<p>Le pays du regrett\u00e9&nbsp;Charles Aznavour&nbsp;a longtemps pein\u00e9 \u00e0 imposer une image en dehors des douloureux al\u00e9as de son histoire. Mais la qu\u00eate de nouveaux horizons touristiques \u2013 \u00e0 l\u2019\u00e9cart des sites envahis \u2013 est en passe d\u2019en faire une destination tendance, riche en panoramas quasi bibliques. Les arguments ne manquent pas pour attirer vers l\u2019Arm\u00e9nie&nbsp;les amateurs de superbes&nbsp;\u00e9glises&nbsp;et&nbsp;monast\u00e8res&nbsp;form\u00e9s d\u2019\u00e9normes pierres sculpt\u00e9es. Trois de ces&nbsp;sanctuaires&nbsp;sont class\u00e9s par l\u2019Unesco.<\/p>\n\n\n\n<p>Ces atouts viennent de s\u00e9duire le grand voyageur Robert Sirdey, ancien pilote et toujours photographe : \u00ab&nbsp;Les paysages sont superbes, souvent form\u00e9s d\u2019une suite de plateaux et de gros mamelons tr\u00e8s verts devant un arri\u00e8re-plan de hautes montagnes. Peu de villages, assez peu de for\u00eats. Les canyons de l\u2019\u00e9rosion creusent profond\u00e9ment ces \u00e9tendues&nbsp;\u00bb.<\/p>\n\n\n\n<p>Et d\u2019en ajouter sur ce qui fait le sel du&nbsp;<strong>voy<\/strong>age&nbsp;: \u00ab&nbsp;Le plus marquant, c\u2019est la rencontre des gens, tous accueillants. Peuple martyre, vol\u00e9 de son Anatolie par les Ottomans, massacr\u00e9 lors du&nbsp;g\u00e9nocide, sovi\u00e9tis\u00e9 pendant 70 ans, tyrannis\u00e9 sous la botte des oligarques pendant 30 ans, il doit sa toute r\u00e9cente d\u00e9mocratie et sa libert\u00e9 \u00e0 la r\u00e9volution dite \u00ab de Velours \u00bb intervenue voici un an. R\u00e9volution mod\u00e8le sans aucune casse, sans une goutte de sang&nbsp;\u00bb.<\/p>\n\n\n\n<p>Enthousiaste, Robert Sirdey \u00e9voque encore une v\u00e9ritable renaissance sociale, culturelle et m\u00eame nationale, avec des r\u00e9alisations dans le domaine de l\u2019\u00e9ducation qui l\u2019ont laiss\u00e9 pantois. Elles doivent beaucoup \u00e0 l\u2019enthousiasme local intelligent, beaucoup \u00e9galement \u00e0 la manne d\u2019une&nbsp;diaspora&nbsp;g\u00e9n\u00e9reuse. La pugnacit\u00e9 cr\u00e9ative \u2013 en particulier de certaines jeunes femmes cultiv\u00e9es \u2013 a forc\u00e9 son appr\u00e9ciation.<\/p>\n\n\n\n<p>A ne pas n\u00e9gliger non plus une bonne&nbsp;cuisine&nbsp;vari\u00e9e, particuli\u00e8rement savoureuse et saine. Pas \u00e9tonnant que les&nbsp;tours-op\u00e9rateurs incluent d\u00e9sormais dans leurs programmes des repas chez l\u2019habitant\u2026la fa\u00e7on sans doute la plus conviviale de combiner plaisirs des sens et immersion culturelle.<\/p>\n\n\n\n<p><strong>A retrouver sur  http:\/\/www.pichonvoyageur.ch\/ <\/strong><\/p>\n","protected":false},"excerpt":{"rendered":"<p>Publi\u00e9 le&nbsp;10 juin 2019&nbsp;par&nbsp;Bernard Pichon Le pays du regrett\u00e9&nbsp;Charles Aznavour&nbsp;a longtemps pein\u00e9 \u00e0 imposer une image en dehors des douloureux al\u00e9as de son histoire. Mais la qu\u00eate de nouveaux horizons touristiques \u2013 \u00e0 l\u2019\u00e9cart des sites envahis \u2013 est en &hellip; <a href=\"http:\/\/www.presstourism.ch\/?page_id=5657\">Continuer la lecture <span class=\"meta-nav\">&rarr;<\/span><\/a><\/p>\n","protected":false},"author":1,"featured_media":0,"parent":5565,"menu_order":0,"comment_status":"closed","ping_status":"closed","template":"","meta":{"ngg_post_thumbnail":0,"spay_email":""},"jetpack_sharing_enabled":true,"jetpack_shortlink":"https:\/\/wp.me\/P468TV-1tf","_links":{"self":[{"href":"http:\/\/www.presstourism.ch\/index.php?rest_route=\/wp\/v2\/pages\/5657"}],"collection":[{"href":"http:\/\/www.presstourism.ch\/index.php?rest_route=\/wp\/v2\/pages"}],"about":[{"href":"http:\/\/www.presstourism.ch\/index.php?rest_route=\/wp\/v2\/types\/page"}],"author":[{"embeddable":true,"href":"http:\/\/www.presstourism.ch\/index.php?rest_route=\/wp\/v2\/users\/1"}],"replies":[{"embeddable":true,"href":"http:\/\/www.presstourism.ch\/index.php?rest_route=%2Fwp%2Fv2%2Fcomments&post=5657"}],"version-history":[{"count":2,"href":"http:\/\/www.presstourism.ch\/index.php?rest_route=\/wp\/v2\/pages\/5657\/revisions"}],"predecessor-version":[{"id":5660,"href":"http:\/\/www.presstourism.ch\/index.php?rest_route=\/wp\/v2\/pages\/5657\/revisions\/5660"}],"up":[{"embeddable":true,"href":"http:\/\/www.presstourism.ch\/index.php?rest_route=\/wp\/v2\/pages\/5565"}],"wp:attachment":[{"href":"http:\/\/www.presstourism.ch\/index.php?rest_route=%2Fwp%2Fv2%2Fmedia&parent=5657"}],"curies":[{"name":"wp","href":"https:\/\/api.w.org\/{rel}","templated":true}]}}