{"id":5505,"date":"2019-05-31T05:39:08","date_gmt":"2019-05-31T04:39:08","guid":{"rendered":"http:\/\/www.presstourism.ch\/WP_ALEX\/?page_id=5505"},"modified":"2019-06-04T20:47:23","modified_gmt":"2019-06-04T19:47:23","slug":"articles-anciens","status":"publish","type":"page","link":"http:\/\/www.presstourism.ch\/?page_id=5505","title":{"rendered":"Arm\u00e9nie 2014"},"content":{"rendered":"\n<p>Plusieurs journalistes suisses s&rsquo;\u00e9taient rendus en Arm\u00e9nie en 2014. Vous retrouverez leurs articles ci-dessous, en version PDF.<\/p>\n\n\n\n<div class=\"wp-block-file\"><a href=\"http:\/\/www.presstourism.ch\/WP_ALEX\/wp-content\/uploads\/2019\/05\/24-heures-avril-14.pdf\">L&rsquo;Arm\u00e9nie, protectorat russe \/ 24 heures \/ 30 avril 2014<\/a><a href=\"http:\/\/www.presstourism.ch\/WP_ALEX\/wp-content\/uploads\/2019\/05\/24-heures-avril-14.pdf\" class=\"wp-block-file__button\" download>T\u00e9l\u00e9charger<\/a><\/div>\n\n\n\n<div class=\"wp-block-file\"><a href=\"http:\/\/www.presstourism.ch\/WP_ALEX\/wp-content\/uploads\/2019\/05\/24-heures-may14.pdf\">Divins tr\u00e9sors d&rsquo;Arm\u00e9nie \/ 24 heures \/ 3 mai 2014<\/a><a href=\"http:\/\/www.presstourism.ch\/WP_ALEX\/wp-content\/uploads\/2019\/05\/24-heures-may14.pdf\" class=\"wp-block-file__button\" download>T\u00e9l\u00e9charger<\/a><\/div>\n\n\n\n<div class=\"wp-block-file\"><a href=\"http:\/\/www.presstourism.ch\/WP_ALEX\/wp-content\/uploads\/2019\/05\/TDG-avril-14.pdf\">Sous l&rsquo;aile de Moscou \/ Tribune de Gen\u00e8ve \/ 30 avril 2014<\/a><a href=\"http:\/\/www.presstourism.ch\/WP_ALEX\/wp-content\/uploads\/2019\/05\/TDG-avril-14.pdf\" class=\"wp-block-file__button\" download>T\u00e9l\u00e9charger<\/a><\/div>\n\n\n\n<div class=\"wp-block-file\"><a href=\"http:\/\/www.presstourism.ch\/WP_ALEX\/wp-content\/uploads\/2019\/05\/La-Liberte-apr14.pdf\">Les voeux de P\u00e2ques de l&rsquo;archimandrite \/ La Libert\u00e9 \/ 19 avril 2014<\/a><a href=\"http:\/\/www.presstourism.ch\/WP_ALEX\/wp-content\/uploads\/2019\/05\/La-Liberte-apr14.pdf\" class=\"wp-block-file__button\" download>T\u00e9l\u00e9charger<\/a><\/div>\n\n\n\n<div class=\"wp-block-file\"><a href=\"http:\/\/www.presstourism.ch\/WP_ALEX\/wp-content\/uploads\/2019\/05\/La-Liberte-DEUX-apr14.pdf\">L&rsquo;Arm\u00e9nie face \u00e0 d&rsquo;\u00e9normes d\u00e9fis \/ La Libert\u00e9 \/ 16 avril 2014<\/a><a href=\"http:\/\/www.presstourism.ch\/WP_ALEX\/wp-content\/uploads\/2019\/05\/La-Liberte-DEUX-apr14.pdf\" class=\"wp-block-file__button\" download>T\u00e9l\u00e9charger<\/a><\/div>\n\n\n\n<div class=\"wp-block-file\"><a href=\"http:\/\/www.presstourism.ch\/WP_ALEX\/wp-content\/uploads\/2019\/05\/R\u00e9gion-Nord-Vaudois-APR14.pdf\">Les \u00ab\u00a0Ailes de Tatev\u00a0\u00bb, fiert\u00e9 suisse \/ R\u00e9gion Nord Vaudois \/ 12 avril 2014<\/a><a href=\"http:\/\/www.presstourism.ch\/WP_ALEX\/wp-content\/uploads\/2019\/05\/R\u00e9gion-Nord-Vaudois-APR14.pdf\" class=\"wp-block-file__button\" download>T\u00e9l\u00e9charger<\/a><\/div>\n\n\n\n<div class=\"wp-block-file\"><a href=\"http:\/\/www.presstourism.ch\/WP_ALEX\/wp-content\/uploads\/2019\/05\/WENDEZEIT-3-14.pdf\"> Armenien \u2013 das \u00e4lteste christliche Land der Welt \/ Wendezeit 3.14<\/a><a href=\"http:\/\/www.presstourism.ch\/WP_ALEX\/wp-content\/uploads\/2019\/05\/WENDEZEIT-3-14.pdf\" class=\"wp-block-file__button\" download>T\u00e9l\u00e9charger<\/a><\/div>\n","protected":false},"excerpt":{"rendered":"<p>Plusieurs journalistes suisses s&rsquo;\u00e9taient rendus en Arm\u00e9nie en 2014. Vous retrouverez leurs articles ci-dessous, en version PDF.<\/p>\n","protected":false},"author":1,"featured_media":0,"parent":713,"menu_order":0,"comment_status":"closed","ping_status":"closed","template":"","meta":{"ngg_post_thumbnail":0,"spay_email":""},"jetpack_sharing_enabled":true,"jetpack_shortlink":"https:\/\/wp.me\/P468TV-1qN","_links":{"self":[{"href":"http:\/\/www.presstourism.ch\/index.php?rest_route=\/wp\/v2\/pages\/5505"}],"collection":[{"href":"http:\/\/www.presstourism.ch\/index.php?rest_route=\/wp\/v2\/pages"}],"about":[{"href":"http:\/\/www.presstourism.ch\/index.php?rest_route=\/wp\/v2\/types\/page"}],"author":[{"embeddable":true,"href":"http:\/\/www.presstourism.ch\/index.php?rest_route=\/wp\/v2\/users\/1"}],"replies":[{"embeddable":true,"href":"http:\/\/www.presstourism.ch\/index.php?rest_route=%2Fwp%2Fv2%2Fcomments&post=5505"}],"version-history":[{"count":14,"href":"http:\/\/www.presstourism.ch\/index.php?rest_route=\/wp\/v2\/pages\/5505\/revisions"}],"predecessor-version":[{"id":5591,"href":"http:\/\/www.presstourism.ch\/index.php?rest_route=\/wp\/v2\/pages\/5505\/revisions\/5591"}],"up":[{"embeddable":true,"href":"http:\/\/www.presstourism.ch\/index.php?rest_route=\/wp\/v2\/pages\/713"}],"wp:attachment":[{"href":"http:\/\/www.presstourism.ch\/index.php?rest_route=%2Fwp%2Fv2%2Fmedia&parent=5505"}],"curies":[{"name":"wp","href":"https:\/\/api.w.org\/{rel}","templated":true}]}}

Arménie 2014

<p>Plusieurs journalistes suisses s&rsquo;étaient rendus en Arménie en 2014. Vous retrouverez leurs articles ci-dessous, en version PDF.</p>



<div class="wp-block-file"><a href="http://www.presstourism.ch/WP_ALEX/wp-content/uploads/2019/05/24-heures-avril-14.pdf">L&rsquo;Arménie, protectorat russe / 24 heures / 30 avril 2014</a><a href="http://www.presstourism.ch/WP_ALEX/wp-content/uploads/2019/05/24-heures-avril-14.pdf" class="wp-block-file__button" download>Télécharger</a></div>



<div class="wp-block-file"><a href="http://www.presstourism.ch/WP_ALEX/wp-content/uploads/2019/05/24-heures-may14.pdf">Divins trésors d&rsquo;Arménie / 24 heures / 3 mai 2014</a><a href="http://www.presstourism.ch/WP_ALEX/wp-content/uploads/2019/05/24-heures-may14.pdf" class="wp-block-file__button" download>Télécharger</a></div>



<div class="wp-block-file"><a href="http://www.presstourism.ch/WP_ALEX/wp-content/uploads/2019/05/TDG-avril-14.pdf">Sous l&rsquo;aile de Moscou / Tribune de Genève / 30 avril 2014</a><a href="http://www.presstourism.ch/WP_ALEX/wp-content/uploads/2019/05/TDG-avril-14.pdf" class="wp-block-file__button" download>Télécharger</a></div>



<div class="wp-block-file"><a href="http://www.presstourism.ch/WP_ALEX/wp-content/uploads/2019/05/La-Liberte-apr14.pdf">Les voeux de Pâques de l&rsquo;archimandrite / La Liberté / 19 avril 2014</a><a href="http://www.presstourism.ch/WP_ALEX/wp-content/uploads/2019/05/La-Liberte-apr14.pdf" class="wp-block-file__button" download>Télécharger</a></div>



<div class="wp-block-file"><a href="http://www.presstourism.ch/WP_ALEX/wp-content/uploads/2019/05/La-Liberte-DEUX-apr14.pdf">L&rsquo;Arménie face à d&rsquo;énormes défis / La Liberté / 16 avril 2014</a><a href="http://www.presstourism.ch/WP_ALEX/wp-content/uploads/2019/05/La-Liberte-DEUX-apr14.pdf" class="wp-block-file__button" download>Télécharger</a></div>



<div class="wp-block-file"><a href="http://www.presstourism.ch/WP_ALEX/wp-content/uploads/2019/05/Région-Nord-Vaudois-APR14.pdf">Les « Ailes de Tatev », fierté suisse / Région Nord Vaudois / 12 avril 2014</a><a href="http://www.presstourism.ch/WP_ALEX/wp-content/uploads/2019/05/Région-Nord-Vaudois-APR14.pdf" class="wp-block-file__button" download>Télécharger</a></div>



<div class="wp-block-file"><a href="http://www.presstourism.ch/WP_ALEX/wp-content/uploads/2019/05/WENDEZEIT-3-14.pdf"> Armenien – das älteste christliche Land der Welt / Wendezeit 3.14</a><a href="http://www.presstourism.ch/WP_ALEX/wp-content/uploads/2019/05/WENDEZEIT-3-14.pdf" class="wp-block-file__button" download>Télécharger</a></div>

<p>Plusieurs journalistes suisses s&rsquo;étaient rendus en Arménie en 2014. Vous retrouverez leurs articles ci-dessous, en version PDF.</p>
