{"id":5012,"date":"2018-12-25T21:05:06","date_gmt":"2018-12-25T20:05:06","guid":{"rendered":"http:\/\/www.presstourism.ch\/WP_ALEX\/?page_id=5012"},"modified":"2024-04-13T11:59:45","modified_gmt":"2024-04-13T09:59:45","slug":"%ef%bb%bfcalgary-stampede","status":"publish","type":"page","link":"http:\/\/www.presstourism.ch\/?page_id=5012","title":{"rendered":"\ufeffCalgary Stampede"},"content":{"rendered":"\n<figure class=\"wp-block-image\"><img src=\"https:\/\/i1.wp.com\/s169196779.onlinehome.fr\/wp-content\/uploads\/2013\/09\/Dia073.0023.jpg\" alt=\"Dia073.0023\"\/><figcaption>Epreuve classique du rod\u00e9o, Saddle Bronc Riding consiste \u00e0 se tenir en selle pendant 8 secondes.<\/figcaption><\/figure>\n\n\n\n<p><strong>Photos: Maximilien Bruggmann et Alex D\u00e9cotte \/ Texte Alex D\u00e9cotte<\/strong><\/p>\n\n\n\n<div class=\"wp-block-image\"><figure class=\"alignright is-resized\"><img loading=\"lazy\" src=\"https:\/\/i2.wp.com\/www.presstourism.ch\/WP_ALEX\/wp-content\/uploads\/2019\/06\/NC35024_0007m.jpg?resize=277%2C287\" alt=\"\" class=\"wp-image-5895\" width=\"277\" height=\"287\" srcset=\"https:\/\/i0.wp.com\/www.presstourism.ch\/wp-content\/uploads\/2019\/06\/NC35024_0007m.jpg?w=968 968w, https:\/\/i0.wp.com\/www.presstourism.ch\/wp-content\/uploads\/2019\/06\/NC35024_0007m.jpg?resize=290%2C300 290w, https:\/\/i0.wp.com\/www.presstourism.ch\/wp-content\/uploads\/2019\/06\/NC35024_0007m.jpg?resize=768%2C795 768w, https:\/\/i0.wp.com\/www.presstourism.ch\/wp-content\/uploads\/2019\/06\/NC35024_0007m.jpg?resize=600%2C621 600w\" sizes=\"(max-width: 277px) 100vw, 277px\" data-recalc-dims=\"1\" \/><figcaption>Ma premi\u00e8re participation au Stampede de Calgary remonte \u00e0 &#8230;. 1971.<\/figcaption><\/figure><\/div>\n\n\n\n<p>Il \u00e9tait une\nfois dans l\u2019Ouest rien du tout. Rien. Enfin presque rien. Aux confins de la\nplaine \u00e9ternelle et de la montagne absolue, au revers des premi\u00e8res collines,\nau confluent de deux rivi\u00e8res d\u2019argent qui ne se nommaient pas encore la Bow et\nl\u2019Elbow, un rendez-vous pour bisons roux, ours bruns et loups blancs. Le\npremier Indien \u00e9tait pass\u00e9 depuis quelques milliers d\u2019ann\u00e9es, mais avait\npoursuivi son chemin vers le Sud. Le premier homme blanc, lui, en \u00e9tait encore\n\u00e0 chercher le passage qui, par-del\u00e0 l\u2019oc\u00e9an, lui permettrait de gagner les\nIndes. Et, bien entendu, le sable gris bordant le lit de la Bow et de l\u2019Elbow\nn\u2019avait jamais \u00e9t\u00e9 foul\u00e9 par le sabot d\u2019un seul de ces chevaux que les\nexplorateurs europ\u00e9ens am\u00e8neraient dans les cales de leurs caravelles. Bref, ce\npetit coin d\u2019univers \u00e9tait un coin de paradis, \u00e0 peut pr\u00e8s vierge et\ncompl\u00e8tement innocent.<\/p>\n\n\n\n<div class=\"wp-block-image\"><figure class=\"aligncenter\"><img src=\"https:\/\/i0.wp.com\/s169196779.onlinehome.fr\/wp-content\/uploads\/2013\/08\/26N-P11-009.jpg?resize=856%2C1024\" alt=\"26N-P11-009\"\/><figcaption>Chaque ann\u00e9e, les familles des Premi\u00e8res Nations se r\u00e9unissent pendant le Stampede au confluent des rivi\u00e8res Bow et Elbow mais ne participent g\u00e9n\u00e9ralement pas au rod\u00e9o.<\/figcaption><\/figure><\/div>\n\n\n\n<p>Les choses\nont bien chang\u00e9 et chaque ann\u00e9e, en juillet, le confluent de la Bow et de\nl\u2019Elbow devient d\u00e9sormais, pour dix jours, le centre du monde. Un lieu vers\nlequel convergent des centaines de milliers de curieux, trois ou quatre cents\nIndiens appartenant \u00e0 deux ou trois tribus, une centaine de chevaux sauvages,\nquelques bisons, des boeufs, des vachettes, une trentaine de carrioles b\u00e2ch\u00e9es\naux roues de bois cercl\u00e9es de m\u00e9tal, tir\u00e9es par quatre chevaux \u00e0 la fl\u00e8che, une\npoign\u00e9e de violoneux, trois clowns et quelques dou\u00aczaines de h\u00e9ros tout droit\ntir\u00e9s du parnasse am\u00e9ricain, moiti\u00e9 hom\u00acmes, moiti\u00e9 dieux, la m\u00e2choire\nvolontaire, le regard incisif, le corps pr\u00eat \u00e0 bondir, les bottes \u00e0 talons\naussi dures que les pieds d\u2019une statue, l\u2019aur\u00e9ole d\u2019un large chapeau prot\u00e9geant\ndu soleil leur front d\u00e9cid\u00e9: les rodeomen.<\/p>\n\n\n\n<div class=\"wp-block-image\"><figure class=\"aligncenter\"><img src=\"https:\/\/i1.wp.com\/s169196779.onlinehome.fr\/wp-content\/uploads\/2013\/08\/Dia076.0028.jpg?resize=1024%2C768\" alt=\"Dia076.0028\"\/><figcaption>La seule \u00e9preuve de groupe consiste, par \u00e9quipes de deux cowboys, \u00e0 attraper les vaches au lasso, \u00e0 les immobiliser et \u00e0 les traire. Sera d\u00e9clar\u00e9 vainqueur le premier \u00e0 apporter au jury un seau rempli de lait.<\/figcaption><\/figure><\/div>\n\n\n\n<p><a href=\"http:\/\/i1.wp.com\/s169196779.onlinehome.fr\/wp-content\/uploads\/2013\/08\/Dia076.0028.jpg\"><\/a>Etrange vari\u00e9t\u00e9 que celle-l\u00e0. D\u2019o\u00f9\nviennent-ils, de quel ranch, de quel canyon ? Par quel chemin de poussi\u00e8re et\nde lumi\u00e8re ? Et pourquoi sont-ils donc l\u00e0, au centre de cette ar\u00e8ne, pour ce\njeu de vie et de mort qui ne durera que quelques secondes et dont la violence\np\u00e8sera de toute son \u00e9ternit\u00e9 ? Que cherchent-ils ? L\u2019argent ? La gloire? Le\nrisque ? Ou simplement la beaut\u00e9 du geste, la densit\u00e9 de l\u2019instant ?<\/p>\n\n\n\n<div class=\"wp-block-image\"><figure class=\"aligncenter\"><img src=\"https:\/\/i2.wp.com\/s169196779.onlinehome.fr\/wp-content\/uploads\/2013\/08\/Dia077.0016.jpg?resize=1024%2C713\" alt=\"Dia077.0016\"\/><figcaption>La tradition veut que certains des chevaux soient pouss\u00e9s par les cowwoys, \u00e0 travers la campagne, de leur ranch lointain jusqu&rsquo;aux \u00e9curies du Stampede.<\/figcaption><\/figure><\/div>\n\n\n\n<p>Les huit ou\ndouze secondes pendant lesquelles le rodeoman parviendra \u2013 ou ne parviendra pas\n\u2013 \u00e0 se maintenir en \u00e9quilibre sur le dos du mustang constituent \u00e0 chaque fois\nun miracle, salu\u00e9 par le souffle retenu de tout le public. Sur le fronton de\nlumi\u00e8re viennent s\u2019inscrire les points attribu\u00e9s imm\u00e9diatement par le jury. Eh\nnon, Joe, tu ne seras pas encore champion de l\u2019Alberta cette ann\u00e9e, ni \u00e0 plus\nforte raison champion du monde, mais tu t\u2019es bien battu, tu n\u2019as pas eu peur,\nle cheval \u00e9tait nerveux, tu as pris dans les reins des coups qui an\u00e9antiraient\nle plus robuste des pi\u00e9tons citadins, tu as tenu bien haut la main droite\ntandis que, dans la tourmente, la gauche s\u2019agrippait \u00e0 la corde enserrant le\npoitrail du cheval, tu as \u00e9t\u00e9 courageux, tu es un bon Canadien, tu peux rentrer\nchez toi la t\u00eate haute. Au suivant.<\/p>\n\n\n\n<p>Quand le\nrod\u00e9o est-il devenu un jeu, puis un sport organis\u00e9 ? Pas facile \u00e0 dire. Sur ce\ncontinent o\u00f9 tout se mesure \u00e0 l\u2019aune de l\u2019ar\u00acgent, il \u00e9tait in\u00e9vitable que les\nfaiseurs de gros sous attirent \u00e0 eux les h\u00e9ros vivants, les mythes \u00e9ternels,\npour faire enfler l\u2019affiche. Ils y ont si bien r\u00e9ussi que celle du Stampede, le\nplus grand rod\u00e9o du monde, ne comporte m\u00eame plus la liste des \u00e9v\u00e9nements et\nmanifestations. Chacun des sept cents, huit cents, neuf cent mille spectateurs\nla conna\u00eet par coeur.<\/p>\n\n\n\n<div class=\"wp-block-image\"><figure class=\"aligncenter\"><img src=\"https:\/\/i1.wp.com\/s169196779.onlinehome.fr\/wp-content\/uploads\/2013\/08\/Dia076.0010.jpg?resize=1024%2C833\" alt=\"Dia076.0010\"\/><figcaption>Plus physique de le Saddle Bronc Riding, l&rsquo;\u00e9preuve du Bareback Bronc Riding consiste \u00e0 tenir pendant 8 secondes sur un cheval sauvage sans tomber ni m\u00eame toucher de la main son encolure ou sa crini\u00e8re.<\/figcaption><\/figure><\/div>\n\n\n\n<p><a href=\"http:\/\/i1.wp.com\/s169196779.onlinehome.fr\/wp-content\/uploads\/2013\/08\/Dia076.0010.jpg\"><\/a>Chaque jour, pendant dix jours, \u00e7a\ncommence d\u00e8s huit heures du matin par les petits d\u00e9jeuners gratuits, distribu\u00e9s\nau coin des rues du centre-ville sur les planches rugueuses de charrois\nd\u2019autrefois. Aussit\u00f4t apr\u00e8s d\u00e9butent, aux carrefours investis pour l\u2019occasion,\nles square-dances \u00e0 l\u2019ancienne, bras dessus, bras dessous, auxquelles viennent\ns\u2019agglutiner tous les passants, quel que soit leur \u00e2ge, tant les entra\u00eene le\nson aigre, m\u00e9lancolique ou joyeux, mais toujours complice, que tirent de leur\ninstrument de bois, us\u00e9 jusqu\u2019\u00e0 la fibre, deux ou trois violoneux tout rid\u00e9s de\nrires et d\u2019ann\u00e9es. A deux pas de l\u00e0, dans les banques aust\u00e8res habituellement\nfr\u00e9quent\u00e9es par les chercheurs de p\u00e9trole, les guichets prennent des airs de\nguinguette, les guichetiers des allures de sh\u00e9rifs en goguette. Devant le\nLiquor Store, quelques Indiens un rien paum\u00e9s attendent l\u2019ouverture de leurs gros\nr\u00eaves de mauvaise bi\u00e8re. Des p\u00e9troliers passent sans les voir, une bouteille de\nMouton Rotschild \u00e0 la main.<\/p>\n\n\n\n<div class=\"wp-block-image\"><figure class=\"aligncenter\"><img src=\"https:\/\/i1.wp.com\/s169196779.onlinehome.fr\/wp-content\/uploads\/2013\/08\/Dia076.0013.jpg?resize=1024%2C742\" alt=\"Dia076.0013\"\/><figcaption>Les deux qualit\u00e9s principales du cavalier: tenir en selle et savoir tomber&#8230;<\/figcaption><\/figure><\/div>\n\n\n\n<p><a href=\"http:\/\/i1.wp.com\/s169196779.onlinehome.fr\/wp-content\/uploads\/2013\/08\/Dia076.0013.jpg\"><\/a>L\u00e0-bas, plus loin, au confluent de\nla Bow et de l\u2019Elbow, le casino de la derni\u00e8re fronti\u00e8re lance d\u00e9j\u00e0 ses boules\nrouges et les Chinois, fieff\u00e9s joueurs, se serrent autour des tables. Derri\u00e8re\nl\u2019ar\u00e8ne, on am\u00e8ne tant bien que mal, dans de solides enclos, les chevaux\nsauvages, provisoirement enlev\u00e9s \u00e0 leur plaine et sans lesquels le rod\u00e9o ne\nserait qu\u2019un num\u00e9ro de cirque. Cet apr\u00e8s-midi, les plus fougeux d\u2019entre eux,\nceux qui auront r\u00e9ussi \u00e0 jeter d\u2019une seule ruade leur cavalier dans la\npoussi\u00e8re, seront ovationn\u00e9s et l\u2019homme siffl\u00e9. Leur meilleure r\u00e9compensera\nsera de pouvoir retourner dans ces immensit\u00e9s o\u00f9 personne, jamais ou presque,\nne les approche.<\/p>\n\n\n\n<div class=\"wp-block-image\"><figure class=\"aligncenter\"><img src=\"https:\/\/i2.wp.com\/s169196779.onlinehome.fr\/wp-content\/uploads\/2013\/08\/Dia075.0035.jpg?resize=1024%2C516\" alt=\"Dia075.0035\"\/><figcaption>Le Calf Roping consiste \u00e0 attraper au lasso un veau en pleine course et \u00e0 l&rsquo;immobiliser au sol en un minimum de secondes.<\/figcaption><\/figure><\/div>\n\n\n\n<p>Tandis que\nl\u2019homme et l\u2019animal s\u2019affronteront en combats singuliers successifs, les\nguerriers \u00e0 longues tresses de la tribu Sarcee entameront au pied des tipees\nleur incessante sarabande sur le grand tambour central, entra\u00eenant dans leurs\nrythmes les danseurs \u00e0 plumes arc-en-ciel, perles na\u00efves et mocassins \u00e0\nclochettes.<\/p>\n\n\n\n<p>Vite,\nflashback sur la piste. L\u2019homme qui se cramponnait sur le dos furibond d\u2019un\nlourd taureau noir a \u00e9t\u00e9 jet\u00e9 dans la poussi\u00e8re, l\u2019animal d\u00e9j\u00e0 fait volte-face,\nrevient, charge, les cornes au ras du sol. Il va pi\u00e9tiner sa victime mais d\u2019un\nbond, une tache multicolore est venue devant ses gros yeux rouges et capte,\nd\u00e9tourne son attention, le fait obliquer, les sabots passent \u00e0 quelques\ncentim\u00e8tres de l\u2019homme \u00e0 terre et se jettent aux trousses de l\u2019apparition\ncolor\u00e9e. La feinte a r\u00e9ussi, l\u2019homme est sauv\u00e9 et maintenant, d\u2019une esquive, le\nclown, car c\u2019\u00e9tait un clown, fausse compagnie au fauve, tandis que deux\nbrancardiers emm\u00e8nent le bless\u00e9. Une cabriole encore, le temps que le concurrent\nsuivant ait pris place sur un autre animal fou. La f\u00eate continue.<\/p>\n\n\n\n<div class=\"wp-block-image\"><figure class=\"aligncenter\"><img src=\"https:\/\/i0.wp.com\/s169196779.onlinehome.fr\/wp-content\/uploads\/2013\/08\/Dia075.0025.jpg?resize=1024%2C700\" alt=\"Dia075.0025\"\/><figcaption>Le Bull Riding consiste \u00e0 tenir 8 secondes sur un taureau rendu furieux pas la pr\u00e9sence d&rsquo;une corde lui enserrant l&rsquo;aine. C&rsquo;est l&rsquo;\u00e9preuve la plus dangereuse. La pr\u00e9sence des clowns, v\u00e9ritables athl\u00e8tes, permet de d\u00e9tourner l&rsquo;attention du taureau qui, sinon reviendrai pour encorner le cowboy jet\u00e9 au sol.<\/figcaption><\/figure><\/div>\n\n\n\n<p>Ce soir, quand le ciel aura vir\u00e9 au pourpre et \u00e0 l\u2019indigo, que l\u2019ar\u00e8ne se sera ouverte sur la boucle d\u2019une longue piste terreuse, de surprenants \u00e9quipages s\u2019avanceront \u00e0 leur tour pour plaire \u00e0 quelques dizaines de milliers de paires d\u2019yeux qui jugeront en connaisseurs l\u2019une des plus folles courses qu\u2019il m\u2019ait \u00e9t\u00e9 donn\u00e9 de voir, celle des chuckwagon.Ces dr\u00f4les d\u2019attelages \u00e9taient \u00e0 l\u2019origine ces carrioles \u00e0 b\u00e2che vo\u00fbt\u00e9e qui emportaient, dans le sillage des premiers colons, la lourde cuisine n\u00e9cessaire au repas des conqu\u00e9rants. Aujourd\u2019hui, ces m\u00eames carrioles sont l\u00e0, sur la piste. A la fl\u00e8che, quatre chevaux parfaitement ma\u00eetris\u00e9s et, aux r\u00eanes, un homme pas toujours jeune, tant il est vrai qu\u2019il faut \u00e0 ce poste l\u2019exp\u00e9rience d\u2019une vie. Le diable sait beaucoup de choses parce qu\u2019il est diable, mais il en sait encore plus parce qu\u2019il est vieux, dit le proverbe. Au coup de trompe, quatre attelages de quatre chevaux s\u2019\u00e9lanceront, suivis chacun par deux cavaliers servants. Que le meilleur gagne et malheur \u00e0 celui qui passera sous les roues. C\u2019est le Stampede, la ru\u00e9e sur Calgary, Province de l\u2019Alberta, dans l\u2019Ouest canadien.<\/p>\n\n\n\n<p class=\"has-text-align-right\">Alex D\u00e9cotte<\/p>\n\n\n\n<ul><li>Merci \u00e0 Fran\u00e7ois Montandon, Neuch\u00e2telois de Calgary, ainsi qu&rsquo;\u00e0 son \u00e9pouse Danuta, qui nous ont maintes fois accueillis, Maximilien et moi, dans leur cabane au Canada.<\/li><\/ul>\n\n\n\n<p><a href=\"http:\/\/i0.wp.com\/s169196779.onlinehome.fr\/wp-content\/uploads\/2013\/08\/Dia075.0025.jpg\"><\/a><\/p>\n\n\n\n<p><strong><a href=\"http:\/\/www.presstourism.ch\/?page_id=106\">Voir les autres publications d\u2019Alex D\u00e9cotte<\/a><\/strong><\/p>\n\n\n\n<p><a href=\"http:\/\/i1.wp.com\/s169196779.onlinehome.fr\/wp-content\/uploads\/2013\/09\/Dia073.0023.jpg\"><\/a><\/p>\n\n\n\n<p><a href=\"http:\/\/i0.wp.com\/s169196779.onlinehome.fr\/wp-content\/uploads\/2013\/08\/Dia077.0028.jpg\"><\/a><\/p>\n","protected":false},"excerpt":{"rendered":"<p>Photos: Maximilien Bruggmann et Alex D\u00e9cotte \/ Texte Alex D\u00e9cotte Il \u00e9tait une fois dans l\u2019Ouest rien du tout. Rien. Enfin presque rien. Aux confins de la plaine \u00e9ternelle et de la montagne absolue, au revers des premi\u00e8res collines, au &hellip; <a href=\"http:\/\/www.presstourism.ch\/?page_id=5012\">Continuer la lecture <span class=\"meta-nav\">&rarr;<\/span><\/a><\/p>\n","protected":false},"author":1,"featured_media":0,"parent":195,"menu_order":0,"comment_status":"closed","ping_status":"closed","template":"","meta":{"ngg_post_thumbnail":0,"spay_email":""},"jetpack_sharing_enabled":true,"jetpack_shortlink":"https:\/\/wp.me\/P468TV-1iQ","_links":{"self":[{"href":"http:\/\/www.presstourism.ch\/index.php?rest_route=\/wp\/v2\/pages\/5012"}],"collection":[{"href":"http:\/\/www.presstourism.ch\/index.php?rest_route=\/wp\/v2\/pages"}],"about":[{"href":"http:\/\/www.presstourism.ch\/index.php?rest_route=\/wp\/v2\/types\/page"}],"author":[{"embeddable":true,"href":"http:\/\/www.presstourism.ch\/index.php?rest_route=\/wp\/v2\/users\/1"}],"replies":[{"embeddable":true,"href":"http:\/\/www.presstourism.ch\/index.php?rest_route=%2Fwp%2Fv2%2Fcomments&post=5012"}],"version-history":[{"count":5,"href":"http:\/\/www.presstourism.ch\/index.php?rest_route=\/wp\/v2\/pages\/5012\/revisions"}],"predecessor-version":[{"id":9423,"href":"http:\/\/www.presstourism.ch\/index.php?rest_route=\/wp\/v2\/pages\/5012\/revisions\/9423"}],"up":[{"embeddable":true,"href":"http:\/\/www.presstourism.ch\/index.php?rest_route=\/wp\/v2\/pages\/195"}],"wp:attachment":[{"href":"http:\/\/www.presstourism.ch\/index.php?rest_route=%2Fwp%2Fv2%2Fmedia&parent=5012"}],"curies":[{"name":"wp","href":"https:\/\/api.w.org\/{rel}","templated":true}]}}