{"id":490,"date":"2013-11-17T11:55:49","date_gmt":"2013-11-17T10:55:49","guid":{"rendered":"http:\/\/www.presstourism.ch\/WP_ALEX\/?page_id=490"},"modified":"2024-07-30T16:56:38","modified_gmt":"2024-07-30T14:56:38","slug":"assemblees-generales-comptes-rendus","status":"publish","type":"page","link":"http:\/\/www.presstourism.ch\/?page_id=490","title":{"rendered":"Assembl\u00e9es g\u00e9n\u00e9rales"},"content":{"rendered":"<p>Les comptes rendus des Assembl\u00e9es g\u00e9n\u00e9rales sont accessibles \u00e0 tous. Bonne lecture.<\/p>\n<p>&nbsp;<\/p>\n\n\n<p style=\"font-size:32px\"><strong>Proc\u00e8s-verbal de l\u2019Assembl\u00e9e g\u00e9n\u00e9rale de Presstourism\/Tourismpress\u00a0<\/strong><\/p>\n\n\n\n<p><strong>du 6 avril 2024,&nbsp;tenue \u00e0 l\u2019H\u00f4tel de la Gare, \u00e0 Yvonand&nbsp;<\/strong><\/p>\n\n\n\n<p>Le pr\u00e9sident Roger Juillerat (ci-apr\u00e8s&nbsp;: le pr\u00e9sident) ouvre la s\u00e9ance \u00e0 11 h.&nbsp;<\/p>\n\n\n\n<p>Participants&nbsp;: 20 soci\u00e9taires sont pr\u00e9sents \u00e0 cette assembl\u00e9e g\u00e9n\u00e9rale. Le secr\u00e9tariat a pris acte d\u2019\u2019une bonne vingtaine d\u2019excuses \u00e9crite (dont la plupart sont parvenues au pr\u00e9sident par courriels).&nbsp;<\/p>\n\n\n\n<p><strong>I. Nomination des scrutateurs&nbsp;<\/strong><\/p>\n\n\n\n<p>Comme premier acte de cette fin de matin\u00e9e, le pr\u00e9sident demande \u00e0 l\u2019Assembl\u00e9e g\u00e9n\u00e9rale de bien vouloir d\u00e9signer deux scrutateurs.&nbsp;<strong>G\u00e9rard Blanc<\/strong>&nbsp;et&nbsp;<strong>Marguerite Martinoli<\/strong>&nbsp;sont nomm\u00e9s scrutateurs.&nbsp;<\/p>\n\n\n\n<p><strong>lI<\/strong>.&nbsp;<strong>Liste des objets \u00e0 l\u2019ordre du jour&nbsp;<\/strong><\/p>\n\n\n\n<p>L\u2019Assembl\u00e9e g\u00e9n\u00e9rale approuve les objets \u00e0 l\u2019ordre du jour. Pour motif que des sujets primordiaux seront trait\u00e9s \u00e0 la suite du rapport du pr\u00e9sident, certains points \u00e0 l\u2019ordre du jour seront trait\u00e9s dans un ordre diff\u00e9rent.&nbsp;<\/p>\n\n\n\n<p><strong>III. Proc\u00e8s-verbal de l\u2019Assembl\u00e9e g\u00e9n\u00e9rale de 2023 tenue \u00e0 Lugano<\/strong>.&nbsp;<\/p>\n\n\n\n<p>L\u2019Assembl\u00e9e g\u00e9n\u00e9rale, apr\u00e8s avoir entendu lecture du PV, l\u2019admet sans opposition.&nbsp;<\/p>\n\n\n\n<p><strong>IV<\/strong>.&nbsp;<strong>Rapport de la tr\u00e9sori\u00e8re<\/strong><\/p>\n\n\n\n<p>La tr\u00e9sori\u00e8re expose le compte de pertes et profits de l\u2019exercice de 2023.&nbsp;&nbsp;Un bref coup d\u2019\u0153il, dit-elle, permet de se rendre compte qu\u2019\u00e0 l\u2019actif notre association a r\u00e9alis\u00e9 des recettes de 6&rsquo;310 francs contre des d\u00e9penses de 7&rsquo;906.29. Heureusement que notre association poss\u00e8de un compte courant de Postfinance de 6&rsquo;937.42. Etant donn\u00e9 que certains membres et nouveaux membres n\u2019ont pas encore acquitt\u00e9 leurs cotisations, elle demande exceptionnellement l\u2019accord de l\u2019Assembl\u00e9e pour qu\u2019elle puisse r\u00e9gler tout de suite cette op\u00e9ration financi\u00e8re. L\u2019Assembl\u00e9e lui donne tacitement cette autorisation hors norme en ne s\u2019y opposant pas.&nbsp;<\/p>\n\n\n\n<p><strong>V. V\u00e9rification des comptes et d\u00e9charge&nbsp;<\/strong><\/p>\n\n\n\n<p><strong>Eric Troutot<\/strong>, v\u00e9rificateur des comptes, expose bri\u00e8vement la r\u00e9vision qu\u2019il a effectu\u00e9e et affirme que tant la comptabilit\u00e9 est bien tenue, tant les chiffres \u00e9nonc\u00e9s au compte de r\u00e9sultats et du bilan sont corrects, \u00e0 telle enseigne que l\u2019Assembl\u00e9e g\u00e9n\u00e9rale peut donner d\u00e9charge. Ce que l\u2019Assembl\u00e9e g\u00e9n\u00e9rale confirme par un tonnerre d\u2019applaudissements (que l\u2019on doit juridiquement interpr\u00e9ter comme \u00e9tant accord\u00e9 \u00e0 l\u2019unanimit\u00e9).&nbsp;&nbsp;&nbsp;<\/p>\n\n\n\n<p><strong>VI.<\/strong>&nbsp;<strong>Rapport du pr\u00e9sident&nbsp;<\/strong><\/p>\n\n\n\n<p>Dans son rapport,&nbsp;le pr\u00e9sident sugg\u00e8re&nbsp;que dor\u00e9navant nos assembl\u00e9es g\u00e9n\u00e9rales seront tenues sur une seule journ\u00e9e dans une ville ou un village de Suisse. Avec si possible une petite visite du lieu ou d\u2019un attrait touristique o\u00f9 nous si\u00e9geons, pour ceux et celles qui veulent rester apr\u00e8s le repas. Il a pu se rendre compte qu\u2019une majorit\u00e9 de nos membres sont d\u2019ailleurs favorables \u00e0 cette nouvelle formule. Le pr\u00e9sident recommande \u00e9galement de maintenir s\u00e9par\u00e9ment un voyage sur deux ou trois jours et ce sans assembl\u00e9e, mais si possible \u00e0 l\u2019\u00e9tranger.<\/p>\n\n\n\n<p>Le pr\u00e9sident invite les participants \u00e0 observer une minute de silence en hommage \u00e0 feu&nbsp;<strong>Ren\u00e9 Hug<\/strong>&nbsp;qui a quitt\u00e9 notre monde le 4 mars dernier. Que ce moment de recueillement, dit le pr\u00e9sident, soit un t\u00e9moignage de notre gratitude et que sa m\u00e9moire reste grav\u00e9e dans nos c\u0153urs pour ceux et celles qui l\u2019ont connu.&nbsp;<\/p>\n\n\n\n<p>Le pr\u00e9sident salue \u00e9galement les nouveaux membres en les personnes de&nbsp;<strong>Nicolas Petanjko<\/strong>&nbsp;et&nbsp;<strong>Ralph<\/strong><strong>Schaffl\u00fctzel<\/strong>&nbsp;pr\u00e9sents parmi nous et&nbsp;<strong>Sonia Da Fonseca<\/strong>&nbsp;qui a malheureusement d\u00fb s\u2019excuser.&nbsp;<\/p>\n\n\n\n<p>Le pr\u00e9sident rappelle instamment que malheureusement nos membres continuent de diminuer. Pourquoi&nbsp;? Parce que les jeunes journalistes se d\u00e9sint\u00e9ressent des \u0153uvres accomplies par des associations telle que la n\u00f4tre. Il s\u2019est rendu compte du c\u00f4t\u00e9 de la section suisse de l\u2019Union de la presse francophone (UPF), dont il est membre du comit\u00e9, et o\u00f9 l\u2019UPF conna\u00eet le m\u00eame probl\u00e8me. Ainsi nos associations vieillissent-elles, comme nous-m\u00eames, dit-il et il a bien l\u2019impression qu\u2019il ne sera pas ais\u00e9 de maintenir encore longtemps la n\u00f4tre si le processus de d\u00e9litement se poursuit. Il y a n\u00e9anmoins un espoir, soupire-t-il et il invite \u00e0 ce que chacun d\u2019entre nous parte \u00e0 la recherche d\u2019au moins un ou une candidat(e) ce qui aurait pour effet de doubler notre effectif.&nbsp;<\/p>\n\n\n\n<p>Le pr\u00e9sident rappelle que CH Media, l\u2019Association ind\u00e9pendante et professionnelle des journalistes suisses, qui est le pendant d\u2019Impressum dont certains d\u2019entre vous font partie, s\u2019est approch\u00e9e de lui \u00e0 quatre reprises pour nous offrir de faire partie de leur groupement, qui compte quelque 600 membres. Si nous acceptions, nous pourrions tout de m\u00eame rester ind\u00e9pendants et conserver notre carte de presse qu\u2019ils nous renouvelleraient chaque ann\u00e9e, tout en pouvant aussi avoir la leur, comme c\u2019est d\u00e9j\u00e0 le cas pour certains d\u2019entre nous. L\u2019avantage, c\u2019est qu\u2019ils nous feraient chaque ann\u00e9e une nouvelle carte de presse et qu\u2019on \u00e9viterait ces timbres \u00e0 coller qui ne font pas tr\u00e8s s\u00e9rieux. Il est en rapport avec leur secr\u00e9taire g\u00e9n\u00e9ral, Francesco di Franco, qui est pr\u00eat \u00e0 venir rencontrer notre Comit\u00e9 et qui lui a bien sp\u00e9cifi\u00e9 que nous garderions notre autonomie, que nous resterions ind\u00e9pendants, en devenant une section de leur association. Nos cotisations ne seraient pas modifi\u00e9es et Monsieur Di Franco est m\u00eame partant pour assurer notre secr\u00e9tariat. Dans le courant de cet \u00e9t\u00e9, il va donc l\u2019inviter \u00e0 une prochaine s\u00e9ance de notre comit\u00e9 et analyser avec le Comit\u00e9 si cela vaut la peine de faire en quelque sorte une fusion avec CH- Media. Mais bien entendu, c\u2019est le Comit\u00e9 qui d\u00e9cidera si oui ou non cela en vaut la peine.<\/p>\n\n\n\n<p>S\u2019agissant de notre Comit\u00e9, justement, deux membres, \u00e0 savoir&nbsp;<strong>Roland Zufferey<\/strong>&nbsp;et&nbsp;<strong>Jean-Pierre Reinle<\/strong>, ont pris contact avec lui pour lui dire qu\u2019ils souhaitent se retirer. Notre secr\u00e9taire&nbsp;<strong>Brigitte Tissot-Troutot<\/strong>&nbsp;a \u00e9galement d\u00e9cid\u00e9 de s\u2019en aller, dit-il et nous ne l\u2019avons pas remplac\u00e9e, Alain Barbier et lui-m\u00eame assureront les PV des s\u00e9ances, celles de l\u2019Assembl\u00e9e g\u00e9n\u00e9rale comme celles du Comit\u00e9. Il tient \u00e0 exprimer ses remerciements pour le travail qu\u2019ils ont accompli en faveur de notre association.&nbsp;<\/p>\n\n\n\n<p>D\u00e8s lors, le pr\u00e9sident rappelle que nous sommes encore&nbsp;<strong>six<\/strong>&nbsp;dans cet organe directeur, soit&nbsp;<strong>Bernard<\/strong>&nbsp;<strong>Im Oberdorf<\/strong>, vice-pr\u00e9sident,&nbsp;<strong>Orith Tempelman<\/strong>,\u2013&nbsp;&nbsp;qui&nbsp;s\u2019occupe b\u00e9n\u00e9volement de notre site internet \u2013,&nbsp;<strong>Josiane<\/strong>&nbsp;<strong>Richardet<\/strong>, tr\u00e9sori\u00e8re,&nbsp;<strong>Alain Barbier<\/strong>, secr\u00e9taire,&nbsp;<strong>Philippe<\/strong><strong>Nanzer<\/strong>, membre adjoint, et lui-m\u00eame pr\u00e9sident. Le pr\u00e9sident rappelle donc que si l\u2019un ou l\u2019une d\u2019entre vous veut se porter candidat(e) pour assurer un septi\u00e8me si\u00e8ge, il peut s\u2019annoncer avant que la s\u00e9ance ne soit lev\u00e9e (voir en l\u2019occurrence le point VIII).&nbsp;<\/p>\n\n\n\n<p>Au sujet relatif aux finances de notre association, le&nbsp;pr\u00e9sident rappelle en outre que nous avons aussi perdu les deux tiers de nos \u2018associ\u00e9s\u2019 (offices du tourisme suisse et \u00e9trangers, compagnies d\u2019aviation et organes en rapport qui nous soutenaient et ont pass\u00e9 de 12 \u00e0 3. Malgr\u00e9 qu\u2019il soit all\u00e9 en rencontrer certains ou bien qu\u2019il leur ait \u00e9crit, ils ne s\u2019int\u00e9ressent plus \u00e0 des associations comme la n\u00f4tre. Il en r\u00e9sulte que nos finances sont tout naturellement en baisse et il y a donc lieu de trouver des solutions pour rester viables.<\/p>\n\n\n\n<p>Concernant le site internet, il serait sans doute valable pour notre association de publier les communiqu\u00e9s Newsletter de ces offices du tourisme suisses et \u00e9trangers. Ainsi, ils s\u2019int\u00e9resseraient peut-\u00eatre plus en retour \u00e0 notre activit\u00e9. Et certains accepteraient peut-\u00eatre de nous soutenir un petit peu financi\u00e8rement comme auparavant. \u00ab&nbsp;Il est vrai&nbsp;\u00bb dit-il qu\u2019il re\u00e7oit r\u00e9guli\u00e8rement des communiqu\u00e9s et newsletter et il faudrait qu\u2019il les transmette \u00e0 Orith. Ce qu\u2019il n\u2019a pas fait durant le dernier exercice, faute de temps.<\/p>\n\n\n\n<p>Le pr\u00e9sident ouvre donc les d\u00e9bats \u00e0 la suite de son expos\u00e9 et comme il a \u00e9t\u00e9 convenu.<\/p>\n\n\n\n<p><strong>G\u00e9rard Blanc<\/strong>&nbsp;\u00e9voque la probl\u00e9matique des votes par procuration. Autrefois, il \u00e9tait possible d\u2019un participant \u00e0 une assembl\u00e9e g\u00e9n\u00e9rale puisse \u00eatre porteur de trois procurations. Or, cette possibilit\u00e9 s\u2019est av\u00e9r\u00e9e quelque peu contraire \u00e0 l\u2019esprit collectif. En effet, dans notre soci\u00e9t\u00e9 du 21<sup>e<\/sup>&nbsp;si\u00e8cle, le fait de disposer de trop de procurations lors des Assembl\u00e9es g\u00e9n\u00e9rales tend \u00e0 d\u00e9courager la participation actives des soci\u00e9taires. Cela conduit souvent \u00e0 une situation, dit G\u00e9rard Blanc, o\u00f9 les d\u00e9cisions importantes sont laiss\u00e9es aux seules personnes pr\u00e9sentes augmentant non seulement leur responsabilit\u00e9, mais encore nuit \u00e0 l\u2019\u00e9volution du courant d\u2019opinions \u00e9mises au sein d\u2019une assembl\u00e9e g\u00e9n\u00e9rale. De sorte, conclut-il, que ce ph\u00e9nom\u00e8ne de surrepr\u00e9sentation par procuration risque de nuire \u00e0 la diversit\u00e9 des opinions et \u00e0 la repr\u00e9sentativit\u00e9 des d\u00e9cisions prises en assembl\u00e9e g\u00e9n\u00e9rale.&nbsp;&nbsp;<\/p>\n\n\n\n<p>Au nom de l\u2019Assembl\u00e9e g\u00e9n\u00e9rale, le pr\u00e9sident exprime ses remerciements \u00e0 G\u00e9rard Blanc pour son expos\u00e9 convaincant. Il demande donc \u00e0 l\u2019Assembl\u00e9e d\u2019avaliser le fait qu\u2019un participant \u00e0 l\u2019Assembl\u00e9e g\u00e9n\u00e9rale ne puisse \u00eatre porteur que&nbsp;<strong>d\u2019une seule<\/strong>&nbsp;procuration.&nbsp;<\/p>\n\n\n\n<p>L\u2019Assembl\u00e9e g\u00e9n\u00e9rale donne son aval \u00e0 l\u2019unanimit\u00e9. Le secr\u00e9taire rappelle que ce point devra \u00eatre r\u00e9gl\u00e9 dans les statuts de notre association et qu\u2019il s\u2019agira que l\u2019Assembl\u00e9e g\u00e9n\u00e9rale confirme en 2025 la modification des statuts.&nbsp;<\/p>\n\n\n\n<p>Le deuxi\u00e8me point \u00ab chaud&nbsp;\u00bb si l\u2019on peut dire est la probl\u00e9matique des voyages de presse.&nbsp;<strong>Primo Bursik<\/strong>\u00e9voque la possibilit\u00e9 d\u2019un voyage de presse en Bosnie ou encore \u00e9ventuellement en Albanie, pays qui attire de nombreux nouveaux voyageurs. Mais, pr\u00e9cise-t-il, les organisateurs potentiels de l\u00e0-bas n\u2019ont gu\u00e8re de moyens financiers \u00e0 engager.&nbsp;<\/p>\n\n\n\n<p>A la suite de cette proposition encore tr\u00e8s floue, s\u2019engage une discussion anim\u00e9e. Tandis que&nbsp;<strong>G\u00e9rard Blanc<\/strong>se pose la question de neutralit\u00e9 et d\u2019\u00e9thique au sujet de notre pr\u00e9sence m\u00e9diatique en Bosnie, plusieurs orateurs apportent encore de l\u2019eau au moulin au sujet des voyages de presse.&nbsp;<strong>Bernard von Oberdorf<\/strong>&nbsp;fait judicieusement remarquer que le succ\u00e8s d\u2019un voyage de presse d\u00e9pend fortement de son organisation. Or, on ne peut pas pr\u00e9parer un voyage de presse sur de vagues promesses. A cela s\u2019ajoute que des organismes m\u00eame \u00e9tatiques sont de plus en plus pingres.&nbsp;<strong>G\u00e9rard Blanc<\/strong>&nbsp;ne le conteste pas, mais dit que l\u2019on pourrait davantage s\u2019adresser aux offices nationaux du tourisme tandis que le secr\u00e9taire, lui, exp\u00e9riences faites avec son magazine, pense qu\u2019il faudrait plut\u00f4t s\u2019adresser carr\u00e9ment aux ministres du tourisme des pays. Il a en effet constat\u00e9 que les chefs des offices nationaux essaient de glaner de plus en plus d\u2019espaces m\u00e9diatiques gratuits alors que les ministres sont plus \u00e0 l\u2019\u00e9coute des intervenants qui osent s\u2019adresser directement \u00e0 eux<strong>. Philippe Nanzer<\/strong>&nbsp;entend ce qu\u2019exprime le secr\u00e9taire et estime que notre association devrait avoir le courage d\u2019inventer un&nbsp;<strong>tout nouveau souffle<\/strong>. Son intervention, dit-il, il la fait pour bien exprimer que notre association doit absolument se moderniser et s\u2019adapter aux nouvelles donnes \u00e9conomiques des pays. Philippe Nanzer et le secr\u00e9taire sont pour l\u2019organisation d\u2019un think tank \u00e0 d\u00e9signer. Le pr\u00e9sident temp\u00e8re un peu cette envol\u00e9e d\u2019enthousiasme, en estimant que l\u2019organisation d\u2019un tel think tank ne pourrait pas \u00eatre financ\u00e9 par l\u2019association, mais \u2013 en revanche \u2013, il invite chaque participant \u00e0 la pr\u00e9sente assembl\u00e9e \u00e0 lui faire part d\u2019id\u00e9es allant dans le sens d\u2019une telle adaptation aux nouvelles situations.&nbsp;<\/p>\n\n\n\n<p><strong>VII. Nomination d\u2019un nouveau v\u00e9rificateur des comptes&nbsp;<\/strong><\/p>\n\n\n\n<p><strong>Eric Troutot<\/strong>, ancien v\u00e9rificateur des comptes ayant pr\u00e9sent\u00e9 sa d\u00e9mission \u00e0 notre association, il est indispensable d\u2019en trouver un nouveau.&nbsp;<\/p>\n\n\n\n<p>Le nouveau membre&nbsp;<strong>Ralph Schaffl\u00fctzel<\/strong>&nbsp;se propose instantan\u00e9ment pour assurer cette fonction. Sa nomination est accept\u00e9e par l\u2019Assembl\u00e9e g\u00e9n\u00e9rale avec un tonnerre d\u2019applaudissements.&nbsp;<\/p>\n\n\n\n<p><strong>VIII. Nomination d\u2019un nouveau membre du Comit\u00e9&nbsp;<\/strong><\/p>\n\n\n\n<p>Vu l\u2019expos\u00e9 du pr\u00e9sident (voir ci-dessus) qui pr\u00e9cisait que le Comit\u00e9 pouvait avoir sept membres et qu\u2019il n\u2019en avait actuellement que six, un poste est d\u00e8s lors vacant.&nbsp;<strong>Emmanuel Espana<\/strong>&nbsp;est le seul qui se propose. Il est donc, lui aussi, confirm\u00e9 par un applaudissement nourri de l\u2019Assembl\u00e9e g\u00e9n\u00e9rale qui, elle aussi, commence \u00e0 avoir faim.<\/p>\n\n\n\n<p>Le pr\u00e9sident remercie tous les participants de leur engagement en ce jour du 6 avril 2024 et leur recommande de suivre apr\u00e8s le d\u00eener, le secr\u00e9taire qui montrera \u00e0 ceux qui voudront bien le suivre la perle qu\u2019est Yvonand et ses rives lacustres.&nbsp;<\/p>\n\n\n\n<p>Le pr\u00e9sident l\u00e8ve la s\u00e9ance \u00e0&nbsp;<strong>13h30<\/strong>&nbsp;et souhaite bon app\u00e9tit \u00e0 tout le monde\u2026.Le secr\u00e9taire au proc\u00e8s-verbal&nbsp;: Alain Barbier&nbsp;<\/p>\n","protected":false},"excerpt":{"rendered":"<p>Les comptes rendus des Assembl\u00e9es g\u00e9n\u00e9rales sont accessibles \u00e0 tous. Bonne lecture. &nbsp; Proc\u00e8s-verbal de l\u2019Assembl\u00e9e g\u00e9n\u00e9rale de Presstourism\/Tourismpress\u00a0 du 6 avril 2024,&nbsp;tenue \u00e0 l\u2019H\u00f4tel de la Gare, \u00e0 Yvonand&nbsp; Le pr\u00e9sident Roger Juillerat (ci-apr\u00e8s&nbsp;: le pr\u00e9sident) ouvre la s\u00e9ance &hellip; <a href=\"http:\/\/www.presstourism.ch\/?page_id=490\">Continuer la lecture <span class=\"meta-nav\">&rarr;<\/span><\/a><\/p>\n","protected":false},"author":1,"featured_media":0,"parent":91,"menu_order":0,"comment_status":"open","ping_status":"open","template":"","meta":{"ngg_post_thumbnail":0,"spay_email":""},"jetpack_sharing_enabled":true,"jetpack_shortlink":"https:\/\/wp.me\/P468TV-7U","_links":{"self":[{"href":"http:\/\/www.presstourism.ch\/index.php?rest_route=\/wp\/v2\/pages\/490"}],"collection":[{"href":"http:\/\/www.presstourism.ch\/index.php?rest_route=\/wp\/v2\/pages"}],"about":[{"href":"http:\/\/www.presstourism.ch\/index.php?rest_route=\/wp\/v2\/types\/page"}],"author":[{"embeddable":true,"href":"http:\/\/www.presstourism.ch\/index.php?rest_route=\/wp\/v2\/users\/1"}],"replies":[{"embeddable":true,"href":"http:\/\/www.presstourism.ch\/index.php?rest_route=%2Fwp%2Fv2%2Fcomments&post=490"}],"version-history":[{"count":7,"href":"http:\/\/www.presstourism.ch\/index.php?rest_route=\/wp\/v2\/pages\/490\/revisions"}],"predecessor-version":[{"id":9527,"href":"http:\/\/www.presstourism.ch\/index.php?rest_route=\/wp\/v2\/pages\/490\/revisions\/9527"}],"up":[{"embeddable":true,"href":"http:\/\/www.presstourism.ch\/index.php?rest_route=\/wp\/v2\/pages\/91"}],"wp:attachment":[{"href":"http:\/\/www.presstourism.ch\/index.php?rest_route=%2Fwp%2Fv2%2Fmedia&parent=490"}],"curies":[{"name":"wp","href":"https:\/\/api.w.org\/{rel}","templated":true}]}}