{"id":4815,"date":"2018-11-15T21:57:51","date_gmt":"2018-11-15T20:57:51","guid":{"rendered":"http:\/\/www.presstourism.ch\/WP_ALEX\/?page_id=4815"},"modified":"2024-04-10T09:34:51","modified_gmt":"2024-04-10T07:34:51","slug":"armenie-escale-au-petit-pays-de-larche-de-noe","status":"publish","type":"page","link":"http:\/\/www.presstourism.ch\/?page_id=4815","title":{"rendered":"Arm\u00e9nie: Escale au petit pays de l&rsquo;Arche de No\u00e9"},"content":{"rendered":"<div id=\"attachment_4820\" style=\"width: 650px\" class=\"wp-caption alignnone\"><a href=\"https:\/\/i0.wp.com\/www.presstourism.ch\/WP_ALEX\/wp-content\/uploads\/2018\/11\/4Monast\u00e8reNoravank.jpg\"><img aria-describedby=\"caption-attachment-4820\" loading=\"lazy\" class=\"size-large wp-image-4820\" src=\"https:\/\/i2.wp.com\/www.presstourism.ch\/WP_ALEX\/wp-content\/uploads\/2018\/11\/4Monast\u00e8reNoravank-1024x682.jpg?resize=584%2C389\" alt=\"\" width=\"584\" height=\"389\" srcset=\"https:\/\/i2.wp.com\/www.presstourism.ch\/wp-content\/uploads\/2018\/11\/4Monast\u00e8reNoravank.jpg?w=1024 1024w, https:\/\/i2.wp.com\/www.presstourism.ch\/wp-content\/uploads\/2018\/11\/4Monast\u00e8reNoravank.jpg?resize=300%2C200 300w, https:\/\/i2.wp.com\/www.presstourism.ch\/wp-content\/uploads\/2018\/11\/4Monast\u00e8reNoravank.jpg?resize=768%2C512 768w, https:\/\/i2.wp.com\/www.presstourism.ch\/wp-content\/uploads\/2018\/11\/4Monast\u00e8reNoravank.jpg?resize=600%2C400 600w\" sizes=\"(max-width: 584px) 100vw, 584px\" data-recalc-dims=\"1\" \/><\/a><p id=\"caption-attachment-4820\" class=\"wp-caption-text\">Le monast\u00e8re de Noravank, inscrit \u00e0 l&rsquo;Unesco, dans son site de roches rouges.<\/p><\/div>\n<p>Ses magnifiques paysages du sud du Caucase, sa nature sauvage, ses monast\u00e8res et autres t\u00e9moins de l&rsquo;histoire font tout le charme et l&rsquo;int\u00e9r\u00eat d&rsquo;une nation o\u00f9 il est possible de combiner randonn\u00e9es et visites culturelles.<\/p>\n<div id=\"attachment_4821\" style=\"width: 650px\" class=\"wp-caption alignnone\"><a href=\"https:\/\/i2.wp.com\/www.presstourism.ch\/WP_ALEX\/wp-content\/uploads\/2018\/11\/5Monast\u00e8reSevanavank-SoleilCouch.jpg\"><img aria-describedby=\"caption-attachment-4821\" loading=\"lazy\" class=\"size-large wp-image-4821\" src=\"https:\/\/i0.wp.com\/www.presstourism.ch\/WP_ALEX\/wp-content\/uploads\/2018\/11\/5Monast\u00e8reSevanavank-SoleilCouch-1024x682.jpg?resize=584%2C389\" alt=\"\" width=\"584\" height=\"389\" srcset=\"https:\/\/i1.wp.com\/www.presstourism.ch\/wp-content\/uploads\/2018\/11\/5Monast\u00e8reSevanavank-SoleilCouch.jpg?w=1024 1024w, https:\/\/i1.wp.com\/www.presstourism.ch\/wp-content\/uploads\/2018\/11\/5Monast\u00e8reSevanavank-SoleilCouch.jpg?resize=300%2C200 300w, https:\/\/i1.wp.com\/www.presstourism.ch\/wp-content\/uploads\/2018\/11\/5Monast\u00e8reSevanavank-SoleilCouch.jpg?resize=768%2C512 768w, https:\/\/i1.wp.com\/www.presstourism.ch\/wp-content\/uploads\/2018\/11\/5Monast\u00e8reSevanavank-SoleilCouch.jpg?resize=600%2C400 600w\" sizes=\"(max-width: 584px) 100vw, 584px\" data-recalc-dims=\"1\" \/><\/a><p id=\"caption-attachment-4821\" class=\"wp-caption-text\">L&rsquo;ombre des clochers de Sevanavank, au-dessus du lac Sevan, avec le soleil couchant.<\/p><\/div>\n<p>Les hommages rendus \u00e0 Charles Aznavour, l&rsquo;enfant du pays, et l&rsquo;organisation du 17e sommet francophone des chefs d&rsquo;Etat ont donn\u00e9 r\u00e9cemment un relief tout particulier \u00e0 l&rsquo;Arm\u00e9nie. Celle-ci est riche d&rsquo;histoire et d&rsquo;\u00e9motions et s&rsquo;est transform\u00e9e depuis quelques ann\u00e9es pour s&rsquo;adapter \u00e0 une demande touristique en constante hausse, mais sans perdre son \u00e2me.<\/p>\n<div id=\"attachment_4818\" style=\"width: 650px\" class=\"wp-caption alignnone\"><a href=\"https:\/\/i1.wp.com\/www.presstourism.ch\/WP_ALEX\/wp-content\/uploads\/2018\/11\/2Arm\u00e9nieMonast\u00e8re-KhorVirap.jpg\"><img aria-describedby=\"caption-attachment-4818\" loading=\"lazy\" class=\"size-large wp-image-4818\" src=\"https:\/\/i1.wp.com\/www.presstourism.ch\/WP_ALEX\/wp-content\/uploads\/2018\/11\/2Arm\u00e9nieMonast\u00e8re-KhorVirap-1024x682.jpg?resize=584%2C389\" alt=\"\" width=\"584\" height=\"389\" srcset=\"https:\/\/i1.wp.com\/www.presstourism.ch\/wp-content\/uploads\/2018\/11\/2Arm\u00e9nieMonast\u00e8re-KhorVirap.jpg?w=1024 1024w, https:\/\/i1.wp.com\/www.presstourism.ch\/wp-content\/uploads\/2018\/11\/2Arm\u00e9nieMonast\u00e8re-KhorVirap.jpg?resize=300%2C200 300w, https:\/\/i1.wp.com\/www.presstourism.ch\/wp-content\/uploads\/2018\/11\/2Arm\u00e9nieMonast\u00e8re-KhorVirap.jpg?resize=768%2C512 768w, https:\/\/i1.wp.com\/www.presstourism.ch\/wp-content\/uploads\/2018\/11\/2Arm\u00e9nieMonast\u00e8re-KhorVirap.jpg?resize=600%2C400 600w\" sizes=\"(max-width: 584px) 100vw, 584px\" data-recalc-dims=\"1\" \/><\/a><p id=\"caption-attachment-4818\" class=\"wp-caption-text\">Le monast\u00e8re de Khor Virap, au pied du Mont Ararat, dont les glaciers contiendraient l&rsquo;Arche de No\u00e9.<\/p><\/div>\n<p>C&rsquo;est dans cette contr\u00e9e caucasienne que s&rsquo;\u00e9l\u00e8ve le Mont Ararat (5137 m.), dont les glaciers contiendraient les vestiges de l&rsquo;Arche de No\u00e9, comme le r\u00e9v\u00e8le en tout cas la Bible.&nbsp;De nombreuses exp\u00e9ditions ont d&rsquo;ailleurs donn\u00e9 lieu \u00e0 des d\u00e9couvertes dignes d&rsquo;int\u00e9r\u00eat, sans toutefois pouvoir rassembler des preuves d\u00e9finitives. Ce mont au sommet toujours enneig\u00e9 est le symbole du pays, m\u00eame s&rsquo;il est en grande partie sur territoire turc.<\/p>\n<div id=\"attachment_4826\" style=\"width: 650px\" class=\"wp-caption alignnone\"><a href=\"https:\/\/i1.wp.com\/www.presstourism.ch\/WP_ALEX\/wp-content\/uploads\/2018\/11\/10Arm\u00e9nieForteresse-Amberd.jpg\"><img aria-describedby=\"caption-attachment-4826\" loading=\"lazy\" class=\"size-large wp-image-4826\" src=\"https:\/\/i1.wp.com\/www.presstourism.ch\/WP_ALEX\/wp-content\/uploads\/2018\/11\/10Arm\u00e9nieForteresse-Amberd-1024x682.jpg?resize=584%2C389\" alt=\"\" width=\"584\" height=\"389\" srcset=\"https:\/\/i0.wp.com\/www.presstourism.ch\/wp-content\/uploads\/2018\/11\/10Arm\u00e9nieForteresse-Amberd.jpg?w=1024 1024w, https:\/\/i0.wp.com\/www.presstourism.ch\/wp-content\/uploads\/2018\/11\/10Arm\u00e9nieForteresse-Amberd.jpg?resize=300%2C200 300w, https:\/\/i0.wp.com\/www.presstourism.ch\/wp-content\/uploads\/2018\/11\/10Arm\u00e9nieForteresse-Amberd.jpg?resize=768%2C512 768w, https:\/\/i0.wp.com\/www.presstourism.ch\/wp-content\/uploads\/2018\/11\/10Arm\u00e9nieForteresse-Amberd.jpg?resize=600%2C400 600w\" sizes=\"(max-width: 584px) 100vw, 584px\" data-recalc-dims=\"1\" \/><\/a><p id=\"caption-attachment-4826\" class=\"wp-caption-text\">Amberd et sa forteresse du VIIe si\u00e8cle, qui domine la plaine de l&rsquo;Ararat sur son piton rocheux. En contrebas, l\u2019une des plus anciennes \u00e9glises en tuf.<\/p><\/div>\n<p>La plus haute montagne totalement arm\u00e9nienne, c&rsquo;est le Mont Aragats (4095&nbsp;m.). On peut l&rsquo;atteindre en passant sur un de ses versants par la forteresse d&rsquo;Amberd, t\u00e9moin de l&rsquo;architecture militaire du Moyen \u00c2ge. Avant de monter vers Qari Lich (le lac de pierre), situ\u00e9 \u00e0 3300 m. d&rsquo;altitude, superbes panoramas alentours assur\u00e9s.<\/p>\n<div id=\"attachment_4816\" style=\"width: 650px\" class=\"wp-caption alignnone\"><a href=\"https:\/\/i0.wp.com\/www.presstourism.ch\/WP_ALEX\/wp-content\/uploads\/2018\/11\/1A_Arm\u00e9nieLacPierre.jpg\"><img aria-describedby=\"caption-attachment-4816\" loading=\"lazy\" class=\"size-large wp-image-4816\" src=\"https:\/\/i2.wp.com\/www.presstourism.ch\/WP_ALEX\/wp-content\/uploads\/2018\/11\/1A_Arm\u00e9nieLacPierre-1024x434.jpg?resize=584%2C247\" alt=\"\" width=\"584\" height=\"247\" srcset=\"https:\/\/i0.wp.com\/www.presstourism.ch\/wp-content\/uploads\/2018\/11\/1A_Arm\u00e9nieLacPierre.jpg?w=1024 1024w, https:\/\/i0.wp.com\/www.presstourism.ch\/wp-content\/uploads\/2018\/11\/1A_Arm\u00e9nieLacPierre.jpg?resize=300%2C127 300w, https:\/\/i0.wp.com\/www.presstourism.ch\/wp-content\/uploads\/2018\/11\/1A_Arm\u00e9nieLacPierre.jpg?resize=768%2C326 768w, https:\/\/i0.wp.com\/www.presstourism.ch\/wp-content\/uploads\/2018\/11\/1A_Arm\u00e9nieLacPierre.jpg?resize=600%2C254 600w\" sizes=\"(max-width: 584px) 100vw, 584px\" data-recalc-dims=\"1\" \/><\/a><p id=\"caption-attachment-4816\" class=\"wp-caption-text\">Qari Lich, le lac de pierre, \u00e0 3300 m. d&rsquo;altitude, dans la mont\u00e9e vers le mont Aragats (4095 m).<\/p><\/div>\n<p><strong>Temple du Soleil<\/strong><\/p>\n<p>Reste que la plus grande richesse architecturale de l&rsquo;Arm\u00e9nie, qui compte pr\u00e8s de 3 millions d&rsquo;habitants, ce sont ses milliers de monast\u00e8res, d\u2019\u00e9glises et de croix sculpt\u00e9es dans la pierre.&nbsp;Ils ont \u00e9t\u00e9 \u00e9rig\u00e9s depuis le IVe si\u00e8cle, ayant tous leurs caract\u00e9ristiques sp\u00e9cifiques et spirituelles. Les circuits touristiques permettent de d\u00e9couvrir une bonne partie d&rsquo;entre eux, tous plus beaux les uns que les autres. Tels Kor Virap, Noravank et Geghard, pour n&rsquo;en citer que trois. Ce dernier se trouve dans la r\u00e9gion de Kotayk, \u00e0 l&rsquo;est de la capitale Erevan. Comme le temple du Soleil de Garni (1er si\u00e8cle) et les fabuleuses orgues basaltiques dans la gorge du m\u00eame nom. Et l&rsquo;Arm\u00e9nie compte bien d&rsquo;autres merveilles.<\/p>\n<div id=\"attachment_4819\" style=\"width: 522px\" class=\"wp-caption aligncenter\"><a href=\"https:\/\/i1.wp.com\/www.presstourism.ch\/WP_ALEX\/wp-content\/uploads\/2018\/11\/3PierresGarniGorges.jpg\"><img aria-describedby=\"caption-attachment-4819\" loading=\"lazy\" class=\"size-full wp-image-4819\" src=\"https:\/\/i1.wp.com\/www.presstourism.ch\/WP_ALEX\/wp-content\/uploads\/2018\/11\/3PierresGarniGorges.jpg?resize=512%2C768\" alt=\"\" width=\"512\" height=\"768\" srcset=\"https:\/\/i0.wp.com\/www.presstourism.ch\/wp-content\/uploads\/2018\/11\/3PierresGarniGorges.jpg?w=512 512w, https:\/\/i0.wp.com\/www.presstourism.ch\/wp-content\/uploads\/2018\/11\/3PierresGarniGorges.jpg?resize=200%2C300 200w\" sizes=\"(max-width: 512px) 100vw, 512px\" data-recalc-dims=\"1\" \/><\/a><p id=\"caption-attachment-4819\" class=\"wp-caption-text\">Les superbes orgues basaltiques dans les gorges de Garni.<\/p><\/div>\n<p><strong>Textes et photos: Roger Juillerat<\/strong><\/p>\n<hr>\n<p><strong>Infos pratiques<\/strong><\/p>\n<div id=\"attachment_4822\" style=\"width: 650px\" class=\"wp-caption alignnone\"><a href=\"https:\/\/i0.wp.com\/www.presstourism.ch\/WP_ALEX\/wp-content\/uploads\/2018\/11\/6AlphabetGuide.jpg\"><img aria-describedby=\"caption-attachment-4822\" loading=\"lazy\" class=\"size-large wp-image-4822\" src=\"https:\/\/i2.wp.com\/www.presstourism.ch\/WP_ALEX\/wp-content\/uploads\/2018\/11\/6AlphabetGuide-1024x682.jpg?resize=584%2C389\" alt=\"\" width=\"584\" height=\"389\" srcset=\"https:\/\/i2.wp.com\/www.presstourism.ch\/wp-content\/uploads\/2018\/11\/6AlphabetGuide.jpg?w=1024 1024w, https:\/\/i2.wp.com\/www.presstourism.ch\/wp-content\/uploads\/2018\/11\/6AlphabetGuide.jpg?resize=300%2C200 300w, https:\/\/i2.wp.com\/www.presstourism.ch\/wp-content\/uploads\/2018\/11\/6AlphabetGuide.jpg?resize=768%2C512 768w, https:\/\/i2.wp.com\/www.presstourism.ch\/wp-content\/uploads\/2018\/11\/6AlphabetGuide.jpg?resize=600%2C400 600w\" sizes=\"(max-width: 584px) 100vw, 584px\" data-recalc-dims=\"1\" \/><\/a><p id=\"caption-attachment-4822\" class=\"wp-caption-text\">Un guide et son cheval devant le site de l&rsquo;alphabet arm\u00e9nien \u00e0 Oshakan.<\/p><\/div>\n<p><strong>Y aller:<\/strong> Aratours Travel Services, \u00e0 Fribourg et \u00e0 Erevan, organise des voyages en groupes ou individuel. Fort d\u2019une exp\u00e9rience de 15 ans, il d\u00e9veloppe des programmes bas\u00e9s sur un tourisme \u00e9thique et solidaire, <a href=\"http:\/\/www.aratours.travel\">www.aratours.travel<\/a>, 026 322 72&nbsp;77, <a href=\"mailto:info@aratours.travel\">info@aratours.travel<\/a>. Vols depuis Gen\u00e8ve avec les compagnies UIA, via Kiev, ou Austrian, via Vienne.<\/p>\n<div id=\"attachment_4824\" style=\"width: 650px\" class=\"wp-caption alignnone\"><a href=\"https:\/\/i2.wp.com\/www.presstourism.ch\/WP_ALEX\/wp-content\/uploads\/2018\/11\/8PainCampagne.jpg\"><img aria-describedby=\"caption-attachment-4824\" loading=\"lazy\" class=\"size-large wp-image-4824\" src=\"https:\/\/i0.wp.com\/www.presstourism.ch\/WP_ALEX\/wp-content\/uploads\/2018\/11\/8PainCampagne-1024x682.jpg?resize=584%2C389\" alt=\"\" width=\"584\" height=\"389\" srcset=\"https:\/\/i2.wp.com\/www.presstourism.ch\/wp-content\/uploads\/2018\/11\/8PainCampagne.jpg?w=1024 1024w, https:\/\/i2.wp.com\/www.presstourism.ch\/wp-content\/uploads\/2018\/11\/8PainCampagne.jpg?resize=300%2C200 300w, https:\/\/i2.wp.com\/www.presstourism.ch\/wp-content\/uploads\/2018\/11\/8PainCampagne.jpg?resize=768%2C512 768w, https:\/\/i2.wp.com\/www.presstourism.ch\/wp-content\/uploads\/2018\/11\/8PainCampagne.jpg?resize=600%2C400 600w\" sizes=\"(max-width: 584px) 100vw, 584px\" data-recalc-dims=\"1\" \/><\/a><p id=\"caption-attachment-4824\" class=\"wp-caption-text\">La pr\u00e9paration du pain dans une famille du village d&rsquo;Aknashen, sur le circuit d&rsquo;Aratours.<\/p><\/div>\n<p><strong>Couettes et couverts:<\/strong> l&rsquo;Arm\u00e9nie \u00e9tant petite (29&nbsp;800 m2, alors que la Suisse en fait un peu plus de 41&nbsp;000), il est facile de se d\u00e9placer chaque jour depuis la capitale. Bien plac\u00e9 au centre de cette derni\u00e8re, avec un bon rapport qualit\u00e9-prix, le Cascade h\u00f4tel est pratique pour les s\u00e9jours-d\u00e9couverte en ville et dans le pays, <a href=\"http:\/\/www.cascadehotel.am\">www.cascadehotel.am<\/a>. Les restaurants avec sp\u00e9cialit\u00e9s du terroir arm\u00e9nien ne manquent pas sur les circuits ou \u00e0 Erevan<\/p>\n<div id=\"attachment_4825\" style=\"width: 650px\" class=\"wp-caption alignnone\"><a href=\"https:\/\/i0.wp.com\/www.presstourism.ch\/WP_ALEX\/wp-content\/uploads\/2018\/11\/9LesJeuxArm\u00e9nie.jpg\"><img aria-describedby=\"caption-attachment-4825\" loading=\"lazy\" class=\"size-large wp-image-4825\" src=\"https:\/\/i2.wp.com\/www.presstourism.ch\/WP_ALEX\/wp-content\/uploads\/2018\/11\/9LesJeuxArm\u00e9nie-1024x682.jpg?resize=584%2C389\" alt=\"\" width=\"584\" height=\"389\" srcset=\"https:\/\/i1.wp.com\/www.presstourism.ch\/wp-content\/uploads\/2018\/11\/9LesJeuxArm\u00e9nie.jpg?w=1024 1024w, https:\/\/i1.wp.com\/www.presstourism.ch\/wp-content\/uploads\/2018\/11\/9LesJeuxArm\u00e9nie.jpg?resize=300%2C200 300w, https:\/\/i1.wp.com\/www.presstourism.ch\/wp-content\/uploads\/2018\/11\/9LesJeuxArm\u00e9nie.jpg?resize=768%2C512 768w, https:\/\/i1.wp.com\/www.presstourism.ch\/wp-content\/uploads\/2018\/11\/9LesJeuxArm\u00e9nie.jpg?resize=600%2C400 600w\" sizes=\"(max-width: 584px) 100vw, 584px\" data-recalc-dims=\"1\" \/><\/a><p id=\"caption-attachment-4825\" class=\"wp-caption-text\">On joue au Tavlou ou Nardi dans une rue de Gumry.<\/p><\/div>\n<p><strong>S&rsquo;informer:<\/strong> Petit Fut\u00e9, <a href=\"http:\/\/www.petitfute.com\">www.petitfute.com<\/a>, a \u00e9t\u00e9 le premier \u00e0 \u00e9diter un guide sur l&rsquo;Arm\u00e9nie et il compl\u00e8te chaque ann\u00e9e les infos sur les quatre coins du pays. <a href=\"http:\/\/www.destination-armenie.fr\">www.destination-armenie.fr<\/a><\/p>\n<div id=\"attachment_4823\" style=\"width: 574px\" class=\"wp-caption aligncenter\"><a href=\"https:\/\/i1.wp.com\/www.presstourism.ch\/WP_ALEX\/wp-content\/uploads\/2018\/11\/7GumryLesJeunes.jpg\"><img aria-describedby=\"caption-attachment-4823\" loading=\"lazy\" class=\"size-full wp-image-4823\" src=\"https:\/\/i1.wp.com\/www.presstourism.ch\/WP_ALEX\/wp-content\/uploads\/2018\/11\/7GumryLesJeunes.jpg?resize=564%2C768\" alt=\"\" width=\"564\" height=\"768\" srcset=\"https:\/\/i1.wp.com\/www.presstourism.ch\/wp-content\/uploads\/2018\/11\/7GumryLesJeunes.jpg?w=564 564w, https:\/\/i1.wp.com\/www.presstourism.ch\/wp-content\/uploads\/2018\/11\/7GumryLesJeunes.jpg?resize=220%2C300 220w\" sizes=\"(max-width: 564px) 100vw, 564px\" data-recalc-dims=\"1\" \/><\/a><p id=\"caption-attachment-4823\" class=\"wp-caption-text\">Une classe d&rsquo;\u00e9tudiants devant les statues de la Grande place de Gumry.<\/p><\/div>\n<p><a href=\"http:\/\/www.presstourism.ch\/wp-content\/uploads\/2018\/11\/NVT_021118-BaladeArm\u00e9nie-copie.pdf\">Lire ou t\u00e9l\u00e9charger l&rsquo;article de presse&#8230;<\/a><\/p>\n","protected":false},"excerpt":{"rendered":"<p>Ses magnifiques paysages du sud du Caucase, sa nature sauvage, ses monast\u00e8res et autres t\u00e9moins de l&rsquo;histoire font tout le charme et l&rsquo;int\u00e9r\u00eat d&rsquo;une nation o\u00f9 il est possible de combiner randonn\u00e9es et visites culturelles. Les hommages rendus \u00e0 Charles &hellip; <a href=\"http:\/\/www.presstourism.ch\/?page_id=4815\">Continuer la lecture <span class=\"meta-nav\">&rarr;<\/span><\/a><\/p>\n","protected":false},"author":1,"featured_media":0,"parent":713,"menu_order":0,"comment_status":"closed","ping_status":"closed","template":"","meta":{"ngg_post_thumbnail":0,"spay_email":""},"jetpack_sharing_enabled":true,"jetpack_shortlink":"https:\/\/wp.me\/P468TV-1fF","_links":{"self":[{"href":"http:\/\/www.presstourism.ch\/index.php?rest_route=\/wp\/v2\/pages\/4815"}],"collection":[{"href":"http:\/\/www.presstourism.ch\/index.php?rest_route=\/wp\/v2\/pages"}],"about":[{"href":"http:\/\/www.presstourism.ch\/index.php?rest_route=\/wp\/v2\/types\/page"}],"author":[{"embeddable":true,"href":"http:\/\/www.presstourism.ch\/index.php?rest_route=\/wp\/v2\/users\/1"}],"replies":[{"embeddable":true,"href":"http:\/\/www.presstourism.ch\/index.php?rest_route=%2Fwp%2Fv2%2Fcomments&post=4815"}],"version-history":[{"count":3,"href":"http:\/\/www.presstourism.ch\/index.php?rest_route=\/wp\/v2\/pages\/4815\/revisions"}],"predecessor-version":[{"id":9259,"href":"http:\/\/www.presstourism.ch\/index.php?rest_route=\/wp\/v2\/pages\/4815\/revisions\/9259"}],"up":[{"embeddable":true,"href":"http:\/\/www.presstourism.ch\/index.php?rest_route=\/wp\/v2\/pages\/713"}],"wp:attachment":[{"href":"http:\/\/www.presstourism.ch\/index.php?rest_route=%2Fwp%2Fv2%2Fmedia&parent=4815"}],"curies":[{"name":"wp","href":"https:\/\/api.w.org\/{rel}","templated":true}]}}