{"id":4738,"date":"2018-11-15T16:02:31","date_gmt":"2018-11-15T15:02:31","guid":{"rendered":"http:\/\/www.presstourism.ch\/WP_ALEX\/?page_id=4738"},"modified":"2018-11-15T16:02:31","modified_gmt":"2018-11-15T15:02:31","slug":"jura-un-petit-air-de-liberte-souffle-a-delemont","status":"publish","type":"page","link":"http:\/\/www.presstourism.ch\/?page_id=4738","title":{"rendered":"Jura: Un petit air de libert\u00e9 souffle \u00e0 Del\u00e9mont"},"content":{"rendered":"<div id=\"attachment_4739\" style=\"width: 522px\" class=\"wp-caption aligncenter\"><a href=\"https:\/\/i0.wp.com\/www.presstourism.ch\/WP_ALEX\/wp-content\/uploads\/2018\/11\/1Del\u00e9montStMarcel-Largeur-max.-1024-Hauteur-max.-768.jpg\"><img aria-describedby=\"caption-attachment-4739\" loading=\"lazy\" class=\"size-full wp-image-4739\" src=\"https:\/\/i0.wp.com\/www.presstourism.ch\/WP_ALEX\/wp-content\/uploads\/2018\/11\/1Del\u00e9montStMarcel-Largeur-max.-1024-Hauteur-max.-768.jpg?resize=512%2C768\" alt=\"\" width=\"512\" height=\"768\" srcset=\"https:\/\/i1.wp.com\/www.presstourism.ch\/wp-content\/uploads\/2018\/11\/1Del\u00e9montStMarcel-Largeur-max.-1024-Hauteur-max.-768.jpg?w=512 512w, https:\/\/i1.wp.com\/www.presstourism.ch\/wp-content\/uploads\/2018\/11\/1Del\u00e9montStMarcel-Largeur-max.-1024-Hauteur-max.-768.jpg?resize=200%2C300 200w\" sizes=\"(max-width: 512px) 100vw, 512px\" data-recalc-dims=\"1\" \/><\/a><p id=\"caption-attachment-4739\" class=\"wp-caption-text\">Le clocher de l&rsquo;\u00e9glise St-Marcel depuis la fontaine de la Boule, dans le prolongement de la rue du Fer.<\/p><\/div>\n<p>Avec son quartier de la gare anim\u00e9, sa vieille ville remarquablement restaur\u00e9e et ses belles fontaines qui ont toutes une histoire \u00e0 raconter, la capitale del\u00e9montaine est accueillante et foisonne d&rsquo;activit\u00e9s.<\/p>\n<div id=\"attachment_4740\" style=\"width: 650px\" class=\"wp-caption alignnone\"><a href=\"https:\/\/i2.wp.com\/www.presstourism.ch\/WP_ALEX\/wp-content\/uploads\/2018\/11\/2Del\u00e9montCh\u00e2teau-Largeur-max.-1024-Hauteur-max.-768.jpg\"><img aria-describedby=\"caption-attachment-4740\" loading=\"lazy\" class=\"size-large wp-image-4740\" src=\"https:\/\/i2.wp.com\/www.presstourism.ch\/WP_ALEX\/wp-content\/uploads\/2018\/11\/2Del\u00e9montCh\u00e2teau-Largeur-max.-1024-Hauteur-max.-768-1024x682.jpg?resize=584%2C389\" alt=\"\" width=\"584\" height=\"389\" srcset=\"https:\/\/i2.wp.com\/www.presstourism.ch\/wp-content\/uploads\/2018\/11\/2Del\u00e9montCh\u00e2teau-Largeur-max.-1024-Hauteur-max.-768.jpg?w=1024 1024w, https:\/\/i2.wp.com\/www.presstourism.ch\/wp-content\/uploads\/2018\/11\/2Del\u00e9montCh\u00e2teau-Largeur-max.-1024-Hauteur-max.-768.jpg?resize=300%2C200 300w, https:\/\/i2.wp.com\/www.presstourism.ch\/wp-content\/uploads\/2018\/11\/2Del\u00e9montCh\u00e2teau-Largeur-max.-1024-Hauteur-max.-768.jpg?resize=768%2C512 768w, https:\/\/i2.wp.com\/www.presstourism.ch\/wp-content\/uploads\/2018\/11\/2Del\u00e9montCh\u00e2teau-Largeur-max.-1024-Hauteur-max.-768.jpg?resize=600%2C400 600w\" sizes=\"(max-width: 584px) 100vw, 584px\" data-recalc-dims=\"1\" \/><\/a><p id=\"caption-attachment-4740\" class=\"wp-caption-text\">Le ch\u00e2teau entre cour et jardin, qui est aujourd&rsquo;hui le si\u00e8ge des \u00e9coles primaires de la ville.<\/p><\/div>\n<p>Quand vous arrivez \u00e0 Del\u00e9mont par la gare, l&rsquo;animation est tout de suite perceptible et l&rsquo;accueil est chaleureux dans un quartier commercial et color\u00e9. Qui plus est quand vous prenez le temps d&rsquo;aller vous restaurer dans l&rsquo;un des caf\u00e9s du coin, avec une petite damassine pour accompagner l&rsquo;expresso, Jura oblige&#8230; De quoi vous donner du courage, avant de traverser l&rsquo;antique pont en dos-d&rsquo;\u00e2ne de la Malti\u00e8re pour monter dans la vieille ville.<\/p>\n<div id=\"attachment_4741\" style=\"width: 650px\" class=\"wp-caption alignnone\"><a href=\"https:\/\/i2.wp.com\/www.presstourism.ch\/WP_ALEX\/wp-content\/uploads\/2018\/11\/3Del\u00e9montPlaceEglise-Largeur-max.-1024-Hauteur-max.-768.jpg\"><img aria-describedby=\"caption-attachment-4741\" loading=\"lazy\" class=\"size-large wp-image-4741\" src=\"https:\/\/i0.wp.com\/www.presstourism.ch\/WP_ALEX\/wp-content\/uploads\/2018\/11\/3Del\u00e9montPlaceEglise-Largeur-max.-1024-Hauteur-max.-768-1024x682.jpg?resize=584%2C389\" alt=\"\" width=\"584\" height=\"389\" srcset=\"https:\/\/i1.wp.com\/www.presstourism.ch\/wp-content\/uploads\/2018\/11\/3Del\u00e9montPlaceEglise-Largeur-max.-1024-Hauteur-max.-768.jpg?w=1024 1024w, https:\/\/i1.wp.com\/www.presstourism.ch\/wp-content\/uploads\/2018\/11\/3Del\u00e9montPlaceEglise-Largeur-max.-1024-Hauteur-max.-768.jpg?resize=300%2C200 300w, https:\/\/i1.wp.com\/www.presstourism.ch\/wp-content\/uploads\/2018\/11\/3Del\u00e9montPlaceEglise-Largeur-max.-1024-Hauteur-max.-768.jpg?resize=768%2C512 768w, https:\/\/i1.wp.com\/www.presstourism.ch\/wp-content\/uploads\/2018\/11\/3Del\u00e9montPlaceEglise-Largeur-max.-1024-Hauteur-max.-768.jpg?resize=600%2C400 600w\" sizes=\"(max-width: 584px) 100vw, 584px\" data-recalc-dims=\"1\" \/><\/a><p id=\"caption-attachment-4741\" class=\"wp-caption-text\">Comme d&rsquo;autres aux quatre coins de la cit\u00e9, la petite place de l&rsquo;Eglise a un joli cachet.<\/p><\/div>\n<p>Celle-ci a \u00e9t\u00e9 remarquablement restaur\u00e9e et comprend quelques b\u00e2timents notoires tel que l&rsquo;imposant ch\u00e2teau \u00e9piscopal de style baroque et son jardin, le magnifique Mus\u00e9e d&rsquo;art et d&rsquo;histoire retra\u00e7ant les \u00e9v\u00e9nements marquants du canton, l&rsquo;\u00e9glise Saint-Marcel, l&rsquo;H\u00f4tel-de-Ville, la Maison Wicka, l&rsquo;ancien H\u00f4pital et couvent des Ursulines, le Caf\u00e9 d&rsquo;Espagne et ces jolies fontaines, t\u00e9moins de la Renaissance, et qui ont toutes une histoire \u00e0 raconter.<\/p>\n<div id=\"attachment_4744\" style=\"width: 650px\" class=\"wp-caption alignnone\"><a href=\"https:\/\/i0.wp.com\/www.presstourism.ch\/WP_ALEX\/wp-content\/uploads\/2018\/11\/6HospiceFontStHenri-Largeur-max.-1024-Hauteur-max.-768.jpg\"><img aria-describedby=\"caption-attachment-4744\" loading=\"lazy\" class=\"size-large wp-image-4744\" src=\"https:\/\/i1.wp.com\/www.presstourism.ch\/WP_ALEX\/wp-content\/uploads\/2018\/11\/6HospiceFontStHenri-Largeur-max.-1024-Hauteur-max.-768-1024x768.jpg?resize=584%2C438\" alt=\"\" width=\"584\" height=\"438\" srcset=\"https:\/\/i2.wp.com\/www.presstourism.ch\/wp-content\/uploads\/2018\/11\/6HospiceFontStHenri-Largeur-max.-1024-Hauteur-max.-768.jpg?w=1024 1024w, https:\/\/i2.wp.com\/www.presstourism.ch\/wp-content\/uploads\/2018\/11\/6HospiceFontStHenri-Largeur-max.-1024-Hauteur-max.-768.jpg?resize=300%2C225 300w, https:\/\/i2.wp.com\/www.presstourism.ch\/wp-content\/uploads\/2018\/11\/6HospiceFontStHenri-Largeur-max.-1024-Hauteur-max.-768.jpg?resize=768%2C576 768w, https:\/\/i2.wp.com\/www.presstourism.ch\/wp-content\/uploads\/2018\/11\/6HospiceFontStHenri-Largeur-max.-1024-Hauteur-max.-768.jpg?resize=600%2C450 600w\" sizes=\"(max-width: 584px) 100vw, 584px\" data-recalc-dims=\"1\" \/><\/a><p id=\"caption-attachment-4744\" class=\"wp-caption-text\">Construit en 1698-1699, ce b\u00e2timent abrita notamment l&rsquo;ancien h\u00f4pital du district derri\u00e8re la fontaine Saint-Henri.<\/p><\/div>\n<p>Il y a celles du Guerrier romain, dans la Grand-Rue, et du Lion, rue de la Pr\u00e9fecture; la fontaine de la Boule ou du Milieu; celle de Saint-Henri, dont le f\u00fbt est surmont\u00e9 de la statue repr\u00e9sentant Henri II, empereur germanique de 1014 \u00e0 1024; celles de la Vierge et enfin du Sauvage (1583), qui tient les armoiries de la Ville, pas loin de l&rsquo;entr\u00e9e du ch\u00e2teau,<\/p>\n<div id=\"attachment_4742\" style=\"width: 522px\" class=\"wp-caption aligncenter\"><a href=\"https:\/\/i0.wp.com\/www.presstourism.ch\/WP_ALEX\/wp-content\/uploads\/2018\/11\/4Del\u00e9montPorteLoup-Largeur-max.-1024-Hauteur-max.-768.jpg\"><img aria-describedby=\"caption-attachment-4742\" loading=\"lazy\" class=\"size-full wp-image-4742\" src=\"https:\/\/i0.wp.com\/www.presstourism.ch\/WP_ALEX\/wp-content\/uploads\/2018\/11\/4Del\u00e9montPorteLoup-Largeur-max.-1024-Hauteur-max.-768.jpg?resize=512%2C768\" alt=\"\" width=\"512\" height=\"768\" srcset=\"https:\/\/i0.wp.com\/www.presstourism.ch\/wp-content\/uploads\/2018\/11\/4Del\u00e9montPorteLoup-Largeur-max.-1024-Hauteur-max.-768.jpg?w=512 512w, https:\/\/i0.wp.com\/www.presstourism.ch\/wp-content\/uploads\/2018\/11\/4Del\u00e9montPorteLoup-Largeur-max.-1024-Hauteur-max.-768.jpg?resize=200%2C300 200w\" sizes=\"(max-width: 512px) 100vw, 512px\" data-recalc-dims=\"1\" \/><\/a><p id=\"caption-attachment-4742\" class=\"wp-caption-text\">La Porte au Loup et son cadran solaire, autrefois d\u00e9part de l&rsquo;ancienne route en direction de B\u00e2le.<\/p><\/div>\n<p>Il ne faut pas manquer non plus la rue du Nord cachant ses myst\u00e8res, et la ruelle du Cheval-Blanc avec ses balcons en bois. La ceinture m\u00e9di\u00e9vale est encore bien visible: une partie des remparts, la Porte au Loup et celle de Porrentruy, ainsi que la tour ronde de la Franche Courtine qui, depuis le XIIIe si\u00e8cle, d\u00e9fend l&rsquo;angle nord-est de la cit\u00e9. La balade est agr\u00e9able au coeur d&rsquo;un urbanisme m\u00e9di\u00e9val avec ses petites places, les boutiques et de chaleureux bistrots. Comptant quelque 12.000 habitants, la capitale de la R\u00e9publique et canton du Jura a beaucoup \u00e0 offrir et a l&rsquo;art de cultiver l&rsquo;amiti\u00e9.<\/p>\n<div id=\"attachment_4743\" style=\"width: 612px\" class=\"wp-caption aligncenter\"><a href=\"https:\/\/i2.wp.com\/www.presstourism.ch\/WP_ALEX\/wp-content\/uploads\/2018\/11\/5Del\u00e9RuelleChBlanc-Largeur-max.-1024-Hauteur-max.-768.jpg\"><img aria-describedby=\"caption-attachment-4743\" loading=\"lazy\" class=\"size-full wp-image-4743\" src=\"https:\/\/i2.wp.com\/www.presstourism.ch\/WP_ALEX\/wp-content\/uploads\/2018\/11\/5Del\u00e9RuelleChBlanc-Largeur-max.-1024-Hauteur-max.-768.jpg?resize=584%2C745\" alt=\"\" width=\"584\" height=\"745\" srcset=\"https:\/\/i1.wp.com\/www.presstourism.ch\/wp-content\/uploads\/2018\/11\/5Del\u00e9RuelleChBlanc-Largeur-max.-1024-Hauteur-max.-768.jpg?w=602 602w, https:\/\/i1.wp.com\/www.presstourism.ch\/wp-content\/uploads\/2018\/11\/5Del\u00e9RuelleChBlanc-Largeur-max.-1024-Hauteur-max.-768.jpg?resize=235%2C300 235w, https:\/\/i1.wp.com\/www.presstourism.ch\/wp-content\/uploads\/2018\/11\/5Del\u00e9RuelleChBlanc-Largeur-max.-1024-Hauteur-max.-768.jpg?resize=600%2C765 600w\" sizes=\"(max-width: 584px) 100vw, 584px\" data-recalc-dims=\"1\" \/><\/a><p id=\"caption-attachment-4743\" class=\"wp-caption-text\">La jolie ruelle pav\u00e9e du Cheval-Blanc, qui rejoint d&rsquo;un c\u00f4t\u00e9 celle du Nord et de l&rsquo;autre le Mus\u00e9e jurassien.<\/p><\/div>\n<p><strong>Textes et photos: Roger Juillerat<\/strong><\/p>\n<hr \/>\n<div id=\"attachment_4746\" style=\"width: 560px\" class=\"wp-caption alignnone\"><a href=\"https:\/\/i1.wp.com\/www.presstourism.ch\/WP_ALEX\/wp-content\/uploads\/2018\/11\/8Del\u00e9montFontaineLion-Largeur-max.-1024-Hauteur-max.-768.jpg\"><img aria-describedby=\"caption-attachment-4746\" loading=\"lazy\" class=\"size-full wp-image-4746\" src=\"https:\/\/i1.wp.com\/www.presstourism.ch\/WP_ALEX\/wp-content\/uploads\/2018\/11\/8Del\u00e9montFontaineLion-Largeur-max.-1024-Hauteur-max.-768.jpg?resize=550%2C768\" alt=\"\" width=\"550\" height=\"768\" srcset=\"https:\/\/i2.wp.com\/www.presstourism.ch\/wp-content\/uploads\/2018\/11\/8Del\u00e9montFontaineLion-Largeur-max.-1024-Hauteur-max.-768.jpg?w=550 550w, https:\/\/i2.wp.com\/www.presstourism.ch\/wp-content\/uploads\/2018\/11\/8Del\u00e9montFontaineLion-Largeur-max.-1024-Hauteur-max.-768.jpg?resize=215%2C300 215w\" sizes=\"(max-width: 550px) 100vw, 550px\" data-recalc-dims=\"1\" \/><\/a><p id=\"caption-attachment-4746\" class=\"wp-caption-text\">La fontaine du Lion.<\/p><\/div>\n<p><strong>Infos pratiques<\/strong><\/p>\n<p><strong>Y aller:<\/strong> en train via Bienne, Granges et Moutier. En voiture par Bienne et suivre la Transjurane (A16). Ou bien via La Chaux-de-Fonds puis Saignel\u00e9gier et Del\u00e9mont.<\/p>\n<p><strong>Couettes et couverts:<\/strong> h\u00f4tel Le National, route de B\u00e2le 25 \u00e0 Del\u00e9mont, et sa cuisine raffin\u00e9e, <a href=\"http:\/\/www.lenational-hotel.ch\">www.lenational-hotel.ch<\/a>. Le Midi, pr\u00e8s de la gare, et ses plats du terroir, <a href=\"http:\/\/hoteldumidi.ch\">hoteldumidi.ch<\/a>. Les sp\u00e9cialit\u00e9s de saucisses s\u00e8che ou fum\u00e9e, les truites sauvages, la t\u00eate de moine, le to\u00e9tch\u00e9 (g\u00e2teau \u00e0 la cr\u00e8me), la damassine des vergers d&rsquo;Ajoie, etc.<\/p>\n<p><strong>Mais aussi:<\/strong> les balades dans les alentours de la capitale, dont celle qui conduit \u00e0 la chapelle du Vorbourg, sur son \u00e9peron rocheux au-dessus de la rivi\u00e8re la Birse. Les nombreuses activit\u00e9s et spectacles culturels.<\/p>\n<p><strong>S&rsquo;informer:<\/strong> Jura Tourisme, place de la gare 9 \u00e0 Del\u00e9mont, 032\/432\u00a041\u00a090, <a href=\"http:\/\/www.juratourisme.ch\">www.juratourisme.ch<\/a>, <a href=\"http:\/\/www.delemont.ch\">www.delemont.ch<\/a><\/p>\n<div id=\"attachment_4745\" style=\"width: 534px\" class=\"wp-caption aligncenter\"><a href=\"https:\/\/i0.wp.com\/www.presstourism.ch\/WP_ALEX\/wp-content\/uploads\/2018\/11\/7Del\u00e9montSauvage-Largeur-max.-1024-Hauteur-max.-768.jpg\"><img aria-describedby=\"caption-attachment-4745\" loading=\"lazy\" class=\"size-full wp-image-4745\" src=\"https:\/\/i0.wp.com\/www.presstourism.ch\/WP_ALEX\/wp-content\/uploads\/2018\/11\/7Del\u00e9montSauvage-Largeur-max.-1024-Hauteur-max.-768.jpg?resize=524%2C768\" alt=\"\" width=\"524\" height=\"768\" srcset=\"https:\/\/i0.wp.com\/www.presstourism.ch\/wp-content\/uploads\/2018\/11\/7Del\u00e9montSauvage-Largeur-max.-1024-Hauteur-max.-768.jpg?w=524 524w, https:\/\/i0.wp.com\/www.presstourism.ch\/wp-content\/uploads\/2018\/11\/7Del\u00e9montSauvage-Largeur-max.-1024-Hauteur-max.-768.jpg?resize=205%2C300 205w\" sizes=\"(max-width: 524px) 100vw, 524px\" data-recalc-dims=\"1\" \/><\/a><p id=\"caption-attachment-4745\" class=\"wp-caption-text\">Le Sauvage tient les armoiries de la Ville sur sa belle fontaine, qui date de 1583.<\/p><\/div>\n<p><a href=\"http:\/\/www.presstourism.ch\/WP_ALEX\/wp-content\/uploads\/2018\/11\/NVT_051018-Del\u00e9montBalade-copie-2.pdf\">Lire ou t\u00e9l\u00e9charger l&rsquo;article du 5 octobre 2018<\/a><\/p>\n","protected":false},"excerpt":{"rendered":"<p>Avec son quartier de la gare anim\u00e9, sa vieille ville remarquablement restaur\u00e9e et ses belles fontaines qui ont toutes une histoire \u00e0 raconter, la capitale del\u00e9montaine est accueillante et foisonne d&rsquo;activit\u00e9s. Quand vous arrivez \u00e0 Del\u00e9mont par la gare, l&rsquo;animation &hellip; <a href=\"http:\/\/www.presstourism.ch\/?page_id=4738\">Continuer la lecture <span class=\"meta-nav\">&rarr;<\/span><\/a><\/p>\n","protected":false},"author":1,"featured_media":0,"parent":341,"menu_order":0,"comment_status":"closed","ping_status":"closed","template":"","meta":{"ngg_post_thumbnail":0,"spay_email":""},"jetpack_sharing_enabled":true,"jetpack_shortlink":"https:\/\/wp.me\/P468TV-1eq","_links":{"self":[{"href":"http:\/\/www.presstourism.ch\/index.php?rest_route=\/wp\/v2\/pages\/4738"}],"collection":[{"href":"http:\/\/www.presstourism.ch\/index.php?rest_route=\/wp\/v2\/pages"}],"about":[{"href":"http:\/\/www.presstourism.ch\/index.php?rest_route=\/wp\/v2\/types\/page"}],"author":[{"embeddable":true,"href":"http:\/\/www.presstourism.ch\/index.php?rest_route=\/wp\/v2\/users\/1"}],"replies":[{"embeddable":true,"href":"http:\/\/www.presstourism.ch\/index.php?rest_route=%2Fwp%2Fv2%2Fcomments&post=4738"}],"version-history":[{"count":1,"href":"http:\/\/www.presstourism.ch\/index.php?rest_route=\/wp\/v2\/pages\/4738\/revisions"}],"predecessor-version":[{"id":4748,"href":"http:\/\/www.presstourism.ch\/index.php?rest_route=\/wp\/v2\/pages\/4738\/revisions\/4748"}],"up":[{"embeddable":true,"href":"http:\/\/www.presstourism.ch\/index.php?rest_route=\/wp\/v2\/pages\/341"}],"wp:attachment":[{"href":"http:\/\/www.presstourism.ch\/index.php?rest_route=%2Fwp%2Fv2%2Fmedia&parent=4738"}],"curies":[{"name":"wp","href":"https:\/\/api.w.org\/{rel}","templated":true}]}}