{"id":4723,"date":"2018-11-15T13:27:10","date_gmt":"2018-11-15T12:27:10","guid":{"rendered":"http:\/\/www.presstourism.ch\/WP_ALEX\/?page_id=4723"},"modified":"2024-04-11T08:22:56","modified_gmt":"2024-04-11T06:22:56","slug":"romainmotier-la-petite-bourgade-medievale-cote-pile","status":"publish","type":"page","link":"http:\/\/www.presstourism.ch\/?page_id=4723","title":{"rendered":"Romainm\u00f4tier: La petite bourgade m\u00e9di\u00e9vale c\u00f4t\u00e9 pile"},"content":{"rendered":"<div id=\"attachment_4725\" style=\"width: 650px\" class=\"wp-caption alignnone\"><a href=\"https:\/\/i2.wp.com\/www.presstourism.ch\/WP_ALEX\/wp-content\/uploads\/2018\/11\/1Romainm\u00f4tGlayrePile1-Largeur-max.-1024-Hauteur-max.-768.jpg\"><img aria-describedby=\"caption-attachment-4725\" loading=\"lazy\" class=\"size-large wp-image-4725\" src=\"https:\/\/i1.wp.com\/www.presstourism.ch\/WP_ALEX\/wp-content\/uploads\/2018\/11\/1Romainm\u00f4tGlayrePile1-Largeur-max.-1024-Hauteur-max.-768-1024x767.jpg?resize=584%2C437\" alt=\"\" width=\"584\" height=\"437\" srcset=\"https:\/\/i2.wp.com\/www.presstourism.ch\/wp-content\/uploads\/2018\/11\/1Romainm\u00f4tGlayrePile1-Largeur-max.-1024-Hauteur-max.-768.jpg?w=1024 1024w, https:\/\/i2.wp.com\/www.presstourism.ch\/wp-content\/uploads\/2018\/11\/1Romainm\u00f4tGlayrePile1-Largeur-max.-1024-Hauteur-max.-768.jpg?resize=300%2C225 300w, https:\/\/i2.wp.com\/www.presstourism.ch\/wp-content\/uploads\/2018\/11\/1Romainm\u00f4tGlayrePile1-Largeur-max.-1024-Hauteur-max.-768.jpg?resize=768%2C575 768w, https:\/\/i2.wp.com\/www.presstourism.ch\/wp-content\/uploads\/2018\/11\/1Romainm\u00f4tGlayrePile1-Largeur-max.-1024-Hauteur-max.-768.jpg?resize=600%2C449 600w\" sizes=\"(max-width: 584px) 100vw, 584px\" data-recalc-dims=\"1\" \/><\/a><p id=\"caption-attachment-4725\" class=\"wp-caption-text\">La belle demeure de Pierre-Maurice Glayre puis des familles de Lerber, sur la route de Vaulion.<\/p><\/div>\n<p>C\u00f4t\u00e9 face, il y a bien entendu l&rsquo;incontournable abbatiale, chef-d&rsquo;oeuvre de l&rsquo;art romand et gothique. Mais le village, qui avait acquis le statut de ville en 1581, poss\u00e8de d&rsquo;autres tr\u00e9sors. Une promenade historique permet de les d\u00e9couvrir.<\/p>\n<div id=\"attachment_4726\" style=\"width: 586px\" class=\"wp-caption aligncenter\"><a href=\"https:\/\/i1.wp.com\/www.presstourism.ch\/WP_ALEX\/wp-content\/uploads\/2018\/11\/2Romainm\u00f4tNozon2-Largeur-max.-1024-Hauteur-max.-768.jpg\"><img aria-describedby=\"caption-attachment-4726\" loading=\"lazy\" class=\"size-full wp-image-4726\" src=\"https:\/\/i1.wp.com\/www.presstourism.ch\/WP_ALEX\/wp-content\/uploads\/2018\/11\/2Romainm\u00f4tNozon2-Largeur-max.-1024-Hauteur-max.-768.jpg?resize=576%2C768\" alt=\"\" width=\"576\" height=\"768\" srcset=\"https:\/\/i1.wp.com\/www.presstourism.ch\/wp-content\/uploads\/2018\/11\/2Romainm\u00f4tNozon2-Largeur-max.-1024-Hauteur-max.-768.jpg?w=576 576w, https:\/\/i1.wp.com\/www.presstourism.ch\/wp-content\/uploads\/2018\/11\/2Romainm\u00f4tNozon2-Largeur-max.-1024-Hauteur-max.-768.jpg?resize=225%2C300 225w\" sizes=\"(max-width: 576px) 100vw, 576px\" data-recalc-dims=\"1\" \/><\/a><p id=\"caption-attachment-4726\" class=\"wp-caption-text\">Le long du chemin de la Forge, au bord du Nozon, dont le vallon offre d\u2019autres randonn\u00e9es nature int\u00e9ressantes.<\/p><\/div>\n<p>Comme chaque \u00e9t\u00e9, Romainm\u00f4tier foisonne de vie et propose une riche palette d&rsquo;activit\u00e9s culturelles. En plus de sa c\u00e9l\u00e8bre abbatiale, ses rues pittoresques r\u00e9v\u00e8lent d&rsquo;autres richesses historiques et architecturales. Avec le concours du Parc Jura Vaudois, Monique Chevalley, guide-interpr\u00e8te du patrimoine, y organise des promenades sur le th\u00e8me de \u00ab\u00a0Romainmotier l&rsquo;insoup\u00e7onn\u00e9e\u00a0\u00bb. L&rsquo;occasion de traverser 2000 ans d&rsquo;histoire du lieu, de l&rsquo;\u00e8re des Romains \u00e0 aujourd&rsquo;hui, en passant par le Moyen \u00c2ge et l&rsquo;industralisation.<\/p>\n<div id=\"attachment_4727\" style=\"width: 650px\" class=\"wp-caption alignnone\"><a href=\"https:\/\/i2.wp.com\/www.presstourism.ch\/WP_ALEX\/wp-content\/uploads\/2018\/11\/3Romainm\u00f4tGroupe-Largeur-max.-1024-Hauteur-max.-768.jpg\"><img aria-describedby=\"caption-attachment-4727\" loading=\"lazy\" class=\"size-large wp-image-4727\" src=\"https:\/\/i0.wp.com\/www.presstourism.ch\/WP_ALEX\/wp-content\/uploads\/2018\/11\/3Romainm\u00f4tGroupe-Largeur-max.-1024-Hauteur-max.-768-1024x768.jpg?resize=584%2C438\" alt=\"\" width=\"584\" height=\"438\" srcset=\"https:\/\/i2.wp.com\/www.presstourism.ch\/wp-content\/uploads\/2018\/11\/3Romainm\u00f4tGroupe-Largeur-max.-1024-Hauteur-max.-768.jpg?w=1024 1024w, https:\/\/i2.wp.com\/www.presstourism.ch\/wp-content\/uploads\/2018\/11\/3Romainm\u00f4tGroupe-Largeur-max.-1024-Hauteur-max.-768.jpg?resize=300%2C225 300w, https:\/\/i2.wp.com\/www.presstourism.ch\/wp-content\/uploads\/2018\/11\/3Romainm\u00f4tGroupe-Largeur-max.-1024-Hauteur-max.-768.jpg?resize=768%2C576 768w, https:\/\/i2.wp.com\/www.presstourism.ch\/wp-content\/uploads\/2018\/11\/3Romainm\u00f4tGroupe-Largeur-max.-1024-Hauteur-max.-768.jpg?resize=600%2C450 600w\" sizes=\"(max-width: 584px) 100vw, 584px\" data-recalc-dims=\"1\" \/><\/a><p id=\"caption-attachment-4727\" class=\"wp-caption-text\">Une partie du groupe avec Monique Chevalley lors de la balade, ici sur la place du Vieux Cimeti\u00e8re.<\/p><\/div>\n<p>Depuis l&rsquo;Office du tourisme, via la venelle des Pierres et le mur des L\u00e9zards, on monte sur la place des Marronniers et du Vieux-Cimeti\u00e8re. Pour admirer une maison carr\u00e9e, qui \u00e9tait une ancienne loge ma\u00e7onnique et, en face, au d\u00e9but de la route de Vaulion, la majestueuse demeure de Pierre-Maurice Glayre, qui fut un des artisans de l&rsquo;ind\u00e9pendance vaudoise (1798). Dans la cour pav\u00e9e se d\u00e9tache sur le mur blanc le nom \u00abde Lerber\u00bb, gendre bernois du r\u00e9volutionnaire&#8230; Et p\u00e8re de Maurice de Lerber, qui contribua au pass\u00e9 industriel florissant de la ville, en installant au XIXe&nbsp;si\u00e8cle une tuilerie r\u00e9put\u00e9e loin \u00e0 la ronde, ainsi qu\u2019une fonderie.<\/p>\n<div id=\"attachment_4728\" style=\"width: 650px\" class=\"wp-caption alignnone\"><a href=\"https:\/\/i1.wp.com\/www.presstourism.ch\/WP_ALEX\/wp-content\/uploads\/2018\/11\/4Romainm\u00f4tPrieur4-Largeur-max.-1024-Hauteur-max.-768.jpg\"><img aria-describedby=\"caption-attachment-4728\" loading=\"lazy\" class=\"size-large wp-image-4728\" src=\"https:\/\/i2.wp.com\/www.presstourism.ch\/WP_ALEX\/wp-content\/uploads\/2018\/11\/4Romainm\u00f4tPrieur4-Largeur-max.-1024-Hauteur-max.-768-1024x768.jpg?resize=584%2C438\" alt=\"\" width=\"584\" height=\"438\" srcset=\"https:\/\/i0.wp.com\/www.presstourism.ch\/wp-content\/uploads\/2018\/11\/4Romainm\u00f4tPrieur4-Largeur-max.-1024-Hauteur-max.-768.jpg?w=1024 1024w, https:\/\/i0.wp.com\/www.presstourism.ch\/wp-content\/uploads\/2018\/11\/4Romainm\u00f4tPrieur4-Largeur-max.-1024-Hauteur-max.-768.jpg?resize=300%2C225 300w, https:\/\/i0.wp.com\/www.presstourism.ch\/wp-content\/uploads\/2018\/11\/4Romainm\u00f4tPrieur4-Largeur-max.-1024-Hauteur-max.-768.jpg?resize=768%2C576 768w, https:\/\/i0.wp.com\/www.presstourism.ch\/wp-content\/uploads\/2018\/11\/4Romainm\u00f4tPrieur4-Largeur-max.-1024-Hauteur-max.-768.jpg?resize=600%2C450 600w\" sizes=\"(max-width: 584px) 100vw, 584px\" data-recalc-dims=\"1\" \/><\/a><p id=\"caption-attachment-4728\" class=\"wp-caption-text\">La Maison du Prieur depuis le contournement de l&rsquo;abbatiale avec son \u00e9cusson de la p\u00e9riode bernoise.<\/p><\/div>\n<p><strong>Culture du chanvre<\/strong><\/p>\n<p>La guide nous apprend ensuite qu&rsquo;on cultivait autrefois la vigne et le chanvre sur les r\u00e2pes, les coteaux situ\u00e9s au-dessus du village. Comme les balcons en fer forg\u00e9s t\u00e9moignent de ce pass\u00e9 o\u00f9 Romainm\u00f4tier comptait plus de 800 habitants (530 aujourd&rsquo;hui). Sans oublier les tuiles faites d\u2019argile, extraite du vallon du Nozon, dont le dernier couvreur install\u00e9 un peu plus loin poss\u00e8de encore un stock.<\/p>\n<div id=\"attachment_4729\" style=\"width: 650px\" class=\"wp-caption alignnone\"><a href=\"https:\/\/i1.wp.com\/www.presstourism.ch\/WP_ALEX\/wp-content\/uploads\/2018\/11\/5Romainm\u00f4tLavoir-Largeur-max.-1024-Hauteur-max.-768.jpg\"><img aria-describedby=\"caption-attachment-4729\" loading=\"lazy\" class=\"size-large wp-image-4729\" src=\"https:\/\/i1.wp.com\/www.presstourism.ch\/WP_ALEX\/wp-content\/uploads\/2018\/11\/5Romainm\u00f4tLavoir-Largeur-max.-1024-Hauteur-max.-768-1024x767.jpg?resize=584%2C437\" alt=\"\" width=\"584\" height=\"437\" srcset=\"https:\/\/i1.wp.com\/www.presstourism.ch\/wp-content\/uploads\/2018\/11\/5Romainm\u00f4tLavoir-Largeur-max.-1024-Hauteur-max.-768.jpg?w=1024 1024w, https:\/\/i1.wp.com\/www.presstourism.ch\/wp-content\/uploads\/2018\/11\/5Romainm\u00f4tLavoir-Largeur-max.-1024-Hauteur-max.-768.jpg?resize=300%2C225 300w, https:\/\/i1.wp.com\/www.presstourism.ch\/wp-content\/uploads\/2018\/11\/5Romainm\u00f4tLavoir-Largeur-max.-1024-Hauteur-max.-768.jpg?resize=768%2C575 768w, https:\/\/i1.wp.com\/www.presstourism.ch\/wp-content\/uploads\/2018\/11\/5Romainm\u00f4tLavoir-Largeur-max.-1024-Hauteur-max.-768.jpg?resize=600%2C449 600w\" sizes=\"(max-width: 584px) 100vw, 584px\" data-recalc-dims=\"1\" \/><\/a><p id=\"caption-attachment-4729\" class=\"wp-caption-text\">Le vieux lavoir dont on regrettera le canal ass\u00e9ch\u00e9 qui donnerait encore plus d&rsquo;authenticit\u00e9 au lieu.<\/p><\/div>\n<p>On redescend le Chemin-du-Pr\u00e9-des-Cailles en direction de l&rsquo;ancien lavoir et du vieux Moulin, en suivant un canal ass\u00e9ch\u00e9, mais avec l&rsquo;\u00e9coulement du Nozon en toile de fond. Coup d&rsquo;oeil au passage sur la rue du Pont-Couvert, qui est toujours l\u00e0, pour se retrouver au bord du Nozon, puis derri\u00e8re la Maison du Prieur et enfin au pied de l&rsquo;imposant tilleul du chemin Derri\u00e8re-L&rsquo;\u00e9glise. Avant de retrouver la cour de l&rsquo;abbatiale, en fait l&rsquo;ancien clo\u00eetre. Et terminer une balade riche d&rsquo;enseignements.<\/p>\n<div id=\"attachment_4730\" style=\"width: 586px\" class=\"wp-caption aligncenter\"><a href=\"https:\/\/i0.wp.com\/www.presstourism.ch\/WP_ALEX\/wp-content\/uploads\/2018\/11\/6Romainm\u00f4tTilleul-Largeur-max.-1024-Hauteur-max.-768.jpg\"><img aria-describedby=\"caption-attachment-4730\" loading=\"lazy\" class=\"size-full wp-image-4730\" src=\"https:\/\/i0.wp.com\/www.presstourism.ch\/WP_ALEX\/wp-content\/uploads\/2018\/11\/6Romainm\u00f4tTilleul-Largeur-max.-1024-Hauteur-max.-768.jpg?resize=576%2C768\" alt=\"\" width=\"576\" height=\"768\" srcset=\"https:\/\/i1.wp.com\/www.presstourism.ch\/wp-content\/uploads\/2018\/11\/6Romainm\u00f4tTilleul-Largeur-max.-1024-Hauteur-max.-768.jpg?w=576 576w, https:\/\/i1.wp.com\/www.presstourism.ch\/wp-content\/uploads\/2018\/11\/6Romainm\u00f4tTilleul-Largeur-max.-1024-Hauteur-max.-768.jpg?resize=225%2C300 225w\" sizes=\"(max-width: 576px) 100vw, 576px\" data-recalc-dims=\"1\" \/><\/a><p id=\"caption-attachment-4730\" class=\"wp-caption-text\">Le grand tilleul au bout de l&rsquo;\u00e9glise o\u00f9 d&rsquo;aucuns vont r\u00e9guli\u00e8rement se ressourcer.<\/p><\/div>\n<p><strong>Textes et photos: Roger Juillerat<\/strong><\/p>\n<hr>\n<p><strong>Infos pratiques<\/strong><\/p>\n<p><strong>Remonter le temps:<\/strong> les groupes peuvent s&rsquo;adresser \u00e0 l&rsquo;Association des guides-interpr\u00e8tes du patrimoine (ASGIP), <a href=\"http:\/\/www.asgip.ch\">www.asgip.ch<\/a>, ou directement <a href=\"mailto:monique.chevalley@gmx.ch\">monique.chevalley@gmx.ch<\/a>. Le Parc Jura Vaudois organise des balades durant l&rsquo;\u00e9t\u00e9, <a href=\"http:\/\/www.parcjuravaudois.ch\">www.parcjuravaudois.ch<\/a><\/p>\n<p><strong>L&rsquo;abbatiale: <\/strong>elle a \u00e9t\u00e9 construite entre 990 et 1030, selon les plans de l&rsquo;\u00e9glise de Cluny, sur les ruines d&rsquo;un couvent datant du 5e et 7e si\u00e8cle.<\/p>\n<p><strong>La Maison du Prieur:<\/strong> avec ses magnifiques salles, elle date du 13e si\u00e8cle et elle a \u00e9t\u00e9 sauv\u00e9e et enti\u00e8rement restaur\u00e9e par Katharina von Arx (1928-2013).<\/p>\n<p><strong>Couettes et couverts:<\/strong> les petits plats du Saint-Romain, place du Bourg 5, avec sa terrasse face \u00e0 l&rsquo;entr\u00e9e de l&rsquo;abbatiale. La R\u00f4tisserie Au Gaulois, \u00e0 Croy, avec sa cuisine du terroir et une carte raffin\u00e9e, <a href=\"http:\/\/www.au-gaulois.com\">www.au-gaulois.com<\/a><\/p>\n<p><strong>S&rsquo;informer:<\/strong> <a href=\"http:\/\/www.romainmotier.ch\">www.romainmotier.ch<\/a>, <a href=\"http:\/\/www.yverdonlesbainsregion.ch\">www.yverdonlesbainsregion.ch<\/a><\/p>\n<p><a href=\"https:\/\/i0.wp.com\/www.presstourism.ch\/WP_ALEX\/wp-content\/uploads\/2018\/11\/7Abbatiale7-Largeur-max.-1024-Hauteur-max.-768.jpg\"><img loading=\"lazy\" class=\"size-full wp-image-4731 aligncenter\" src=\"https:\/\/i0.wp.com\/www.presstourism.ch\/WP_ALEX\/wp-content\/uploads\/2018\/11\/7Abbatiale7-Largeur-max.-1024-Hauteur-max.-768.jpg?resize=576%2C768\" alt=\"\" width=\"576\" height=\"768\" srcset=\"https:\/\/i0.wp.com\/www.presstourism.ch\/wp-content\/uploads\/2018\/11\/7Abbatiale7-Largeur-max.-1024-Hauteur-max.-768.jpg?w=576 576w, https:\/\/i0.wp.com\/www.presstourism.ch\/wp-content\/uploads\/2018\/11\/7Abbatiale7-Largeur-max.-1024-Hauteur-max.-768.jpg?resize=225%2C300 225w\" sizes=\"(max-width: 576px) 100vw, 576px\" data-recalc-dims=\"1\" \/><\/a><\/p>\n<p><a href=\"http:\/\/www.presstourism.ch\/wp-content\/uploads\/2018\/11\/NVT_270718-Balade-Romainm\u00f4tier-copie-2.pdf\">Lire l&rsquo;article du 27 juillet 2018<\/a><\/p>\n","protected":false},"excerpt":{"rendered":"<p>C\u00f4t\u00e9 face, il y a bien entendu l&rsquo;incontournable abbatiale, chef-d&rsquo;oeuvre de l&rsquo;art romand et gothique. Mais le village, qui avait acquis le statut de ville en 1581, poss\u00e8de d&rsquo;autres tr\u00e9sors. Une promenade historique permet de les d\u00e9couvrir. Comme chaque \u00e9t\u00e9, &hellip; <a href=\"http:\/\/www.presstourism.ch\/?page_id=4723\">Continuer la lecture <span class=\"meta-nav\">&rarr;<\/span><\/a><\/p>\n","protected":false},"author":1,"featured_media":0,"parent":341,"menu_order":0,"comment_status":"closed","ping_status":"closed","template":"","meta":{"ngg_post_thumbnail":0,"spay_email":""},"jetpack_sharing_enabled":true,"jetpack_shortlink":"https:\/\/wp.me\/P468TV-1eb","_links":{"self":[{"href":"http:\/\/www.presstourism.ch\/index.php?rest_route=\/wp\/v2\/pages\/4723"}],"collection":[{"href":"http:\/\/www.presstourism.ch\/index.php?rest_route=\/wp\/v2\/pages"}],"about":[{"href":"http:\/\/www.presstourism.ch\/index.php?rest_route=\/wp\/v2\/types\/page"}],"author":[{"embeddable":true,"href":"http:\/\/www.presstourism.ch\/index.php?rest_route=\/wp\/v2\/users\/1"}],"replies":[{"embeddable":true,"href":"http:\/\/www.presstourism.ch\/index.php?rest_route=%2Fwp%2Fv2%2Fcomments&post=4723"}],"version-history":[{"count":3,"href":"http:\/\/www.presstourism.ch\/index.php?rest_route=\/wp\/v2\/pages\/4723\/revisions"}],"predecessor-version":[{"id":9281,"href":"http:\/\/www.presstourism.ch\/index.php?rest_route=\/wp\/v2\/pages\/4723\/revisions\/9281"}],"up":[{"embeddable":true,"href":"http:\/\/www.presstourism.ch\/index.php?rest_route=\/wp\/v2\/pages\/341"}],"wp:attachment":[{"href":"http:\/\/www.presstourism.ch\/index.php?rest_route=%2Fwp%2Fv2%2Fmedia&parent=4723"}],"curies":[{"name":"wp","href":"https:\/\/api.w.org\/{rel}","templated":true}]}}