{"id":4660,"date":"2018-07-22T19:54:14","date_gmt":"2018-07-22T18:54:14","guid":{"rendered":"http:\/\/www.presstourism.ch\/WP_ALEX\/?page_id=4660"},"modified":"2024-04-12T19:38:42","modified_gmt":"2024-04-12T17:38:42","slug":"kigali-une-capitale-vraiment-tournee-vers-lavenir","status":"publish","type":"page","link":"http:\/\/www.presstourism.ch\/?page_id=4660","title":{"rendered":"Kigali: Une capitale vraiment tourn\u00e9e vers l&rsquo;avenir"},"content":{"rendered":"<p>&nbsp;<\/p>\n<div id=\"attachment_4669\" style=\"width: 650px\" class=\"wp-caption alignnone\"><a href=\"https:\/\/i1.wp.com\/www.presstourism.ch\/WP_ALEX\/wp-content\/uploads\/2018\/07\/1B_KigalirCoupole-Largeur-max.-1024-Hauteur-max.-768.jpg\"><img aria-describedby=\"caption-attachment-4669\" loading=\"lazy\" class=\"size-full wp-image-4669\" src=\"https:\/\/i1.wp.com\/www.presstourism.ch\/WP_ALEX\/wp-content\/uploads\/2018\/07\/1B_KigalirCoupole-Largeur-max.-1024-Hauteur-max.-768.jpg?resize=584%2C329\" alt=\"Le Centre des conventions avec la coupole qui domine la cit\u00e9.\" width=\"584\" height=\"329\" srcset=\"https:\/\/i2.wp.com\/www.presstourism.ch\/wp-content\/uploads\/2018\/07\/1B_KigalirCoupole-Largeur-max.-1024-Hauteur-max.-768.jpg?w=640 640w, https:\/\/i2.wp.com\/www.presstourism.ch\/wp-content\/uploads\/2018\/07\/1B_KigalirCoupole-Largeur-max.-1024-Hauteur-max.-768.jpg?resize=300%2C169 300w, https:\/\/i2.wp.com\/www.presstourism.ch\/wp-content\/uploads\/2018\/07\/1B_KigalirCoupole-Largeur-max.-1024-Hauteur-max.-768.jpg?resize=600%2C338 600w\" sizes=\"(max-width: 584px) 100vw, 584px\" data-recalc-dims=\"1\" \/><\/a><p id=\"caption-attachment-4669\" class=\"wp-caption-text\">Le Centre des conventions avec la coupole qui domine la cit\u00e9.<\/p><\/div>\n<p>RWANDA &#8211; Kigali a \u00e9t\u00e9 d\u00e9sign\u00e9e par l&rsquo;ONU comme la \u00abville la plus propre d\u2019Afrique\u00bb en 2016 puis couronn\u00e9e \u00abmeilleure capitale africaine\u00bb en 2017. Visite d&rsquo;une agglom\u00e9ration accueillante, qui compte un million d&rsquo;habitants.<\/p>\n<p><a href=\"https:\/\/i0.wp.com\/www.presstourism.ch\/WP_ALEX\/wp-content\/uploads\/2018\/07\/1A_KigaliCoupoleCC1-Largeur-max.-1024-Hauteur-max.-768.jpg\"><img loading=\"lazy\" class=\"size-large wp-image-4668\" src=\"https:\/\/i1.wp.com\/www.presstourism.ch\/WP_ALEX\/wp-content\/uploads\/2018\/07\/1A_KigaliCoupoleCC1-Largeur-max.-1024-Hauteur-max.-768-1024x682.jpg?resize=584%2C389\" alt=\"Le Centre des conventions avec la coupole qui domine la cit\u00e9.\" width=\"584\" height=\"389\" srcset=\"https:\/\/i1.wp.com\/www.presstourism.ch\/wp-content\/uploads\/2018\/07\/1A_KigaliCoupoleCC1-Largeur-max.-1024-Hauteur-max.-768.jpg?w=1024 1024w, https:\/\/i1.wp.com\/www.presstourism.ch\/wp-content\/uploads\/2018\/07\/1A_KigaliCoupoleCC1-Largeur-max.-1024-Hauteur-max.-768.jpg?resize=300%2C200 300w, https:\/\/i1.wp.com\/www.presstourism.ch\/wp-content\/uploads\/2018\/07\/1A_KigaliCoupoleCC1-Largeur-max.-1024-Hauteur-max.-768.jpg?resize=768%2C512 768w, https:\/\/i1.wp.com\/www.presstourism.ch\/wp-content\/uploads\/2018\/07\/1A_KigaliCoupoleCC1-Largeur-max.-1024-Hauteur-max.-768.jpg?resize=600%2C400 600w\" sizes=\"(max-width: 584px) 100vw, 584px\" data-recalc-dims=\"1\" \/><\/a><\/p>\n<p>Apr\u00e8s avoir parcouru deux de ses parcs nationaux et d&rsquo;autres tr\u00e9sors du pays des mille collines ( du vendredi 29 juin), la visite de la capitale du Rwanda s&rsquo;imposait. D&rsquo;autant plus qu&rsquo;elle est consid\u00e9r\u00e9e comme un mod\u00e8le de d\u00e9veloppement pour tout l&rsquo;Afrique. Elle est en effet une vitrine du dynamisme \u00e9conomique et touristique de ce petit pays de 12 millions d&rsquo;habitants.<\/p>\n<div id=\"attachment_4664\" style=\"width: 650px\" class=\"wp-caption alignnone\"><a href=\"https:\/\/i2.wp.com\/www.presstourism.ch\/WP_ALEX\/wp-content\/uploads\/2018\/07\/6KigaliStade-Largeur-max.-1024-Hauteur-max.-768.jpg\"><img aria-describedby=\"caption-attachment-4664\" loading=\"lazy\" class=\"size-large wp-image-4664\" src=\"https:\/\/i2.wp.com\/www.presstourism.ch\/WP_ALEX\/wp-content\/uploads\/2018\/07\/6KigaliStade-Largeur-max.-1024-Hauteur-max.-768-1024x682.jpg?resize=584%2C389\" alt=\"Vue d'un quartier avec au fond le stade national Amahoro, qui est entour\u00e9 de plusieurs restaurants sympas.\" width=\"584\" height=\"389\" srcset=\"https:\/\/i0.wp.com\/www.presstourism.ch\/wp-content\/uploads\/2018\/07\/6KigaliStade-Largeur-max.-1024-Hauteur-max.-768.jpg?w=1024 1024w, https:\/\/i0.wp.com\/www.presstourism.ch\/wp-content\/uploads\/2018\/07\/6KigaliStade-Largeur-max.-1024-Hauteur-max.-768.jpg?resize=300%2C200 300w, https:\/\/i0.wp.com\/www.presstourism.ch\/wp-content\/uploads\/2018\/07\/6KigaliStade-Largeur-max.-1024-Hauteur-max.-768.jpg?resize=768%2C512 768w, https:\/\/i0.wp.com\/www.presstourism.ch\/wp-content\/uploads\/2018\/07\/6KigaliStade-Largeur-max.-1024-Hauteur-max.-768.jpg?resize=600%2C400 600w\" sizes=\"(max-width: 584px) 100vw, 584px\" data-recalc-dims=\"1\" \/><\/a><p id=\"caption-attachment-4664\" class=\"wp-caption-text\">Vue d&rsquo;un quartier avec au fond le stade national Amahoro, qui est entour\u00e9 de plusieurs restaurants sympas.<\/p><\/div>\n<p>\u00ab\u00a0Notre capitale est devenue un mod\u00e8le de propret\u00e9 et de protection de l\u2019environnement gr\u00e2ce \u00e0 des initiatives salutaires, indique Jeanne Kandama, pr\u00e9sidente de l&rsquo;Union de la presse fran\u00e7aise (UPF) du Rwanda. Depuis deux ans, elle organise chaque mois&nbsp;une journ\u00e9e sans voiture et elle r\u00e9unit ce jour-l\u00e0 les gens autour d&rsquo;activit\u00e9s sportives. Plus encore, l\u2019usage des sacs plastiques y est strictement interdit depuis 2008 au profit des sacs biod\u00e9gradables. Enfin et \u00e0 l&rsquo;image de son quartier d&rsquo;affaires, elle s&rsquo;est urbanistiquement beaucoup d\u00e9velopp\u00e9e et modernis\u00e9e\u00a0\u00bb.<\/p>\n<div id=\"attachment_4662\" style=\"width: 522px\" class=\"wp-caption aligncenter\"><a href=\"https:\/\/i0.wp.com\/www.presstourism.ch\/WP_ALEX\/wp-content\/uploads\/2018\/07\/4KigaliModerne-Largeur-max.-1024-Hauteur-max.-768.jpg\"><img aria-describedby=\"caption-attachment-4662\" loading=\"lazy\" class=\"size-full wp-image-4662\" src=\"https:\/\/i0.wp.com\/www.presstourism.ch\/WP_ALEX\/wp-content\/uploads\/2018\/07\/4KigaliModerne-Largeur-max.-1024-Hauteur-max.-768.jpg?resize=512%2C768\" alt=\"L'un des nouveaux quartiers d'affaires au sommet d'une des collines de la ville.\" width=\"512\" height=\"768\" srcset=\"https:\/\/i2.wp.com\/www.presstourism.ch\/wp-content\/uploads\/2018\/07\/4KigaliModerne-Largeur-max.-1024-Hauteur-max.-768.jpg?w=512 512w, https:\/\/i2.wp.com\/www.presstourism.ch\/wp-content\/uploads\/2018\/07\/4KigaliModerne-Largeur-max.-1024-Hauteur-max.-768.jpg?resize=200%2C300 200w\" sizes=\"(max-width: 512px) 100vw, 512px\" data-recalc-dims=\"1\" \/><\/a><p id=\"caption-attachment-4662\" class=\"wp-caption-text\">L&rsquo;un des nouveaux quartiers d&rsquo;affaires au sommet d&rsquo;une des collines de la ville.<\/p><\/div>\n<hr>\n<p><strong>Richard Kandt le fondateur<\/strong><\/p>\n<div id=\"attachment_4670\" style=\"width: 650px\" class=\"wp-caption alignnone\"><a href=\"https:\/\/i0.wp.com\/www.presstourism.ch\/WP_ALEX\/wp-content\/uploads\/2018\/07\/2KigaliMus\u00e9eKandt-Largeur-max.-1024-Hauteur-max.-768.jpg\"><img aria-describedby=\"caption-attachment-4670\" loading=\"lazy\" class=\"size-large wp-image-4670\" src=\"https:\/\/i0.wp.com\/www.presstourism.ch\/WP_ALEX\/wp-content\/uploads\/2018\/07\/2KigaliMus\u00e9eKandt-Largeur-max.-1024-Hauteur-max.-768-1024x682.jpg?resize=584%2C389\" alt=\"Le mus\u00e9e Richard Kandt, derri\u00e8re la statue de ce dernier, qui est le fondateur de la cit\u00e9.\" width=\"584\" height=\"389\" srcset=\"https:\/\/i1.wp.com\/www.presstourism.ch\/wp-content\/uploads\/2018\/07\/2KigaliMus\u00e9eKandt-Largeur-max.-1024-Hauteur-max.-768.jpg?w=1024 1024w, https:\/\/i1.wp.com\/www.presstourism.ch\/wp-content\/uploads\/2018\/07\/2KigaliMus\u00e9eKandt-Largeur-max.-1024-Hauteur-max.-768.jpg?resize=300%2C200 300w, https:\/\/i1.wp.com\/www.presstourism.ch\/wp-content\/uploads\/2018\/07\/2KigaliMus\u00e9eKandt-Largeur-max.-1024-Hauteur-max.-768.jpg?resize=768%2C512 768w, https:\/\/i1.wp.com\/www.presstourism.ch\/wp-content\/uploads\/2018\/07\/2KigaliMus\u00e9eKandt-Largeur-max.-1024-Hauteur-max.-768.jpg?resize=600%2C400 600w\" sizes=\"(max-width: 584px) 100vw, 584px\" data-recalc-dims=\"1\" \/><\/a><p id=\"caption-attachment-4670\" class=\"wp-caption-text\">Le mus\u00e9e Richard Kandt, derri\u00e8re la statue de ce dernier, qui est le fondateur de la cit\u00e9.<\/p><\/div>\n<p>Kigali est situ\u00e9e sur une s\u00e9rie de cr\u00eates verdoyantes et de vall\u00e9es luxuriantes et elle abrite aussi un quartier musulman. Culturellement, elle compte notamment la maison et mus\u00e9e de Richard Kandt, m\u00e9decin et chercheur allemand, qui n&rsquo;est autre que le fondateur de la cit\u00e9 en 1907. C&rsquo;est lui aussi qui a d\u00e9couvert la source du Nil. Ce mus\u00e9e est un endroit id\u00e9al pour en savoir plus sur l&rsquo;histoire du Rwanda et sa p\u00e9riode coloniale. A ne pas manquer non au rez-de-chauss\u00e9e du Parlement l&rsquo;exposition permanente sur l&rsquo;histoire du g\u00e9nocide de 1994, avec d&rsquo;excellentes photos.<\/p>\n<div id=\"attachment_4661\" style=\"width: 650px\" class=\"wp-caption alignnone\"><a href=\"https:\/\/i0.wp.com\/www.presstourism.ch\/WP_ALEX\/wp-content\/uploads\/2018\/07\/3KigaliMarch\u00e9-Largeur-max.-1024-Hauteur-max.-768.jpg\"><img aria-describedby=\"caption-attachment-4661\" loading=\"lazy\" class=\"size-large wp-image-4661\" src=\"https:\/\/i1.wp.com\/www.presstourism.ch\/WP_ALEX\/wp-content\/uploads\/2018\/07\/3KigaliMarch\u00e9-Largeur-max.-1024-Hauteur-max.-768-1024x682.jpg?resize=584%2C389\" alt=\"Il fait bon d\u00e9ambuler au march\u00e9 de Kimironko, o\u00f9 on trouve tous les fruits et produits du terroir rwandais.\" width=\"584\" height=\"389\" srcset=\"https:\/\/i2.wp.com\/www.presstourism.ch\/wp-content\/uploads\/2018\/07\/3KigaliMarch\u00e9-Largeur-max.-1024-Hauteur-max.-768.jpg?w=1024 1024w, https:\/\/i2.wp.com\/www.presstourism.ch\/wp-content\/uploads\/2018\/07\/3KigaliMarch\u00e9-Largeur-max.-1024-Hauteur-max.-768.jpg?resize=300%2C200 300w, https:\/\/i2.wp.com\/www.presstourism.ch\/wp-content\/uploads\/2018\/07\/3KigaliMarch\u00e9-Largeur-max.-1024-Hauteur-max.-768.jpg?resize=768%2C512 768w, https:\/\/i2.wp.com\/www.presstourism.ch\/wp-content\/uploads\/2018\/07\/3KigaliMarch\u00e9-Largeur-max.-1024-Hauteur-max.-768.jpg?resize=600%2C400 600w\" sizes=\"(max-width: 584px) 100vw, 584px\" data-recalc-dims=\"1\" \/><\/a><p id=\"caption-attachment-4661\" class=\"wp-caption-text\">Il fait bon d\u00e9ambuler au march\u00e9 de Kimironko, o\u00f9 on trouve tous les fruits et produits du terroir rwandais.<\/p><\/div>\n<p>Kimironko est le plus grand march\u00e9 au sud-est de la ville et il est facilement accessible en bus ou en moto-taxi, propre au Rwanda. Color\u00e9 et tr\u00e8s anim\u00e9, il vaut le d\u00e9tour. Comme celui des tissus, au No 35 de la KN 74 St, pour d\u00e9couvrir un nombre incroyable de pagnes multicolores!<\/p>\n<p>Les&nbsp;centaines de milliers de&nbsp; touristes qui d\u00e9barquent viennent aussi pour la propret\u00e9, la beaut\u00e9 et la totale s\u00e9curit\u00e9 de cette ville qui tranche avec le reste de l\u2019Afrique. Le tourisme est devenu la premi\u00e8re industrie avant le caf\u00e9 et le th\u00e9. &nbsp;Au point que le g\u00e9ant touristique Kenyan se sent menac\u00e9. Toutes ces conf\u00e9rences internationales qui se suivent sont aussi attir\u00e9es par cette ville-jardin. Les milliers de professionnels kenyans&nbsp; qui apportent leur expertise sont aussi s\u00e9duits par une ville belle, s\u00fbre, &nbsp;propre et en pleine modernisation au point de nourrir un prestige sans pr\u00e9c\u00e9dent au Kenya.<\/p>\n<p><strong>Textes et photos: Roger Juillerat<\/strong><\/p>\n<hr>\n<div id=\"attachment_4665\" style=\"width: 650px\" class=\"wp-caption alignnone\"><a href=\"https:\/\/i1.wp.com\/www.presstourism.ch\/WP_ALEX\/wp-content\/uploads\/2018\/07\/7March\u00e9Tissus-Largeur-max.-1024-Hauteur-max.-768.jpg\"><img aria-describedby=\"caption-attachment-4665\" loading=\"lazy\" class=\"size-large wp-image-4665\" src=\"https:\/\/i1.wp.com\/www.presstourism.ch\/WP_ALEX\/wp-content\/uploads\/2018\/07\/7March\u00e9Tissus-Largeur-max.-1024-Hauteur-max.-768-1024x768.jpg?resize=584%2C438\" alt=\"Le march\u00e9 des pagnes avec ses tissus color\u00e9s et de bonne qualit\u00e9.\" width=\"584\" height=\"438\" srcset=\"https:\/\/i2.wp.com\/www.presstourism.ch\/wp-content\/uploads\/2018\/07\/7March\u00e9Tissus-Largeur-max.-1024-Hauteur-max.-768.jpg?w=1024 1024w, https:\/\/i2.wp.com\/www.presstourism.ch\/wp-content\/uploads\/2018\/07\/7March\u00e9Tissus-Largeur-max.-1024-Hauteur-max.-768.jpg?resize=300%2C225 300w, https:\/\/i2.wp.com\/www.presstourism.ch\/wp-content\/uploads\/2018\/07\/7March\u00e9Tissus-Largeur-max.-1024-Hauteur-max.-768.jpg?resize=768%2C576 768w, https:\/\/i2.wp.com\/www.presstourism.ch\/wp-content\/uploads\/2018\/07\/7March\u00e9Tissus-Largeur-max.-1024-Hauteur-max.-768.jpg?resize=600%2C450 600w\" sizes=\"(max-width: 584px) 100vw, 584px\" data-recalc-dims=\"1\" \/><\/a><p id=\"caption-attachment-4665\" class=\"wp-caption-text\">Le march\u00e9 des pagnes avec ses tissus color\u00e9s et de bonne qualit\u00e9.<\/p><\/div>\n<p><strong>Infos pratiques<\/strong><\/p>\n<p><strong>Y aller:<\/strong> Turkish Airlines et Brussels Airlines assurent des vols depuis Gen\u00e8ve \u00e0 Kigali (environ 13 heures), avec escales respectives \u00e0 Istanbul et Bruxelles.<\/p>\n<p><strong>Couettes et couverts:<\/strong> bel accueil et charme \u00e0 l&rsquo;h\u00f4tel Amaris, <a href=\"http:\/\/www.amarishotelrwanda.com\">www.amarishotelrwanda.com<\/a> et au Swiss H\u00f4tel (tenu par des Suisses), <a href=\"http:\/\/www.5swisshotel.com\">www.5swisshotel.com<\/a>. Bonnes grillades \u00ab\u00a0Chez Lando\u00a0\u00bb, <a href=\"http:\/\/www.chezlando.com\">www.chezlando.com<\/a>, et assiettes du terroir ou d&rsquo;ailleurs et de qualit\u00e9 \u00e0 La Galette, quartier Mateus.<\/p>\n<p><strong>Politique:<\/strong> alors que les femmes peinent encore \u00e0 trouver leur place dans les parlements, le Rwanda fait figure d\u2019exception. Elles sont en effet 61% \u00e0 la Chambre des d\u00e9put\u00e9s, le pays \u00e9tant ainsi en t\u00eate du classement mondial.<\/p>\n<p><strong>S&rsquo;informer:<\/strong> <a href=\"http:\/\/rwandatourism.com\">rwandatourism.com<\/a> et le guide Petit Fut\u00e9 Rwanda avec tous les renseignements n\u00e9cessaire pour aller dans ce pays, <a href=\"http:\/\/www.petitfute.com\">www.petitfute.com<\/a><\/p>\n<div id=\"attachment_4663\" style=\"width: 650px\" class=\"wp-caption alignnone\"><a href=\"https:\/\/i1.wp.com\/www.presstourism.ch\/WP_ALEX\/wp-content\/uploads\/2018\/07\/5Kigali2RouesTaxis3-Largeur-max.-1024-Hauteur-max.-768.jpg\"><img aria-describedby=\"caption-attachment-4663\" loading=\"lazy\" class=\"size-large wp-image-4663\" src=\"https:\/\/i2.wp.com\/www.presstourism.ch\/WP_ALEX\/wp-content\/uploads\/2018\/07\/5Kigali2RouesTaxis3-Largeur-max.-1024-Hauteur-max.-768-1024x683.jpg?resize=584%2C390\" alt=\"Les deux-roues taxi sont l'une des sp\u00e9cificit\u00e9s de Kigali et permettent de se d\u00e9placer rapidement.\" width=\"584\" height=\"390\" srcset=\"https:\/\/i0.wp.com\/www.presstourism.ch\/wp-content\/uploads\/2018\/07\/5Kigali2RouesTaxis3-Largeur-max.-1024-Hauteur-max.-768.jpg?w=1024 1024w, https:\/\/i0.wp.com\/www.presstourism.ch\/wp-content\/uploads\/2018\/07\/5Kigali2RouesTaxis3-Largeur-max.-1024-Hauteur-max.-768.jpg?resize=300%2C200 300w, https:\/\/i0.wp.com\/www.presstourism.ch\/wp-content\/uploads\/2018\/07\/5Kigali2RouesTaxis3-Largeur-max.-1024-Hauteur-max.-768.jpg?resize=768%2C512 768w, https:\/\/i0.wp.com\/www.presstourism.ch\/wp-content\/uploads\/2018\/07\/5Kigali2RouesTaxis3-Largeur-max.-1024-Hauteur-max.-768.jpg?resize=600%2C400 600w\" sizes=\"(max-width: 584px) 100vw, 584px\" data-recalc-dims=\"1\" \/><\/a><p id=\"caption-attachment-4663\" class=\"wp-caption-text\">Les deux-roues taxi sont l&rsquo;une des sp\u00e9cificit\u00e9s de Kigali et permettent de se d\u00e9placer rapidement.<\/p><\/div>\n<p>&nbsp;<\/p>\n<p><a href=\"http:\/\/www.presstourism.ch\/wp-content\/uploads\/2018\/07\/NVT_130718-BaladeKigali-copie.pdf\">Lire ou t\u00e9l\u00e9charger l&rsquo;article de presse&#8230;<\/a><\/p>\n<p>&nbsp;<\/p>\n","protected":false},"excerpt":{"rendered":"<p>&nbsp; RWANDA &#8211; Kigali a \u00e9t\u00e9 d\u00e9sign\u00e9e par l&rsquo;ONU comme la \u00abville la plus propre d\u2019Afrique\u00bb en 2016 puis couronn\u00e9e \u00abmeilleure capitale africaine\u00bb en 2017. Visite d&rsquo;une agglom\u00e9ration accueillante, qui compte un million d&rsquo;habitants. Apr\u00e8s avoir parcouru deux de ses &hellip; <a href=\"http:\/\/www.presstourism.ch\/?page_id=4660\">Continuer la lecture <span class=\"meta-nav\">&rarr;<\/span><\/a><\/p>\n","protected":false},"author":1,"featured_media":0,"parent":4651,"menu_order":0,"comment_status":"closed","ping_status":"closed","template":"","meta":{"ngg_post_thumbnail":0,"spay_email":""},"jetpack_sharing_enabled":true,"jetpack_shortlink":"https:\/\/wp.me\/P468TV-1da","_links":{"self":[{"href":"http:\/\/www.presstourism.ch\/index.php?rest_route=\/wp\/v2\/pages\/4660"}],"collection":[{"href":"http:\/\/www.presstourism.ch\/index.php?rest_route=\/wp\/v2\/pages"}],"about":[{"href":"http:\/\/www.presstourism.ch\/index.php?rest_route=\/wp\/v2\/types\/page"}],"author":[{"embeddable":true,"href":"http:\/\/www.presstourism.ch\/index.php?rest_route=\/wp\/v2\/users\/1"}],"replies":[{"embeddable":true,"href":"http:\/\/www.presstourism.ch\/index.php?rest_route=%2Fwp%2Fv2%2Fcomments&post=4660"}],"version-history":[{"count":2,"href":"http:\/\/www.presstourism.ch\/index.php?rest_route=\/wp\/v2\/pages\/4660\/revisions"}],"predecessor-version":[{"id":9325,"href":"http:\/\/www.presstourism.ch\/index.php?rest_route=\/wp\/v2\/pages\/4660\/revisions\/9325"}],"up":[{"embeddable":true,"href":"http:\/\/www.presstourism.ch\/index.php?rest_route=\/wp\/v2\/pages\/4651"}],"wp:attachment":[{"href":"http:\/\/www.presstourism.ch\/index.php?rest_route=%2Fwp%2Fv2%2Fmedia&parent=4660"}],"curies":[{"name":"wp","href":"https:\/\/api.w.org\/{rel}","templated":true}]}}