{"id":4562,"date":"2018-06-30T07:41:51","date_gmt":"2018-06-30T06:41:51","guid":{"rendered":"http:\/\/www.presstourism.ch\/WP_ALEX\/?page_id=4562"},"modified":"2018-06-30T07:46:47","modified_gmt":"2018-06-30T06:46:47","slug":"disneyland-paris-lete-appartient-aux-superheros-de-marvel","status":"publish","type":"page","link":"http:\/\/www.presstourism.ch\/?page_id=4562","title":{"rendered":"Disneyland Paris \/\u00a0L\u2019\u00e9t\u00e9 appartient aux super-h\u00e9ros de Marvel"},"content":{"rendered":"<p><a href=\"https:\/\/i1.wp.com\/www.presstourism.ch\/WP_ALEX\/wp-content\/uploads\/2018\/06\/CAPTAIN-AMERICA-MARVEL-SUMMER-DLP.jpg\"><img loading=\"lazy\" class=\"alignnone size-large wp-image-4564\" src=\"https:\/\/i2.wp.com\/www.presstourism.ch\/WP_ALEX\/wp-content\/uploads\/2018\/06\/CAPTAIN-AMERICA-MARVEL-SUMMER-DLP-1024x547.jpg?resize=584%2C312\" alt=\"CAPTAIN-AMERICA-MARVEL-SUMMER-DLP\" width=\"584\" height=\"312\" srcset=\"https:\/\/i2.wp.com\/www.presstourism.ch\/wp-content\/uploads\/2018\/06\/CAPTAIN-AMERICA-MARVEL-SUMMER-DLP.jpg?resize=1024%2C547 1024w, https:\/\/i2.wp.com\/www.presstourism.ch\/wp-content\/uploads\/2018\/06\/CAPTAIN-AMERICA-MARVEL-SUMMER-DLP.jpg?resize=300%2C160 300w, https:\/\/i2.wp.com\/www.presstourism.ch\/wp-content\/uploads\/2018\/06\/CAPTAIN-AMERICA-MARVEL-SUMMER-DLP.jpg?resize=768%2C411 768w, https:\/\/i2.wp.com\/www.presstourism.ch\/wp-content\/uploads\/2018\/06\/CAPTAIN-AMERICA-MARVEL-SUMMER-DLP.jpg?resize=600%2C321 600w, https:\/\/i2.wp.com\/www.presstourism.ch\/wp-content\/uploads\/2018\/06\/CAPTAIN-AMERICA-MARVEL-SUMMER-DLP.jpg?w=1328 1328w, https:\/\/i2.wp.com\/www.presstourism.ch\/wp-content\/uploads\/2018\/06\/CAPTAIN-AMERICA-MARVEL-SUMMER-DLP.jpg?w=1168 1168w\" sizes=\"(max-width: 584px) 100vw, 584px\" data-recalc-dims=\"1\" \/><\/a><\/p>\n<p><strong>L\u2019\u00e9t\u00e9 des super-h\u00e9ros Marvel est sans doute le plus grand \u00e9v\u00e9nement jamais organis\u00e9 par Marvel. Et il prend possession des Walt Disney Studios jusqu\u2019au 30 septembre. <\/strong><\/p>\n<p>La pr\u00e9paration a dur\u00e9 plus d\u2019un an, mais le jeu en valait la chandelle. Tout au long de l\u2019\u00e9t\u00e9, les Walt Disney Studios sont rythm\u00e9s par les p\u00e9rip\u00e9ties des super-h\u00e9ros de Marvel (Iron Man, Thor, Captain America, Black Widow, Spider-Man, Black Panther, Doctor Strange et bien d\u2019autres encore). Ils font l\u2019objet de trois spectacles parall\u00e8les et parfaitement harmonis\u00e9s.<\/p>\n<p>A noter que Spider-Man appara\u00eet \u00e0 cette occasion pour la premi\u00e8re fois \u00e0 Disneyland Paris et, de surcro\u00eet, dans un costume sp\u00e9cial.<\/p>\n<p>Il y a bien s\u00fbr une arm\u00e9e en coulisses pour faire fonctionner de tels shows, les plus ambitieux jamais r\u00e9alis\u00e9s sur le site selon les concepteurs.<\/p>\n<p>Si l\u2019\u00e9v\u00e9nement est limit\u00e9 dans le temps, les cr\u00e9ateurs souhaiteraient n\u00e9anmoins que Disney devienne la maison des h\u00e9ros Marvel.<\/p>\n<p><strong>De nouvelles zones pr\u00e9vues aux Walt Disney Studios<\/strong><\/p>\n<p>Le lien entre les deux univers est \u00e9vident, les personnages Marvel appartenant, dans l\u2019inconscient collectif, au monde de Disney. Et c\u2019est d\u2019autant plus vrai depuis le rachat du premier par le second voici un peu moins de dix ans.<\/p>\n<p>A ce propos, l\u2019embl\u00e9matique h\u00f4tel 4* New York va subir une cure de jouvence \u00e0 partir de l\u2019ann\u00e9e prochaine et prendre les couleurs des superh\u00e9ros de Marvel. Ce sera d\u2019ailleurs le premier \u00e9tablissement dans le monde \u00e0 s\u2019afficher ainsi.<\/p>\n<p>Dans le m\u00eame ordre d\u2019id\u00e9e, un plan de financement est pr\u00e9vu pour l\u2019agrandissement des Walt Disney Studios \u00e0 partir de 2021. Ils s\u2019enrichiront d\u2019une section d\u00e9di\u00e9e \u00e0 Marvel, \u00e0 La Guerre des Etoiles et \u00e0 La Reine des Neiges. Les travaux s\u2019\u00e9chelonneront en plusieurs \u00e9tapes et dureront des ann\u00e9es. \u00a0<strong>\u00a0<\/strong><\/p>\n<p><strong>\u00abLes agents de voyages sont nos ambassadeurs!\u00bb<\/strong><\/p>\n<p><strong>Entretien avec Jarek Dzwonkowski, responsable des ventes Allemagne, Suisse et Autriche du site de Marne-la-Vall\u00e9e.<\/strong><\/p>\n<p><a href=\"https:\/\/i0.wp.com\/www.presstourism.ch\/WP_ALEX\/wp-content\/uploads\/2018\/06\/F37952C4-16C6-49BF-B31F-BDED5DE3F548.jpeg\"><img loading=\"lazy\" class=\"alignnone size-large wp-image-4563\" src=\"https:\/\/i2.wp.com\/www.presstourism.ch\/WP_ALEX\/wp-content\/uploads\/2018\/06\/F37952C4-16C6-49BF-B31F-BDED5DE3F548-623x1024.jpeg?resize=584%2C960\" alt=\"F37952C4-16C6-49BF-B31F-BDED5DE3F548\" width=\"584\" height=\"960\" srcset=\"https:\/\/i1.wp.com\/www.presstourism.ch\/wp-content\/uploads\/2018\/06\/F37952C4-16C6-49BF-B31F-BDED5DE3F548.jpeg?resize=623%2C1024 623w, https:\/\/i1.wp.com\/www.presstourism.ch\/wp-content\/uploads\/2018\/06\/F37952C4-16C6-49BF-B31F-BDED5DE3F548.jpeg?resize=182%2C300 182w, https:\/\/i1.wp.com\/www.presstourism.ch\/wp-content\/uploads\/2018\/06\/F37952C4-16C6-49BF-B31F-BDED5DE3F548.jpeg?resize=768%2C1263 768w, https:\/\/i1.wp.com\/www.presstourism.ch\/wp-content\/uploads\/2018\/06\/F37952C4-16C6-49BF-B31F-BDED5DE3F548.jpeg?resize=600%2C987 600w, https:\/\/i1.wp.com\/www.presstourism.ch\/wp-content\/uploads\/2018\/06\/F37952C4-16C6-49BF-B31F-BDED5DE3F548.jpeg?w=1673 1673w, https:\/\/i1.wp.com\/www.presstourism.ch\/wp-content\/uploads\/2018\/06\/F37952C4-16C6-49BF-B31F-BDED5DE3F548.jpeg?w=1168 1168w\" sizes=\"(max-width: 584px) 100vw, 584px\" data-recalc-dims=\"1\" \/><\/a><\/p>\n<p><strong>Comment se porte Disneyland Paris?<\/strong><\/p>\n<p>Tr\u00e8s bien cette ann\u00e9e. Alors que l\u2019exercice pr\u00e9c\u00e9dent \u00e9tait encore impact\u00e9 par les suites des attentats terroristes, ce n\u2019est plus du tout le cas actuellement.<\/p>\n<p>La ville de Paris en subit, elle, toujours les cons\u00e9quences. Les touristes sont revenus plus rapidement \u00e0 Disneyland Paris, car ils ont le sentiment d\u2019\u00eatre en s\u00e9curit\u00e9, dans un cocon, en quelque sorte. C\u2019est important pour eux, qui viennent majoritairement en famille.<\/p>\n<p>De mani\u00e8re g\u00e9n\u00e9rale, nos chiffres de fr\u00e9quentation sont d\u00e9sormais meilleurs qu\u2019avant les attentats sur sol parisien. C\u2019est notamment le r\u00e9sultat de nos analyses de march\u00e9 plus pointues ax\u00e9es sur les besoins sp\u00e9cifiques des march\u00e9s \u00e9metteurs.<\/p>\n<p><strong>Vous avez \u00e9galement adapt\u00e9 votre offre au march\u00e9 suisse, n\u2019est-ce pas?<\/strong><\/p>\n<p>En effet. Les Suisses, qui se situent entre \u00abearly bookers\u00bb et \u00ablate bookers\u00bb, avaient l\u2019habitude de r\u00e9server leurs forfaits en France \u00e0 la suite de l\u2019abandon du taux plancher en raison de tarifs plus favorables en euros. Dor\u00e9navant, nous avons li\u00e9 les prix des march\u00e9s helv\u00e9tique et hexagonal et pourrions introduire, pour les clients suisses, la possibilit\u00e9 de payer en euros l\u2019an prochain.<\/p>\n<p><strong>Par quel(s) interm\u00e9diaire(s) nos compatriotes r\u00e9servent-ils?<\/strong><\/p>\n<p>Surtout en ligne et en passant par nos partenaires principaux Hotelplan et Railtour-Frantour.<\/p>\n<p><strong>Combien de temps restent-ils?<\/strong><\/p>\n<p>Entre 2,4 et 2,5 nuits. Et le pic des arriv\u00e9es se concentre sur les vacances de printemps et d\u2019automne. La saison de No\u00ebl est \u00e9galement tr\u00e8s pris\u00e9e.<\/p>\n<p>Ils s\u00e9journent beaucoup au Newport Bay Club, notre 4* r\u00e9cemment r\u00e9nov\u00e9. Une interpr\u00e9tation personnelle est qu\u2019ils appr\u00e9cient d\u2019autant plus l\u2019atmosph\u00e8re marine de l\u2019\u00e9tablissement qu\u2019il n\u2019y a pas de mer en Suisse. L\u2019\u00e9t\u00e9, la piscine ext\u00e9rieure est ouverte, ce qui conf\u00e8re au Newport Bay Club de faux airs de Nouvelle-Angleterre.<\/p>\n<hr \/>\n<p><strong>Approche diff\u00e9renci\u00e9e entre Suisse al\u00e9manique et romande <\/strong><\/p>\n<p><strong>Votre strat\u00e9gie pour la Suisse?<\/strong><\/p>\n<p>Nous planifions des concepts de communication diff\u00e9rents pour la Suisse al\u00e9manique et romande. Avec Mickey comme figure de proue pour la premi\u00e8re, ainsi que l\u2019accent sur les r\u00e9servations anticip\u00e9es. Les Al\u00e9maniques appr\u00e9cient les parcs d\u2019attractions et sont fans d\u2019Europa-Park. Nous devons leur montrer \u00e0 quel point Disneyland Paris est diff\u00e9rent.<\/p>\n<p>La situation est inverse c\u00f4t\u00e9 francophone, o\u00f9 nous allons davantage nous focaliser sur les r\u00e9servations tardives et les personnages de La Guerre des Etoiles, car les Romands mettent moins de temps \u00e0 rejoindre Paris par le rail que les Al\u00e9maniques. Par cons\u00e9quent, les francophones viennent plus spontan\u00e9ment nous voir. C\u2019est pourquoi le nombre de repeaters parmi eux est \u00e9lev\u00e9 et notre p\u00e9n\u00e9tration plus \u00e9lev\u00e9e en Suisse romande.<\/p>\n<p>Globalement, il nous reste une belle marge de man\u0153uvre, eu \u00e9gard au nombre de Suisses qui se rendent \u00e0 Europa-Park.<\/p>\n<p><strong>Le r\u00f4le des agents de voyages?<\/strong><\/p>\n<p>Nous aurons toujours besoin d\u2019eux comme ambassadeurs! C\u2019est la raison pour laquelle, l\u2019an prochain \u2013 \u00e0 partir de fin janvier \u2013, nous allons en inviter 200 en provenance de Suisse \u00e0 venir d\u00e9couvrir notre destination via des voyages d\u2019\u00e9tudes. Nous leur d\u00e9dierons \u00e9galement des brochures sp\u00e9ciales afin qu\u2019ils puissent informer au mieux leurs clients.<\/p>\n","protected":false},"excerpt":{"rendered":"<p>L\u2019\u00e9t\u00e9 des super-h\u00e9ros Marvel est sans doute le plus grand \u00e9v\u00e9nement jamais organis\u00e9 par Marvel. Et il prend possession des Walt Disney Studios jusqu\u2019au 30 septembre. La pr\u00e9paration a dur\u00e9 plus d\u2019un an, mais le jeu en valait la chandelle. &hellip; <a href=\"http:\/\/www.presstourism.ch\/?page_id=4562\">Continuer la lecture <span class=\"meta-nav\">&rarr;<\/span><\/a><\/p>\n","protected":false},"author":1,"featured_media":0,"parent":2857,"menu_order":0,"comment_status":"closed","ping_status":"closed","template":"","meta":{"ngg_post_thumbnail":0,"spay_email":""},"jetpack_sharing_enabled":true,"jetpack_shortlink":"https:\/\/wp.me\/P468TV-1bA","_links":{"self":[{"href":"http:\/\/www.presstourism.ch\/index.php?rest_route=\/wp\/v2\/pages\/4562"}],"collection":[{"href":"http:\/\/www.presstourism.ch\/index.php?rest_route=\/wp\/v2\/pages"}],"about":[{"href":"http:\/\/www.presstourism.ch\/index.php?rest_route=\/wp\/v2\/types\/page"}],"author":[{"embeddable":true,"href":"http:\/\/www.presstourism.ch\/index.php?rest_route=\/wp\/v2\/users\/1"}],"replies":[{"embeddable":true,"href":"http:\/\/www.presstourism.ch\/index.php?rest_route=%2Fwp%2Fv2%2Fcomments&post=4562"}],"version-history":[{"count":3,"href":"http:\/\/www.presstourism.ch\/index.php?rest_route=\/wp\/v2\/pages\/4562\/revisions"}],"predecessor-version":[{"id":4569,"href":"http:\/\/www.presstourism.ch\/index.php?rest_route=\/wp\/v2\/pages\/4562\/revisions\/4569"}],"up":[{"embeddable":true,"href":"http:\/\/www.presstourism.ch\/index.php?rest_route=\/wp\/v2\/pages\/2857"}],"wp:attachment":[{"href":"http:\/\/www.presstourism.ch\/index.php?rest_route=%2Fwp%2Fv2%2Fmedia&parent=4562"}],"curies":[{"name":"wp","href":"https:\/\/api.w.org\/{rel}","templated":true}]}}