{"id":4538,"date":"2018-05-27T18:24:41","date_gmt":"2018-05-27T17:24:41","guid":{"rendered":"http:\/\/www.presstourism.ch\/WP_ALEX\/?page_id=4538"},"modified":"2024-04-12T19:40:06","modified_gmt":"2024-04-12T17:40:06","slug":"la-capitale-de-la-slovaquie-rayonne-aussi","status":"publish","type":"page","link":"http:\/\/www.presstourism.ch\/?page_id=4538","title":{"rendered":"La capitale de la Slovaquie rayonne aussi"},"content":{"rendered":"<div id=\"attachment_4539\" style=\"width: 650px\" class=\"wp-caption alignnone\"><a href=\"https:\/\/i1.wp.com\/www.presstourism.ch\/WP_ALEX\/wp-content\/uploads\/2018\/05\/1BratislavaNuit.jpg\"><img aria-describedby=\"caption-attachment-4539\" loading=\"lazy\" class=\"wp-image-4539 size-large\" src=\"https:\/\/i0.wp.com\/www.presstourism.ch\/WP_ALEX\/wp-content\/uploads\/2018\/05\/1BratislavaNuit-1024x693.jpg?resize=584%2C395\" alt=\"Le ch\u00e2teau de Bratislava.\" width=\"584\" height=\"395\" srcset=\"https:\/\/i0.wp.com\/www.presstourism.ch\/wp-content\/uploads\/2018\/05\/1BratislavaNuit.jpg?resize=1024%2C693 1024w, https:\/\/i0.wp.com\/www.presstourism.ch\/wp-content\/uploads\/2018\/05\/1BratislavaNuit.jpg?resize=300%2C203 300w, https:\/\/i0.wp.com\/www.presstourism.ch\/wp-content\/uploads\/2018\/05\/1BratislavaNuit.jpg?resize=768%2C520 768w, https:\/\/i0.wp.com\/www.presstourism.ch\/wp-content\/uploads\/2018\/05\/1BratislavaNuit.jpg?resize=600%2C406 600w, https:\/\/i0.wp.com\/www.presstourism.ch\/wp-content\/uploads\/2018\/05\/1BratislavaNuit.jpg?w=1168 1168w, https:\/\/i0.wp.com\/www.presstourism.ch\/wp-content\/uploads\/2018\/05\/1BratislavaNuit.jpg?w=1752 1752w\" sizes=\"(max-width: 584px) 100vw, 584px\" data-recalc-dims=\"1\" \/><\/a><p id=\"caption-attachment-4539\" class=\"wp-caption-text\">Depuis le Danube, l&rsquo;arriv\u00e9e de nuit en bateau \u00e0 Bratislava avec le ch\u00e2teau qui domine la cit\u00e9.<\/p><\/div>\n<p>BRATISLAVA &#8211; Moins connue que ses voisines Vienne, Prague et Budapest, cette cit\u00e9 situ\u00e9e au coeur de l&rsquo;Europe ne manque pas de charme et il fait bon fl\u00e2ner dans son centre historique avant de monter au ch\u00e2teau.<\/p>\n<div id=\"attachment_4540\" style=\"width: 650px\" class=\"wp-caption alignnone\"><a href=\"https:\/\/i2.wp.com\/www.presstourism.ch\/WP_ALEX\/wp-content\/uploads\/2018\/05\/6BratislavaPontNeuf.jpg\"><img aria-describedby=\"caption-attachment-4540\" loading=\"lazy\" class=\"size-large wp-image-4540\" src=\"https:\/\/i2.wp.com\/www.presstourism.ch\/WP_ALEX\/wp-content\/uploads\/2018\/05\/6BratislavaPontNeuf-1024x682.jpg?resize=584%2C389\" alt=\"Le Pont Neuf et la ville nouvelle depuis le ch\u00e2teau de Bratislava.\" width=\"584\" height=\"389\" srcset=\"https:\/\/i0.wp.com\/www.presstourism.ch\/wp-content\/uploads\/2018\/05\/6BratislavaPontNeuf.jpg?resize=1024%2C682 1024w, https:\/\/i0.wp.com\/www.presstourism.ch\/wp-content\/uploads\/2018\/05\/6BratislavaPontNeuf.jpg?resize=300%2C200 300w, https:\/\/i0.wp.com\/www.presstourism.ch\/wp-content\/uploads\/2018\/05\/6BratislavaPontNeuf.jpg?resize=768%2C512 768w, https:\/\/i0.wp.com\/www.presstourism.ch\/wp-content\/uploads\/2018\/05\/6BratislavaPontNeuf.jpg?resize=600%2C400 600w, https:\/\/i0.wp.com\/www.presstourism.ch\/wp-content\/uploads\/2018\/05\/6BratislavaPontNeuf.jpg?w=1168 1168w, https:\/\/i0.wp.com\/www.presstourism.ch\/wp-content\/uploads\/2018\/05\/6BratislavaPontNeuf.jpg?w=1752 1752w\" sizes=\"(max-width: 584px) 100vw, 584px\" data-recalc-dims=\"1\" \/><\/a><p id=\"caption-attachment-4540\" class=\"wp-caption-text\">Le Pont Neuf et la ville nouvelle depuis le ch\u00e2teau de Bratislava.<\/p><\/div>\n<p>Mais pourquoi pas Bratislava? Situ\u00e9e au coeur de l&rsquo;Europe centrale, la capitale de la Slovaquie est jolie et plut\u00f4t sympathique. Elle est devenue capitale le 1er janvier 1993, lorsque la Tch\u00e9coslovaquie s&rsquo;est s\u00e9par\u00e9e pacifiquement en deux \u00e9tats ind\u00e9pendants et que Prague est rest\u00e9e quant \u00e0 elle capitale de la R\u00e9publique tch\u00e8que. Depuis 2004, la Slovaquie a non seulement rejoint l\u2019Union europ\u00e9enne, mais aussi la zone euro.<\/p>\n<div id=\"attachment_4541\" style=\"width: 650px\" class=\"wp-caption alignnone\"><a href=\"https:\/\/i0.wp.com\/www.presstourism.ch\/WP_ALEX\/wp-content\/uploads\/2018\/05\/8BratislavaCentre.jpg\"><img aria-describedby=\"caption-attachment-4541\" loading=\"lazy\" class=\"wp-image-4541 size-large\" src=\"https:\/\/i0.wp.com\/www.presstourism.ch\/WP_ALEX\/wp-content\/uploads\/2018\/05\/8BratislavaCentre-1024x683.jpg?resize=584%2C390\" alt=\"Dans le centre historique.\" width=\"584\" height=\"390\" srcset=\"https:\/\/i2.wp.com\/www.presstourism.ch\/wp-content\/uploads\/2018\/05\/8BratislavaCentre.jpg?resize=1024%2C683 1024w, https:\/\/i2.wp.com\/www.presstourism.ch\/wp-content\/uploads\/2018\/05\/8BratislavaCentre.jpg?resize=300%2C200 300w, https:\/\/i2.wp.com\/www.presstourism.ch\/wp-content\/uploads\/2018\/05\/8BratislavaCentre.jpg?resize=768%2C512 768w, https:\/\/i2.wp.com\/www.presstourism.ch\/wp-content\/uploads\/2018\/05\/8BratislavaCentre.jpg?resize=600%2C400 600w, https:\/\/i2.wp.com\/www.presstourism.ch\/wp-content\/uploads\/2018\/05\/8BratislavaCentre.jpg?w=1168 1168w, https:\/\/i2.wp.com\/www.presstourism.ch\/wp-content\/uploads\/2018\/05\/8BratislavaCentre.jpg?w=1752 1752w\" sizes=\"(max-width: 584px) 100vw, 584px\" data-recalc-dims=\"1\" \/><\/a><p id=\"caption-attachment-4541\" class=\"wp-caption-text\">Une jolie rue du centre avec au fond le clocher de l&rsquo;\u00e9glise des Clarisses, de style gothique, o\u00f9 ont lieu des \u00e9v\u00e9nements culturels.<\/p><\/div>\n<p>Forte de 440&nbsp;000 habitants, Bratislava offre aujourd&rsquo;hui une riche vie culturelle, ainsi que plusieurs activit\u00e9s de loisirs et de sport pour la jeunesse. Bien que moins consid\u00e9r\u00e9e par rapport \u00e0 ses voisines Vienne, Prague et Budapest, elle a un centre historique qui ne manque pas de cachet et qui est enti\u00e8rement pi\u00e9tonnier, avec de nombreuses animations.<\/p>\n<div id=\"attachment_4542\" style=\"width: 650px\" class=\"wp-caption alignnone\"><a href=\"https:\/\/i0.wp.com\/www.presstourism.ch\/WP_ALEX\/wp-content\/uploads\/2018\/05\/7Cath\u00e9StMartin.jpg\"><img aria-describedby=\"caption-attachment-4542\" loading=\"lazy\" class=\"wp-image-4542 size-large\" src=\"https:\/\/i0.wp.com\/www.presstourism.ch\/WP_ALEX\/wp-content\/uploads\/2018\/05\/7Cath\u00e9StMartin-683x1024.jpg?resize=584%2C876\" alt=\"La cath\u00e9drale Saint-Martin \u00e0 Bratislava.\" width=\"584\" height=\"876\" srcset=\"https:\/\/i1.wp.com\/www.presstourism.ch\/wp-content\/uploads\/2018\/05\/7Cath\u00e9StMartin.jpg?resize=683%2C1024 683w, https:\/\/i1.wp.com\/www.presstourism.ch\/wp-content\/uploads\/2018\/05\/7Cath\u00e9StMartin.jpg?resize=200%2C300 200w, https:\/\/i1.wp.com\/www.presstourism.ch\/wp-content\/uploads\/2018\/05\/7Cath\u00e9StMartin.jpg?resize=768%2C1152 768w, https:\/\/i1.wp.com\/www.presstourism.ch\/wp-content\/uploads\/2018\/05\/7Cath\u00e9StMartin.jpg?resize=600%2C900 600w, https:\/\/i1.wp.com\/www.presstourism.ch\/wp-content\/uploads\/2018\/05\/7Cath\u00e9StMartin.jpg?w=1168 1168w, https:\/\/i1.wp.com\/www.presstourism.ch\/wp-content\/uploads\/2018\/05\/7Cath\u00e9StMartin.jpg?w=1752 1752w\" sizes=\"(max-width: 584px) 100vw, 584px\" data-recalc-dims=\"1\" \/><\/a><p id=\"caption-attachment-4542\" class=\"wp-caption-text\">La cath\u00e9drale Saint-Martin (XIVe si\u00e8cle), o\u00f9 plusieurs souverains du Royaume de Hongrie ont \u00e9t\u00e9 couronn\u00e9s.<\/p><\/div>\n<p>En partant depuis les quais du Danube, \u00e0 proximit\u00e9 du Pont neuf o\u00f9 accostent les bateaux de croisi\u00e8re, on arrive directement \u00e0 la cath\u00e9drale Saint-Martin, construite au d\u00e9but du XIVe si\u00e8cle et de style gothique. Sur son clocher tr\u00f4ne la couronne de Hongrie, qui rappelle que les souverains de ce Royaume y ont \u00e9t\u00e9 consacr\u00e9s. Un peu plus loin, voil\u00e0 le Palais Palffy o\u00f9 l&rsquo;enfant prodige Mozart a jou\u00e9 en 1762, ainsi que le Palais Pauli, o\u00f9 Franz Liszt a fait ses d\u00e9buts en jouant du piano en 1820.<\/p>\n<p><strong>Petit joyau<\/strong><\/p>\n<div id=\"attachment_4543\" style=\"width: 650px\" class=\"wp-caption alignnone\"><a href=\"https:\/\/i1.wp.com\/www.presstourism.ch\/WP_ALEX\/wp-content\/uploads\/2018\/05\/4PlaceBratislavaH\u00f4telVille.jpg\"><img aria-describedby=\"caption-attachment-4543\" loading=\"lazy\" class=\"wp-image-4543 size-large\" src=\"https:\/\/i1.wp.com\/www.presstourism.ch\/WP_ALEX\/wp-content\/uploads\/2018\/05\/4PlaceBratislavaH\u00f4telVille-1024x683.jpg?resize=584%2C390\" alt=\"Avec son clocher, l\u2019h\u00f4tel de ville ne passe par inaper\u00e7u dans le centre historique.\" width=\"584\" height=\"390\" srcset=\"https:\/\/i0.wp.com\/www.presstourism.ch\/wp-content\/uploads\/2018\/05\/4PlaceBratislavaH\u00f4telVille.jpg?resize=1024%2C683 1024w, https:\/\/i0.wp.com\/www.presstourism.ch\/wp-content\/uploads\/2018\/05\/4PlaceBratislavaH\u00f4telVille.jpg?resize=300%2C200 300w, https:\/\/i0.wp.com\/www.presstourism.ch\/wp-content\/uploads\/2018\/05\/4PlaceBratislavaH\u00f4telVille.jpg?resize=768%2C512 768w, https:\/\/i0.wp.com\/www.presstourism.ch\/wp-content\/uploads\/2018\/05\/4PlaceBratislavaH\u00f4telVille.jpg?resize=600%2C400 600w, https:\/\/i0.wp.com\/www.presstourism.ch\/wp-content\/uploads\/2018\/05\/4PlaceBratislavaH\u00f4telVille.jpg?w=1168 1168w, https:\/\/i0.wp.com\/www.presstourism.ch\/wp-content\/uploads\/2018\/05\/4PlaceBratislavaH\u00f4telVille.jpg?w=1752 1752w\" sizes=\"(max-width: 584px) 100vw, 584px\" data-recalc-dims=\"1\" \/><\/a><p id=\"caption-attachment-4543\" class=\"wp-caption-text\">Avec son clocher, l\u2019h\u00f4tel de ville ne passe par inaper\u00e7u dans le centre historique.<\/p><\/div>\n<p>Le long du chemin du couronnement, il y a des magnifiques b\u00e2timents comme l\u2019ancien h\u00f4tel de ville, le Th\u00e9\u00e2tre national slovaque, la porte de Michel et l\u2019Acad\u00e9mie Istropolitana. Ce coeur de la cit\u00e9 est un v\u00e9ritable petits joyau aux mille visages, avec ses ruelles color\u00e9es, ses \u00e9glises, palais, fontaines, statues et mus\u00e9es. Avant de monter sur la colline pour visiter le ch\u00e2teau, qui offre un merveilleux panorama. \u00c0 c\u00f4t\u00e9 se trouve le Parlement slovaque datant de l\u2019\u00e8re communiste.<\/p>\n<p><strong>Textes et photos: Roger Juillerat<\/strong><\/p>\n<div id=\"attachment_4544\" style=\"width: 650px\" class=\"wp-caption alignnone\"><a href=\"https:\/\/i1.wp.com\/www.presstourism.ch\/WP_ALEX\/wp-content\/uploads\/2018\/05\/2BratislavaTransport.jpg\"><img aria-describedby=\"caption-attachment-4544\" loading=\"lazy\" class=\"size-large wp-image-4544\" src=\"https:\/\/i0.wp.com\/www.presstourism.ch\/WP_ALEX\/wp-content\/uploads\/2018\/05\/2BratislavaTransport-1024x683.jpg?resize=584%2C390\" alt=\"Un moyen de transport pratique pour rejoindre le ch\u00e2teau.\" width=\"584\" height=\"390\" srcset=\"https:\/\/i1.wp.com\/www.presstourism.ch\/wp-content\/uploads\/2018\/05\/2BratislavaTransport.jpg?resize=1024%2C683 1024w, https:\/\/i1.wp.com\/www.presstourism.ch\/wp-content\/uploads\/2018\/05\/2BratislavaTransport.jpg?resize=300%2C200 300w, https:\/\/i1.wp.com\/www.presstourism.ch\/wp-content\/uploads\/2018\/05\/2BratislavaTransport.jpg?resize=768%2C512 768w, https:\/\/i1.wp.com\/www.presstourism.ch\/wp-content\/uploads\/2018\/05\/2BratislavaTransport.jpg?resize=600%2C400 600w, https:\/\/i1.wp.com\/www.presstourism.ch\/wp-content\/uploads\/2018\/05\/2BratislavaTransport.jpg?w=1168 1168w, https:\/\/i1.wp.com\/www.presstourism.ch\/wp-content\/uploads\/2018\/05\/2BratislavaTransport.jpg?w=1752 1752w\" sizes=\"(max-width: 584px) 100vw, 584px\" data-recalc-dims=\"1\" \/><\/a><p id=\"caption-attachment-4544\" class=\"wp-caption-text\">Un moyen de transport pratique pour rejoindre le ch\u00e2teau.<\/p><\/div>\n<p><strong>Y aller: <\/strong>lors de sa croisi\u00e8re sur le Danube (580&nbsp;km), la compagnie de navigation CroisiEurope organise des excursions guid\u00e9es \u00e0 Vienne, Bratislava et Budapest. Le bateau \u00abVivaldi\u00bb traverse deux \u00e9cluses et rejoint \u00e0 nouveau Vienne lors de son \u00e9tape finale.<\/p>\n<div id=\"attachment_4545\" style=\"width: 650px\" class=\"wp-caption alignnone\"><a href=\"https:\/\/i1.wp.com\/www.presstourism.ch\/WP_ALEX\/wp-content\/uploads\/2018\/05\/5BratislavaStatues.jpg\"><img aria-describedby=\"caption-attachment-4545\" loading=\"lazy\" class=\"size-large wp-image-4545\" src=\"https:\/\/i1.wp.com\/www.presstourism.ch\/WP_ALEX\/wp-content\/uploads\/2018\/05\/5BratislavaStatues-1024x683.jpg?resize=584%2C390\" alt=\"Des statues jalonnent partout le centre ville et vous invitent \u00e0 la photo souvenir.\" width=\"584\" height=\"390\" srcset=\"https:\/\/i2.wp.com\/www.presstourism.ch\/wp-content\/uploads\/2018\/05\/5BratislavaStatues.jpg?resize=1024%2C683 1024w, https:\/\/i2.wp.com\/www.presstourism.ch\/wp-content\/uploads\/2018\/05\/5BratislavaStatues.jpg?resize=300%2C200 300w, https:\/\/i2.wp.com\/www.presstourism.ch\/wp-content\/uploads\/2018\/05\/5BratislavaStatues.jpg?resize=768%2C512 768w, https:\/\/i2.wp.com\/www.presstourism.ch\/wp-content\/uploads\/2018\/05\/5BratislavaStatues.jpg?resize=600%2C400 600w, https:\/\/i2.wp.com\/www.presstourism.ch\/wp-content\/uploads\/2018\/05\/5BratislavaStatues.jpg?w=1168 1168w, https:\/\/i2.wp.com\/www.presstourism.ch\/wp-content\/uploads\/2018\/05\/5BratislavaStatues.jpg?w=1752 1752w\" sizes=\"(max-width: 584px) 100vw, 584px\" data-recalc-dims=\"1\" \/><\/a><p id=\"caption-attachment-4545\" class=\"wp-caption-text\">Des statues jalonnent partout le centre ville et vous invitent \u00e0 la photo souvenir.<\/p><\/div>\n<p><strong>En d\u00e9tail:<\/strong> aupr\u00e8s du bureau suisse de la compagnie, \u00e0 Lausanne, avenue de la Gare 50, www.croisieurope.ch, 021 320 72 35. Via Austrian Airlines, Swiss dessert tous les jours la capitale autrichienne au d\u00e9part de Gen\u00e8ve. Et il est facile de rejoindre le quai d&#8217;embarquement en car, tous les transports \u00e9tant pris en charge par CroisiEurope.<\/p>\n<p><strong>Mais aussi: <\/strong>Danube, Donau, Duna, Dunaj, Dunav: autant de noms pour un fleuve qui ne conna\u00eet pas de fronti\u00e8res. Le Danube traverse huit pays: l\u2019Allemagne, l\u2019Autriche, la Slovaquie, la Hongrie, la Croatie, la Serbie, la Bulgarie et la Roumanie. Le d\u00e9paysement est garanti.<\/p>\n<div id=\"attachment_4546\" style=\"width: 650px\" class=\"wp-caption alignnone\"><a href=\"https:\/\/i2.wp.com\/www.presstourism.ch\/WP_ALEX\/wp-content\/uploads\/2018\/05\/3FranzLiszt.jpg\"><img aria-describedby=\"caption-attachment-4546\" loading=\"lazy\" class=\"size-large wp-image-4546\" src=\"https:\/\/i0.wp.com\/www.presstourism.ch\/WP_ALEX\/wp-content\/uploads\/2018\/05\/3FranzLiszt-742x1024.jpg?resize=584%2C806\" alt=\"Les plus grands compositeurs ont jou\u00e9 \u00e0 Bratislava. Ici la statue d\u00e9di\u00e9e \u00e0 Franz Liszt.\" width=\"584\" height=\"806\" srcset=\"https:\/\/i0.wp.com\/www.presstourism.ch\/wp-content\/uploads\/2018\/05\/3FranzLiszt.jpg?resize=742%2C1024 742w, https:\/\/i0.wp.com\/www.presstourism.ch\/wp-content\/uploads\/2018\/05\/3FranzLiszt.jpg?resize=217%2C300 217w, https:\/\/i0.wp.com\/www.presstourism.ch\/wp-content\/uploads\/2018\/05\/3FranzLiszt.jpg?resize=768%2C1060 768w, https:\/\/i0.wp.com\/www.presstourism.ch\/wp-content\/uploads\/2018\/05\/3FranzLiszt.jpg?resize=600%2C828 600w, https:\/\/i0.wp.com\/www.presstourism.ch\/wp-content\/uploads\/2018\/05\/3FranzLiszt.jpg?w=1168 1168w, https:\/\/i0.wp.com\/www.presstourism.ch\/wp-content\/uploads\/2018\/05\/3FranzLiszt.jpg?w=1752 1752w\" sizes=\"(max-width: 584px) 100vw, 584px\" data-recalc-dims=\"1\" \/><\/a><p id=\"caption-attachment-4546\" class=\"wp-caption-text\">Les plus grands compositeurs ont jou\u00e9 \u00e0 Bratislava. Ici la statue d\u00e9di\u00e9e \u00e0 Franz Liszt.<\/p><\/div>\n<p><a href=\"http:\/\/www.presstourism.ch\/wp-content\/uploads\/2018\/05\/NVT_060418Bratislava.pdf\">Lire ou t\u00e9l\u00e9charger l&rsquo;article de La R\u00e9gion<\/a><\/p>\n","protected":false},"excerpt":{"rendered":"<p>BRATISLAVA &#8211; Moins connue que ses voisines Vienne, Prague et Budapest, cette cit\u00e9 situ\u00e9e au coeur de l&rsquo;Europe ne manque pas de charme et il fait bon fl\u00e2ner dans son centre historique avant de monter au ch\u00e2teau. Mais pourquoi pas &hellip; <a href=\"http:\/\/www.presstourism.ch\/?page_id=4538\">Continuer la lecture <span class=\"meta-nav\">&rarr;<\/span><\/a><\/p>\n","protected":false},"author":1,"featured_media":0,"parent":4549,"menu_order":0,"comment_status":"closed","ping_status":"closed","template":"","meta":{"ngg_post_thumbnail":0,"spay_email":""},"jetpack_sharing_enabled":true,"jetpack_shortlink":"https:\/\/wp.me\/P468TV-1bc","_links":{"self":[{"href":"http:\/\/www.presstourism.ch\/index.php?rest_route=\/wp\/v2\/pages\/4538"}],"collection":[{"href":"http:\/\/www.presstourism.ch\/index.php?rest_route=\/wp\/v2\/pages"}],"about":[{"href":"http:\/\/www.presstourism.ch\/index.php?rest_route=\/wp\/v2\/types\/page"}],"author":[{"embeddable":true,"href":"http:\/\/www.presstourism.ch\/index.php?rest_route=\/wp\/v2\/users\/1"}],"replies":[{"embeddable":true,"href":"http:\/\/www.presstourism.ch\/index.php?rest_route=%2Fwp%2Fv2%2Fcomments&post=4538"}],"version-history":[{"count":3,"href":"http:\/\/www.presstourism.ch\/index.php?rest_route=\/wp\/v2\/pages\/4538\/revisions"}],"predecessor-version":[{"id":9326,"href":"http:\/\/www.presstourism.ch\/index.php?rest_route=\/wp\/v2\/pages\/4538\/revisions\/9326"}],"up":[{"embeddable":true,"href":"http:\/\/www.presstourism.ch\/index.php?rest_route=\/wp\/v2\/pages\/4549"}],"wp:attachment":[{"href":"http:\/\/www.presstourism.ch\/index.php?rest_route=%2Fwp%2Fv2%2Fmedia&parent=4538"}],"curies":[{"name":"wp","href":"https:\/\/api.w.org\/{rel}","templated":true}]}}