{"id":4531,"date":"2018-04-02T14:29:11","date_gmt":"2018-04-02T13:29:11","guid":{"rendered":"http:\/\/www.presstourism.ch\/WP_ALEX\/?page_id=4531"},"modified":"2018-04-02T14:29:11","modified_gmt":"2018-04-02T13:29:11","slug":"2018-reunions-du-comite","status":"publish","type":"page","link":"http:\/\/www.presstourism.ch\/?page_id=4531","title":{"rendered":"2018 R\u00e9unions du comit\u00e9"},"content":{"rendered":"<p>L&rsquo;acc\u00e8s est r\u00e9serv\u00e9 aux membres. Demander le code \u00e0 <a href=\"mailto:decotte@gmail.com\">decotte@gmail.com<\/a><\/p>\n","protected":false},"excerpt":{"rendered":"<p>L&rsquo;acc\u00e8s est r\u00e9serv\u00e9 aux membres. Demander le code \u00e0 decotte@gmail.com<\/p>\n","protected":false},"author":1,"featured_media":0,"parent":487,"menu_order":0,"comment_status":"closed","ping_status":"closed","template":"","meta":{"ngg_post_thumbnail":0,"spay_email":""},"jetpack_sharing_enabled":true,"jetpack_shortlink":"https:\/\/wp.me\/P468TV-1b5","_links":{"self":[{"href":"http:\/\/www.presstourism.ch\/index.php?rest_route=\/wp\/v2\/pages\/4531"}],"collection":[{"href":"http:\/\/www.presstourism.ch\/index.php?rest_route=\/wp\/v2\/pages"}],"about":[{"href":"http:\/\/www.presstourism.ch\/index.php?rest_route=\/wp\/v2\/types\/page"}],"author":[{"embeddable":true,"href":"http:\/\/www.presstourism.ch\/index.php?rest_route=\/wp\/v2\/users\/1"}],"replies":[{"embeddable":true,"href":"http:\/\/www.presstourism.ch\/index.php?rest_route=%2Fwp%2Fv2%2Fcomments&post=4531"}],"version-history":[{"count":1,"href":"http:\/\/www.presstourism.ch\/index.php?rest_route=\/wp\/v2\/pages\/4531\/revisions"}],"predecessor-version":[{"id":4532,"href":"http:\/\/www.presstourism.ch\/index.php?rest_route=\/wp\/v2\/pages\/4531\/revisions\/4532"}],"up":[{"embeddable":true,"href":"http:\/\/www.presstourism.ch\/index.php?rest_route=\/wp\/v2\/pages\/487"}],"wp:attachment":[{"href":"http:\/\/www.presstourism.ch\/index.php?rest_route=%2Fwp%2Fv2%2Fmedia&parent=4531"}],"curies":[{"name":"wp","href":"https:\/\/api.w.org\/{rel}","templated":true}]}}