{"id":443,"date":"2013-11-17T01:03:25","date_gmt":"2013-11-17T00:03:25","guid":{"rendered":"http:\/\/www.presstourism.ch\/WP_ALEX\/?page_id=443"},"modified":"2013-11-17T01:05:47","modified_gmt":"2013-11-17T00:05:47","slug":"sud-ouest","status":"publish","type":"page","link":"http:\/\/www.presstourism.ch\/?page_id=443","title":{"rendered":"Sud-Ouest"},"content":{"rendered":"<p><strong><a title=\"Lien permanent vers Le vieux Bordeaux \u00abnew look\u00bb\" href=\"http:\/\/www.jepars.ch\/magazine\/?p=7618\" rel=\"bookmark\"> Le vieux Bordeaux \u00abnew look\u00bb <\/a><\/strong><\/p>\n<p>G\u00e9rard Blanc<\/p>\n<p>Si vous avez visit\u00e9 Bordeaux il y a environ une dizaine d\u2019ann\u00e9es, vous n\u2019allez pas la reconna\u00eetre. C\u2019est surtout le vieux Bordeaux qui sera votre grande surprise, gr\u00e2ce aux efforts de r\u00e9novation dus \u00e0 l\u2019association \u00abRenaissance du vieux Bordeaux\u00bb, conjugu\u00e9s \u00e0 ceux des autorit\u00e9s depuis pr\u00e8s de vingt ans dont, notamment, l\u2019am\u00e9nagement de nombreuses zones pi\u00e9tonni\u00e8res.<\/p>\n<p style=\"text-align: center;\"><a title=\"Le vieux Bordeaux \u00abnew look\u00bb\" href=\"http:\/\/www.jepars.ch\/magazine\/?p=7618\"><img loading=\"lazy\" title=\"Le vieux Bordeaux \u00abnew look\u00bb\" alt=\"\" src=\"https:\/\/i0.wp.com\/www.jepars.ch\/magazine\/wp-content\/uploads\/2013\/05\/MG_2933-copie-455x303.jpg?resize=455%2C303\" width=\"455\" height=\"303\" data-recalc-dims=\"1\" \/><\/a><\/p>\n","protected":false},"excerpt":{"rendered":"<p>Le vieux Bordeaux \u00abnew look\u00bb G\u00e9rard Blanc Si vous avez visit\u00e9 Bordeaux il y a environ une dizaine d\u2019ann\u00e9es, vous n\u2019allez pas la reconna\u00eetre. C\u2019est surtout le vieux Bordeaux qui sera votre grande surprise, gr\u00e2ce aux efforts de r\u00e9novation dus &hellip; <a href=\"http:\/\/www.presstourism.ch\/?page_id=443\">Continuer la lecture <span class=\"meta-nav\">&rarr;<\/span><\/a><\/p>\n","protected":false},"author":1,"featured_media":0,"parent":279,"menu_order":0,"comment_status":"open","ping_status":"open","template":"","meta":{"ngg_post_thumbnail":0,"spay_email":""},"jetpack_sharing_enabled":true,"jetpack_shortlink":"https:\/\/wp.me\/P468TV-79","_links":{"self":[{"href":"http:\/\/www.presstourism.ch\/index.php?rest_route=\/wp\/v2\/pages\/443"}],"collection":[{"href":"http:\/\/www.presstourism.ch\/index.php?rest_route=\/wp\/v2\/pages"}],"about":[{"href":"http:\/\/www.presstourism.ch\/index.php?rest_route=\/wp\/v2\/types\/page"}],"author":[{"embeddable":true,"href":"http:\/\/www.presstourism.ch\/index.php?rest_route=\/wp\/v2\/users\/1"}],"replies":[{"embeddable":true,"href":"http:\/\/www.presstourism.ch\/index.php?rest_route=%2Fwp%2Fv2%2Fcomments&post=443"}],"version-history":[{"count":4,"href":"http:\/\/www.presstourism.ch\/index.php?rest_route=\/wp\/v2\/pages\/443\/revisions"}],"predecessor-version":[{"id":447,"href":"http:\/\/www.presstourism.ch\/index.php?rest_route=\/wp\/v2\/pages\/443\/revisions\/447"}],"up":[{"embeddable":true,"href":"http:\/\/www.presstourism.ch\/index.php?rest_route=\/wp\/v2\/pages\/279"}],"wp:attachment":[{"href":"http:\/\/www.presstourism.ch\/index.php?rest_route=%2Fwp%2Fv2%2Fmedia&parent=443"}],"curies":[{"name":"wp","href":"https:\/\/api.w.org\/{rel}","templated":true}]}}