{"id":434,"date":"2013-11-17T00:35:26","date_gmt":"2013-11-16T23:35:26","guid":{"rendered":"http:\/\/www.presstourism.ch\/WP_ALEX\/?page_id=434"},"modified":"2013-11-17T01:18:38","modified_gmt":"2013-11-17T00:18:38","slug":"ecosse","status":"publish","type":"page","link":"http:\/\/www.presstourism.ch\/?page_id=434","title":{"rendered":"Ecosse"},"content":{"rendered":"<p><a> <img class=\"aligncenter\" style=\"display: block;\" title=\"Plan Ecosse : cliquez sur la carte Ecosse pour l'agrandir\" alt=\"Plan Ecosse : cliquez sur la carte Ecosse pour l'agrandir\" src=\"https:\/\/i2.wp.com\/www.routard.com\/images_contenu\/partir\/destination\/ecosse\/carte\/ecosse.gif?w=584\" border=\"0\" data-recalc-dims=\"1\" \/><\/a><\/p>\n<p><strong><a title=\"Lien permanent vers Edimbourg \u2013 Une ville \u00e0 pied, de nuit Esprits, y \u00eates-vous?\" href=\"http:\/\/www.jepars.ch\/magazine\/?p=8423\" rel=\"bookmark\"> Edimbourg \u2013 Une ville \u00e0 pied, de nuit Esprits, y \u00eates-vous ? <\/a><\/strong><\/p>\n<p>Thierry Porchet<\/p>\n<p>Halos bleut\u00e9s, ombres port\u00e9es\u2026 Edimbourg est une ville qui se pratique surtout \u00e0 pied. En effet, il s\u2019agit ici de battre le pav\u00e9\u2026 et d\u2019en \u00e9couter l\u2019\u00e9cho feutr\u00e9, \u00e0 l\u2019envi, \u00e0 l\u2019infini.<\/p>\n<p style=\"text-align: center;\"><a href=\"http:\/\/www.jepars.ch\/magazine\/?p=8423\"><img loading=\"lazy\" title=\"EDIMBOURG\" alt=\"EDIMBOURG\" src=\"https:\/\/i0.wp.com\/www.jepars.ch\/magazine\/wp-content\/uploads\/2013\/02\/Skye_04.12_8038-455x302.jpg?resize=455%2C302\" width=\"455\" height=\"302\" data-recalc-dims=\"1\" \/><\/a><\/p>\n<p style=\"text-align: center;\">\n<p><strong><a href=\"http:\/\/sb4-1.infomaniak.ch\/sites\/c4\/c493c95f91125629724acfd1fee9774f\/attachments\/File\/ulmanng__cosse.pdf\">Edimbourg \/ G\u00e9rard Uhlmann<\/a><\/strong><\/p>\n<p>&nbsp;<\/p>\n<p>&nbsp;<\/p>\n","protected":false},"excerpt":{"rendered":"<p>Edimbourg \u2013 Une ville \u00e0 pied, de nuit Esprits, y \u00eates-vous ? Thierry Porchet Halos bleut\u00e9s, ombres port\u00e9es\u2026 Edimbourg est une ville qui se pratique surtout \u00e0 pied. En effet, il s\u2019agit ici de battre le pav\u00e9\u2026 et d\u2019en \u00e9couter &hellip; <a href=\"http:\/\/www.presstourism.ch\/?page_id=434\">Continuer la lecture <span class=\"meta-nav\">&rarr;<\/span><\/a><\/p>\n","protected":false},"author":1,"featured_media":0,"parent":427,"menu_order":0,"comment_status":"open","ping_status":"open","template":"","meta":{"ngg_post_thumbnail":0,"spay_email":""},"jetpack_sharing_enabled":true,"jetpack_shortlink":"https:\/\/wp.me\/P468TV-70","_links":{"self":[{"href":"http:\/\/www.presstourism.ch\/index.php?rest_route=\/wp\/v2\/pages\/434"}],"collection":[{"href":"http:\/\/www.presstourism.ch\/index.php?rest_route=\/wp\/v2\/pages"}],"about":[{"href":"http:\/\/www.presstourism.ch\/index.php?rest_route=\/wp\/v2\/types\/page"}],"author":[{"embeddable":true,"href":"http:\/\/www.presstourism.ch\/index.php?rest_route=\/wp\/v2\/users\/1"}],"replies":[{"embeddable":true,"href":"http:\/\/www.presstourism.ch\/index.php?rest_route=%2Fwp%2Fv2%2Fcomments&post=434"}],"version-history":[{"count":6,"href":"http:\/\/www.presstourism.ch\/index.php?rest_route=\/wp\/v2\/pages\/434\/revisions"}],"predecessor-version":[{"id":450,"href":"http:\/\/www.presstourism.ch\/index.php?rest_route=\/wp\/v2\/pages\/434\/revisions\/450"}],"up":[{"embeddable":true,"href":"http:\/\/www.presstourism.ch\/index.php?rest_route=\/wp\/v2\/pages\/427"}],"wp:attachment":[{"href":"http:\/\/www.presstourism.ch\/index.php?rest_route=%2Fwp%2Fv2%2Fmedia&parent=434"}],"curies":[{"name":"wp","href":"https:\/\/api.w.org\/{rel}","templated":true}]}}