{"id":4254,"date":"2017-11-03T10:12:13","date_gmt":"2017-11-03T09:12:13","guid":{"rendered":"http:\/\/www.presstourism.ch\/WP_ALEX\/?page_id=4254"},"modified":"2024-04-12T20:00:48","modified_gmt":"2024-04-12T18:00:48","slug":"sublimes-couleurs-du-lac-et-des-vignes","status":"publish","type":"page","link":"http:\/\/www.presstourism.ch\/?page_id=4254","title":{"rendered":"Sublimes couleurs du lac et des vignes"},"content":{"rendered":"<p><div id=\"attachment_4255\" style=\"width: 650px\" class=\"wp-caption alignnone\"><a href=\"https:\/\/i2.wp.com\/www.presstourism.ch\/WP_ALEX\/wp-content\/uploads\/2017\/11\/4BaladeSalleBonvillars-Largeur-max.-1024-Hauteur-max.-768.jpg\"><img aria-describedby=\"caption-attachment-4255\" loading=\"lazy\" class=\"wp-image-4255 size-large\" src=\"https:\/\/i1.wp.com\/www.presstourism.ch\/WP_ALEX\/wp-content\/uploads\/2017\/11\/4BaladeSalleBonvillars-Largeur-max.-1024-Hauteur-max.-768-1024x682.jpg?resize=584%2C389\" alt=\"4BaladeSalleBonvillars [Largeur max. 1024 Hauteur max. 768]\" width=\"584\" height=\"389\" srcset=\"https:\/\/i0.wp.com\/www.presstourism.ch\/wp-content\/uploads\/2017\/11\/4BaladeSalleBonvillars-Largeur-max.-1024-Hauteur-max.-768.jpg?w=1024 1024w, https:\/\/i0.wp.com\/www.presstourism.ch\/wp-content\/uploads\/2017\/11\/4BaladeSalleBonvillars-Largeur-max.-1024-Hauteur-max.-768.jpg?resize=300%2C200 300w, https:\/\/i0.wp.com\/www.presstourism.ch\/wp-content\/uploads\/2017\/11\/4BaladeSalleBonvillars-Largeur-max.-1024-Hauteur-max.-768.jpg?resize=768%2C512 768w, https:\/\/i0.wp.com\/www.presstourism.ch\/wp-content\/uploads\/2017\/11\/4BaladeSalleBonvillars-Largeur-max.-1024-Hauteur-max.-768.jpg?resize=600%2C400 600w\" sizes=\"(max-width: 584px) 100vw, 584px\" data-recalc-dims=\"1\" \/><\/a><p id=\"caption-attachment-4255\" class=\"wp-caption-text\">Dans le vignoble au-dessus de Bonvillars avec la grande salle, en contrebas, qui se cache dans les feuilles.<\/p><\/div>NORD VAUDOIS &#8211; L&rsquo;automne et son \u00e9t\u00e9 indien donnent l&rsquo;occasion de faire des belles excursions dans notre r\u00e9gion. Entre Grandson et Concise, c\u00f4t\u00e9 lac ou c\u00f4t\u00e9 vignes, tout est r\u00e9uni pour le plaisir des yeux.<\/p>\n<p><div id=\"attachment_4256\" style=\"width: 650px\" class=\"wp-caption alignnone\"><a href=\"https:\/\/i0.wp.com\/www.presstourism.ch\/WP_ALEX\/wp-content\/uploads\/2017\/11\/1BaladeLaBoralette-Largeur-max.-1024-Hauteur-max.-768.jpg\"><img aria-describedby=\"caption-attachment-4256\" loading=\"lazy\" class=\"wp-image-4256 size-large\" src=\"https:\/\/i0.wp.com\/www.presstourism.ch\/WP_ALEX\/wp-content\/uploads\/2017\/11\/1BaladeLaBoralette-Largeur-max.-1024-Hauteur-max.-768-1024x682.jpg?resize=584%2C389\" alt=\"1BaladeLaBoralette [Largeur max. 1024 Hauteur max. 768]\" width=\"584\" height=\"389\" srcset=\"https:\/\/i0.wp.com\/www.presstourism.ch\/wp-content\/uploads\/2017\/11\/1BaladeLaBoralette-Largeur-max.-1024-Hauteur-max.-768.jpg?w=1024 1024w, https:\/\/i0.wp.com\/www.presstourism.ch\/wp-content\/uploads\/2017\/11\/1BaladeLaBoralette-Largeur-max.-1024-Hauteur-max.-768.jpg?resize=300%2C200 300w, https:\/\/i0.wp.com\/www.presstourism.ch\/wp-content\/uploads\/2017\/11\/1BaladeLaBoralette-Largeur-max.-1024-Hauteur-max.-768.jpg?resize=768%2C512 768w, https:\/\/i0.wp.com\/www.presstourism.ch\/wp-content\/uploads\/2017\/11\/1BaladeLaBoralette-Largeur-max.-1024-Hauteur-max.-768.jpg?resize=600%2C400 600w\" sizes=\"(max-width: 584px) 100vw, 584px\" data-recalc-dims=\"1\" \/><\/a><p id=\"caption-attachment-4256\" class=\"wp-caption-text\">Canards, poules d&rsquo;eau et autres oiseaux caract\u00e9ristiques du lac \u00e0 la hauteur de la plage de la Boralette.<\/p><\/div>Le soleil et une temp\u00e9rature cl\u00e9mente \u00e9taient au rendez-vous ces derniers jours: comme un appel pour aller d\u00e9couvrir un Nord vaudois v\u00eatu de magnifiques couleurs automnales. Et il sera sans doute encore possible d&rsquo;en profiter quelques fois ces prochains temps. Petites for\u00eats et roseaux caract\u00e9risent les rives du lac de Neuch\u00e2tel entre Grandson et Concise.<\/p>\n<p><div id=\"attachment_4257\" style=\"width: 650px\" class=\"wp-caption alignnone\"><a href=\"https:\/\/i2.wp.com\/www.presstourism.ch\/WP_ALEX\/wp-content\/uploads\/2017\/11\/2Gr\u00e8vesCorcelles-Largeur-max.-1024-Hauteur-max.-768.jpg\"><img aria-describedby=\"caption-attachment-4257\" loading=\"lazy\" class=\"wp-image-4257 size-large\" src=\"https:\/\/i2.wp.com\/www.presstourism.ch\/WP_ALEX\/wp-content\/uploads\/2017\/11\/2Gr\u00e8vesCorcelles-Largeur-max.-1024-Hauteur-max.-768-1024x682.jpg?resize=584%2C389\" alt=\"2Gr\u00e8vesCorcelles [Largeur max. 1024 Hauteur max. 768]\" width=\"584\" height=\"389\" srcset=\"https:\/\/i2.wp.com\/www.presstourism.ch\/wp-content\/uploads\/2017\/11\/2Gr\u00e8vesCorcelles-Largeur-max.-1024-Hauteur-max.-768.jpg?w=1024 1024w, https:\/\/i2.wp.com\/www.presstourism.ch\/wp-content\/uploads\/2017\/11\/2Gr\u00e8vesCorcelles-Largeur-max.-1024-Hauteur-max.-768.jpg?resize=300%2C200 300w, https:\/\/i2.wp.com\/www.presstourism.ch\/wp-content\/uploads\/2017\/11\/2Gr\u00e8vesCorcelles-Largeur-max.-1024-Hauteur-max.-768.jpg?resize=768%2C512 768w, https:\/\/i2.wp.com\/www.presstourism.ch\/wp-content\/uploads\/2017\/11\/2Gr\u00e8vesCorcelles-Largeur-max.-1024-Hauteur-max.-768.jpg?resize=600%2C400 600w\" sizes=\"(max-width: 584px) 100vw, 584px\" data-recalc-dims=\"1\" \/><\/a><p id=\"caption-attachment-4257\" class=\"wp-caption-text\">A pied ou en VTT dans les chemins p\u00e9destres le long des rives de Corcelles-Concise.<\/p><\/div>En prenant le d\u00e9part de l&rsquo;excursion sous le ch\u00e2teau, on parcourt la petite route qui longe les chalets de week-end pour rejoindre la jolie petite plage de la Boralette, le resto \u00ab\u00a0Ma P&rsquo;tite Folie\u00a0\u00bb, la plage de Corcelettes, le camping des Pins et le port de la Poissine. Puis, via le chemin des P\u00eacheurs, qui offre de nombreuses ouvertures sur le lac et ses roseaux, on arrive sur les rives des communes d&rsquo;Onnens, Corcelles, Concise et son accueillant bord du lac.<\/p>\n<p><div id=\"attachment_4258\" style=\"width: 650px\" class=\"wp-caption alignnone\"><a href=\"https:\/\/i0.wp.com\/www.presstourism.ch\/WP_ALEX\/wp-content\/uploads\/2017\/11\/3DolmenOnnens-Largeur-max.-1024-Hauteur-max.-768.jpg\"><img aria-describedby=\"caption-attachment-4258\" loading=\"lazy\" class=\"wp-image-4258 size-large\" src=\"https:\/\/i1.wp.com\/www.presstourism.ch\/WP_ALEX\/wp-content\/uploads\/2017\/11\/3DolmenOnnens-Largeur-max.-1024-Hauteur-max.-768-1024x682.jpg?resize=584%2C389\" alt=\"3DolmenOnnens [Largeur max. 1024 Hauteur max. 768]\" width=\"584\" height=\"389\" srcset=\"https:\/\/i2.wp.com\/www.presstourism.ch\/wp-content\/uploads\/2017\/11\/3DolmenOnnens-Largeur-max.-1024-Hauteur-max.-768.jpg?w=1024 1024w, https:\/\/i2.wp.com\/www.presstourism.ch\/wp-content\/uploads\/2017\/11\/3DolmenOnnens-Largeur-max.-1024-Hauteur-max.-768.jpg?resize=300%2C200 300w, https:\/\/i2.wp.com\/www.presstourism.ch\/wp-content\/uploads\/2017\/11\/3DolmenOnnens-Largeur-max.-1024-Hauteur-max.-768.jpg?resize=768%2C512 768w, https:\/\/i2.wp.com\/www.presstourism.ch\/wp-content\/uploads\/2017\/11\/3DolmenOnnens-Largeur-max.-1024-Hauteur-max.-768.jpg?resize=600%2C400 600w\" sizes=\"(max-width: 584px) 100vw, 584px\" data-recalc-dims=\"1\" \/><\/a><p id=\"caption-attachment-4258\" class=\"wp-caption-text\">Mis \u00e0 jour en l&rsquo;an 2000, le dolmen d&rsquo;Onnens date de la fin du n\u00e9olithique (vers 2300 av. J.-C.).<\/p><\/div>Pour le retour, c&rsquo;est le bon moment de passer par les sentiers p\u00e9destres qui longent ou traversent les vignes des C\u00f4tes de Bonvillars et qui offrent des couleurs \u00e9clatantes. Au-dessus de Corcelles-Concise, une petite halte s&rsquo;impose \u00e0 la hauteur des quatre menhirs \u00ab\u00a0Aux Longues Pierres\u00a0\u00bb. Trois sont typiques du N\u00e9olithique (4200 av. J.-C.), le quatri\u00e8me ayant \u00e9t\u00e9 dress\u00e9 en 1843, comme le mentionne une inscription grav\u00e9e sur une de ses faces. On arrive ensuite \u00e0 la hauteur d&rsquo;Onnens et son fameux dolmen, tellement beau au milieu des teintes automnales du site de Praz-Berthoud. Avant de longer la Chassagne et sa nature sauvage, une belle prairie \u00e0 orchid\u00e9es et d&rsquo;importance nationale au pied du Jura vaudois.<\/p>\n<p><div id=\"attachment_4259\" style=\"width: 650px\" class=\"wp-caption alignnone\"><a href=\"https:\/\/i0.wp.com\/www.presstourism.ch\/WP_ALEX\/wp-content\/uploads\/2017\/11\/5BaladeChampagne-Largeur-max.-1024-Hauteur-max.-768.jpg\"><img aria-describedby=\"caption-attachment-4259\" loading=\"lazy\" class=\"wp-image-4259 size-large\" src=\"https:\/\/i0.wp.com\/www.presstourism.ch\/WP_ALEX\/wp-content\/uploads\/2017\/11\/5BaladeChampagne-Largeur-max.-1024-Hauteur-max.-768-1024x682.jpg?resize=584%2C389\" alt=\"5BaladeChampagne [Largeur max. 1024 Hauteur max. 768]\" width=\"584\" height=\"389\" srcset=\"https:\/\/i0.wp.com\/www.presstourism.ch\/wp-content\/uploads\/2017\/11\/5BaladeChampagne-Largeur-max.-1024-Hauteur-max.-768.jpg?w=1024 1024w, https:\/\/i0.wp.com\/www.presstourism.ch\/wp-content\/uploads\/2017\/11\/5BaladeChampagne-Largeur-max.-1024-Hauteur-max.-768.jpg?resize=300%2C200 300w, https:\/\/i0.wp.com\/www.presstourism.ch\/wp-content\/uploads\/2017\/11\/5BaladeChampagne-Largeur-max.-1024-Hauteur-max.-768.jpg?resize=768%2C512 768w, https:\/\/i0.wp.com\/www.presstourism.ch\/wp-content\/uploads\/2017\/11\/5BaladeChampagne-Largeur-max.-1024-Hauteur-max.-768.jpg?resize=600%2C400 600w\" sizes=\"(max-width: 584px) 100vw, 584px\" data-recalc-dims=\"1\" \/><\/a><p id=\"caption-attachment-4259\" class=\"wp-caption-text\">Des couleurs \u00e9clatantes pr\u00e8s de Champagne, au pied du chemin du Tertre.<\/p><\/div>L&rsquo;escapade se poursuit dans les vignes de Bonvillars et de Champagne. A la hauteur du premier village, on peut suivre la \u00ab\u00a0Balade a\u0300 Fritzo\u00a0\u00bb, un sentier didactique de 2,5 km sur le the\u0300me de la vigne et du vin. Puis il sera temps de regagner Grandson, plein de belles images dans les yeux.<\/p>\n<p><div id=\"attachment_4260\" style=\"width: 650px\" class=\"wp-caption alignnone\"><a href=\"https:\/\/i0.wp.com\/www.presstourism.ch\/WP_ALEX\/wp-content\/uploads\/2017\/11\/7BonvillarsIMG_8469-Largeur-max.-1024-Hauteur-max.-768.jpg\"><img aria-describedby=\"caption-attachment-4260\" loading=\"lazy\" class=\"wp-image-4260 size-large\" src=\"https:\/\/i2.wp.com\/www.presstourism.ch\/WP_ALEX\/wp-content\/uploads\/2017\/11\/7BonvillarsIMG_8469-Largeur-max.-1024-Hauteur-max.-768-1024x682.jpg?resize=584%2C389\" alt=\"7BonvillarsIMG_8469 [Largeur max. 1024 Hauteur max. 768]\" width=\"584\" height=\"389\" srcset=\"https:\/\/i1.wp.com\/www.presstourism.ch\/wp-content\/uploads\/2017\/11\/7BonvillarsIMG_8469-Largeur-max.-1024-Hauteur-max.-768.jpg?w=1024 1024w, https:\/\/i1.wp.com\/www.presstourism.ch\/wp-content\/uploads\/2017\/11\/7BonvillarsIMG_8469-Largeur-max.-1024-Hauteur-max.-768.jpg?resize=300%2C200 300w, https:\/\/i1.wp.com\/www.presstourism.ch\/wp-content\/uploads\/2017\/11\/7BonvillarsIMG_8469-Largeur-max.-1024-Hauteur-max.-768.jpg?resize=768%2C512 768w, https:\/\/i1.wp.com\/www.presstourism.ch\/wp-content\/uploads\/2017\/11\/7BonvillarsIMG_8469-Largeur-max.-1024-Hauteur-max.-768.jpg?resize=600%2C400 600w\" sizes=\"(max-width: 584px) 100vw, 584px\" data-recalc-dims=\"1\" \/><\/a><p id=\"caption-attachment-4260\" class=\"wp-caption-text\">Bonvillars dans son manteau d&rsquo;automne.<\/p><\/div><strong>Texte et photos: Roger Juillerat<\/strong><\/p>\n<hr>\n<p><div id=\"attachment_4261\" style=\"width: 650px\" class=\"wp-caption alignnone\"><a href=\"https:\/\/i2.wp.com\/www.presstourism.ch\/WP_ALEX\/wp-content\/uploads\/2017\/11\/6RestoPetiteFolie-Largeur-max.-1024-Hauteur-max.-768.jpg\"><img aria-describedby=\"caption-attachment-4261\" loading=\"lazy\" class=\"wp-image-4261 size-large\" src=\"https:\/\/i0.wp.com\/www.presstourism.ch\/WP_ALEX\/wp-content\/uploads\/2017\/11\/6RestoPetiteFolie-Largeur-max.-1024-Hauteur-max.-768-1024x682.jpg?resize=584%2C389\" alt=\"6RestoPetiteFolie [Largeur max. 1024 Hauteur max. 768]\" width=\"584\" height=\"389\" srcset=\"https:\/\/i2.wp.com\/www.presstourism.ch\/wp-content\/uploads\/2017\/11\/6RestoPetiteFolie-Largeur-max.-1024-Hauteur-max.-768.jpg?w=1024 1024w, https:\/\/i2.wp.com\/www.presstourism.ch\/wp-content\/uploads\/2017\/11\/6RestoPetiteFolie-Largeur-max.-1024-Hauteur-max.-768.jpg?resize=300%2C200 300w, https:\/\/i2.wp.com\/www.presstourism.ch\/wp-content\/uploads\/2017\/11\/6RestoPetiteFolie-Largeur-max.-1024-Hauteur-max.-768.jpg?resize=768%2C512 768w, https:\/\/i2.wp.com\/www.presstourism.ch\/wp-content\/uploads\/2017\/11\/6RestoPetiteFolie-Largeur-max.-1024-Hauteur-max.-768.jpg?resize=600%2C400 600w\" sizes=\"(max-width: 584px) 100vw, 584px\" data-recalc-dims=\"1\" \/><\/a><p id=\"caption-attachment-4261\" class=\"wp-caption-text\">Au restaurant \u00ab\u00a0Ma Petite Folie\u00a0\u00bb, \u00e0 Belle-Rive.<\/p><\/div><strong>Y aller:<\/strong> la balade peut bien entendu se faire en deux fois. Elle a un faible d\u00e9nivel\u00e9 pour une distance de quelque 13 km (aller).<\/p>\n<p><strong>Couverts:<\/strong> on peut reprendre des forces dans les restos Ma P&rsquo;tite Folie, au camping de Belle-Rive, et celui du Camping des Pins, \u00e0 Corcelettes. Au retour, le Bellevue \u00e0 Onnens et La Fabrique \u00e0 Champagne.<\/p>\n<p><strong>Dans les vignes:<\/strong> en prenant un peu de temps, faire une halte \u00e0 la Cave des viticulteurs de Bonvillars ou chez les vignerons de la r\u00e9gion (caves bien indiqu\u00e9es).<\/p>\n<p><strong>Se renseigner:<\/strong> sur les sites internet de villages, ainsi que sur <a href=\"http:\/\/www.grandson-tourisme.ch\">www.grandson-tourisme.ch<\/a><\/p>\n<hr>\n<p><a href=\"http:\/\/www.presstourism.ch\/wp-content\/uploads\/2017\/11\/NVT_201017_w-BaladeLacVignes3.pdf\">Lire ou t\u00e9l\u00e9charger l&rsquo;article de presse<\/a><\/p>\n<p><strong>Si vous avez aim\u00e9 cet article, partagez-le sur vos r\u00e9seaux sociaux !<\/strong><\/p>\n","protected":false},"excerpt":{"rendered":"<p>NORD VAUDOIS &#8211; L&rsquo;automne et son \u00e9t\u00e9 indien donnent l&rsquo;occasion de faire des belles excursions dans notre r\u00e9gion. Entre Grandson et Concise, c\u00f4t\u00e9 lac ou c\u00f4t\u00e9 vignes, tout est r\u00e9uni pour le plaisir des yeux. Le soleil et une temp\u00e9rature &hellip; <a href=\"http:\/\/www.presstourism.ch\/?page_id=4254\">Continuer la lecture <span class=\"meta-nav\">&rarr;<\/span><\/a><\/p>\n","protected":false},"author":1,"featured_media":0,"parent":341,"menu_order":0,"comment_status":"closed","ping_status":"closed","template":"","meta":{"ngg_post_thumbnail":0,"spay_email":""},"jetpack_sharing_enabled":true,"jetpack_shortlink":"https:\/\/wp.me\/P468TV-16C","_links":{"self":[{"href":"http:\/\/www.presstourism.ch\/index.php?rest_route=\/wp\/v2\/pages\/4254"}],"collection":[{"href":"http:\/\/www.presstourism.ch\/index.php?rest_route=\/wp\/v2\/pages"}],"about":[{"href":"http:\/\/www.presstourism.ch\/index.php?rest_route=\/wp\/v2\/types\/page"}],"author":[{"embeddable":true,"href":"http:\/\/www.presstourism.ch\/index.php?rest_route=\/wp\/v2\/users\/1"}],"replies":[{"embeddable":true,"href":"http:\/\/www.presstourism.ch\/index.php?rest_route=%2Fwp%2Fv2%2Fcomments&post=4254"}],"version-history":[{"count":3,"href":"http:\/\/www.presstourism.ch\/index.php?rest_route=\/wp\/v2\/pages\/4254\/revisions"}],"predecessor-version":[{"id":9339,"href":"http:\/\/www.presstourism.ch\/index.php?rest_route=\/wp\/v2\/pages\/4254\/revisions\/9339"}],"up":[{"embeddable":true,"href":"http:\/\/www.presstourism.ch\/index.php?rest_route=\/wp\/v2\/pages\/341"}],"wp:attachment":[{"href":"http:\/\/www.presstourism.ch\/index.php?rest_route=%2Fwp%2Fv2%2Fmedia&parent=4254"}],"curies":[{"name":"wp","href":"https:\/\/api.w.org\/{rel}","templated":true}]}}