{"id":4203,"date":"2017-09-09T09:34:09","date_gmt":"2017-09-09T08:34:09","guid":{"rendered":"http:\/\/www.presstourism.ch\/WP_ALEX\/?page_id=4203"},"modified":"2017-09-09T09:34:09","modified_gmt":"2017-09-09T08:34:09","slug":"juley-ladakh","status":"publish","type":"page","link":"http:\/\/www.presstourism.ch\/?page_id=4203","title":{"rendered":"Juley Ladakh !"},"content":{"rendered":"<p><strong><a href=\"https:\/\/i1.wp.com\/www.presstourism.ch\/WP_ALEX\/wp-content\/uploads\/2017\/09\/affiche1-Largeur-max.-1024-Hauteur-max.-768.jpg\"><img loading=\"lazy\" class=\"alignnone size-full wp-image-4207\" src=\"https:\/\/i1.wp.com\/www.presstourism.ch\/WP_ALEX\/wp-content\/uploads\/2017\/09\/affiche1-Largeur-max.-1024-Hauteur-max.-768.jpg?resize=584%2C740\" alt=\"affiche1 [Largeur max. 1024 Hauteur max. 768]\" width=\"584\" height=\"740\" srcset=\"https:\/\/i0.wp.com\/www.presstourism.ch\/wp-content\/uploads\/2017\/09\/affiche1-Largeur-max.-1024-Hauteur-max.-768.jpg?w=606 606w, https:\/\/i0.wp.com\/www.presstourism.ch\/wp-content\/uploads\/2017\/09\/affiche1-Largeur-max.-1024-Hauteur-max.-768.jpg?resize=237%2C300 237w, https:\/\/i0.wp.com\/www.presstourism.ch\/wp-content\/uploads\/2017\/09\/affiche1-Largeur-max.-1024-Hauteur-max.-768.jpg?resize=600%2C760 600w\" sizes=\"(max-width: 584px) 100vw, 584px\" data-recalc-dims=\"1\" \/><\/a><\/strong><\/p>\n<p><strong>Juley<\/strong>, (pron. djoul\u00e9), mot s\u00e9same, signifie \u00e0 la fois bonjour ou bonsoir, comment \u00e7a va, merci ou bienvenue. Ce mot, nous l\u2019avons maintes fois entendu et utilis\u00e9 lors de nos diff\u00e9rentes rencontres au Ladakh au fil des saisons.<\/p>\n<p><a href=\"https:\/\/i0.wp.com\/www.presstourism.ch\/WP_ALEX\/wp-content\/uploads\/2017\/09\/ladakh-carte.png\"><img loading=\"lazy\" class=\"alignnone  wp-image-4204\" src=\"https:\/\/i0.wp.com\/www.presstourism.ch\/WP_ALEX\/wp-content\/uploads\/2017\/09\/ladakh-carte.png?resize=230%2C268\" alt=\"ladakh-carte\" width=\"230\" height=\"268\" data-recalc-dims=\"1\" \/><\/a><a href=\"https:\/\/i2.wp.com\/www.presstourism.ch\/WP_ALEX\/wp-content\/uploads\/2017\/09\/ladakh_001-1.jpg\"><img loading=\"lazy\" class=\"alignnone size-full wp-image-4206\" src=\"https:\/\/i2.wp.com\/www.presstourism.ch\/WP_ALEX\/wp-content\/uploads\/2017\/09\/ladakh_001-1.jpg?resize=359%2C272\" alt=\"ladakh_001\" width=\"359\" height=\"272\" srcset=\"https:\/\/i0.wp.com\/www.presstourism.ch\/wp-content\/uploads\/2017\/09\/ladakh_001-1.jpg?w=359 359w, https:\/\/i0.wp.com\/www.presstourism.ch\/wp-content\/uploads\/2017\/09\/ladakh_001-1.jpg?resize=300%2C227 300w\" sizes=\"(max-width: 359px) 100vw, 359px\" data-recalc-dims=\"1\" \/><\/a><\/p>\n<p>Le Ladakh est situ\u00e9 dans la partie orientale de l\u2019Etat indien du Jammu et Cachemire. Les villages et les monast\u00e8res y sont nich\u00e9s \u00e0 une altitude qui varie entre 3&rsquo;500 et 5&rsquo;000m.<\/p>\n<p><a href=\"https:\/\/i2.wp.com\/www.presstourism.ch\/WP_ALEX\/wp-content\/uploads\/2017\/09\/Affiche-2-Largeur-max.-1024-Hauteur-max.-768.jpg\"><img loading=\"lazy\" class=\"aligncenter wp-image-4208 size-full\" src=\"https:\/\/i2.wp.com\/www.presstourism.ch\/WP_ALEX\/wp-content\/uploads\/2017\/09\/Affiche-2-Largeur-max.-1024-Hauteur-max.-768.jpg?resize=574%2C768\" alt=\"Affiche 2 [Largeur max. 1024 Hauteur max. 768]\" width=\"574\" height=\"768\" srcset=\"https:\/\/i2.wp.com\/www.presstourism.ch\/wp-content\/uploads\/2017\/09\/Affiche-2-Largeur-max.-1024-Hauteur-max.-768.jpg?w=574 574w, https:\/\/i2.wp.com\/www.presstourism.ch\/wp-content\/uploads\/2017\/09\/Affiche-2-Largeur-max.-1024-Hauteur-max.-768.jpg?resize=224%2C300 224w\" sizes=\"(max-width: 574px) 100vw, 574px\" data-recalc-dims=\"1\" \/><\/a>Appel\u00e9e \u00e9galement \u00ab\u00a0le Petit Tibet\u00a0\u00bb, cette contr\u00e9e est en partie isol\u00e9e du monde en hiver. La population, de culture bouddhiste d\u2019ascendance tib\u00e9taine, a su d\u2019adapter, depuis des mill\u00e9naires, \u00e0 cette vie aux conditions extr\u00eames.<\/p>\n<p><a href=\"https:\/\/i1.wp.com\/www.presstourism.ch\/WP_ALEX\/wp-content\/uploads\/2017\/09\/Danse_festival_Gustor_a_Karsha-Largeur-max.-1024-Hauteur-max.-768.jpg\"><img loading=\"lazy\" class=\"alignnone size-large wp-image-4209\" src=\"https:\/\/i1.wp.com\/www.presstourism.ch\/WP_ALEX\/wp-content\/uploads\/2017\/09\/Danse_festival_Gustor_a_Karsha-Largeur-max.-1024-Hauteur-max.-768-1024x682.jpg?resize=584%2C389\" alt=\"Danse_festival_Gustor_a_Karsha [Largeur max. 1024 Hauteur max. 768]\" width=\"584\" height=\"389\" srcset=\"https:\/\/i1.wp.com\/www.presstourism.ch\/wp-content\/uploads\/2017\/09\/Danse_festival_Gustor_a_Karsha-Largeur-max.-1024-Hauteur-max.-768.jpg?w=1024 1024w, https:\/\/i1.wp.com\/www.presstourism.ch\/wp-content\/uploads\/2017\/09\/Danse_festival_Gustor_a_Karsha-Largeur-max.-1024-Hauteur-max.-768.jpg?resize=300%2C200 300w, https:\/\/i1.wp.com\/www.presstourism.ch\/wp-content\/uploads\/2017\/09\/Danse_festival_Gustor_a_Karsha-Largeur-max.-1024-Hauteur-max.-768.jpg?resize=768%2C512 768w, https:\/\/i1.wp.com\/www.presstourism.ch\/wp-content\/uploads\/2017\/09\/Danse_festival_Gustor_a_Karsha-Largeur-max.-1024-Hauteur-max.-768.jpg?resize=600%2C400 600w\" sizes=\"(max-width: 584px) 100vw, 584px\" data-recalc-dims=\"1\" \/><\/a><\/p>\n<p>Outre les paysages, nous avons essay\u00e9 de d\u00e9crire la vie de la population rurale au fil des mois et mentionnons au passage un projet de scolarisation pilot\u00e9 par des nonnes. Au final, la grande travers\u00e9e de la Chaddar (la rivi\u00e8re gel\u00e9e) en hiver. C&rsquo;est une plong\u00e9e dans un monde longtemps rest\u00e9 \u00e0 l&rsquo;\u00e9cart de la civilisation, mais qui, aujourd&rsquo;hui, est en pleine mutation avec l&rsquo;arriv\u00e9e de l&rsquo;\u00e9lectricit\u00e9. <a href=\"https:\/\/i1.wp.com\/www.presstourism.ch\/WP_ALEX\/wp-content\/uploads\/2017\/09\/Caravane_sur_la-Chaddar-Largeur-max.-1024-Hauteur-max.-768.jpg\"><img loading=\"lazy\" class=\"alignnone size-large wp-image-4210\" src=\"https:\/\/i0.wp.com\/www.presstourism.ch\/WP_ALEX\/wp-content\/uploads\/2017\/09\/Caravane_sur_la-Chaddar-Largeur-max.-1024-Hauteur-max.-768-1024x682.jpg?resize=584%2C389\" alt=\"Caravane_sur_la Chaddar [Largeur max. 1024 Hauteur max. 768]\" width=\"584\" height=\"389\" srcset=\"https:\/\/i0.wp.com\/www.presstourism.ch\/wp-content\/uploads\/2017\/09\/Caravane_sur_la-Chaddar-Largeur-max.-1024-Hauteur-max.-768.jpg?w=1024 1024w, https:\/\/i0.wp.com\/www.presstourism.ch\/wp-content\/uploads\/2017\/09\/Caravane_sur_la-Chaddar-Largeur-max.-1024-Hauteur-max.-768.jpg?resize=300%2C200 300w, https:\/\/i0.wp.com\/www.presstourism.ch\/wp-content\/uploads\/2017\/09\/Caravane_sur_la-Chaddar-Largeur-max.-1024-Hauteur-max.-768.jpg?resize=768%2C512 768w, https:\/\/i0.wp.com\/www.presstourism.ch\/wp-content\/uploads\/2017\/09\/Caravane_sur_la-Chaddar-Largeur-max.-1024-Hauteur-max.-768.jpg?resize=600%2C400 600w\" sizes=\"(max-width: 584px) 100vw, 584px\" data-recalc-dims=\"1\" \/><\/a><\/p>\n<p><strong> <a href=\"https:\/\/i2.wp.com\/www.presstourism.ch\/WP_ALEX\/wp-content\/uploads\/2017\/09\/pt_dej_sur_sur_la_riviere_gelee-Largeur-max.-1024-Hauteur-max.-768.jpg\"><img loading=\"lazy\" class=\"alignnone size-large wp-image-4212\" src=\"https:\/\/i0.wp.com\/www.presstourism.ch\/WP_ALEX\/wp-content\/uploads\/2017\/09\/pt_dej_sur_sur_la_riviere_gelee-Largeur-max.-1024-Hauteur-max.-768-1024x682.jpg?resize=584%2C389\" alt=\"pt_dej_sur_sur_la_riviere_gelee [Largeur max. 1024 Hauteur max. 768]\" width=\"584\" height=\"389\" srcset=\"https:\/\/i0.wp.com\/www.presstourism.ch\/wp-content\/uploads\/2017\/09\/pt_dej_sur_sur_la_riviere_gelee-Largeur-max.-1024-Hauteur-max.-768.jpg?w=1024 1024w, https:\/\/i0.wp.com\/www.presstourism.ch\/wp-content\/uploads\/2017\/09\/pt_dej_sur_sur_la_riviere_gelee-Largeur-max.-1024-Hauteur-max.-768.jpg?resize=300%2C200 300w, https:\/\/i0.wp.com\/www.presstourism.ch\/wp-content\/uploads\/2017\/09\/pt_dej_sur_sur_la_riviere_gelee-Largeur-max.-1024-Hauteur-max.-768.jpg?resize=768%2C512 768w, https:\/\/i0.wp.com\/www.presstourism.ch\/wp-content\/uploads\/2017\/09\/pt_dej_sur_sur_la_riviere_gelee-Largeur-max.-1024-Hauteur-max.-768.jpg?resize=600%2C400 600w\" sizes=\"(max-width: 584px) 100vw, 584px\" data-recalc-dims=\"1\" \/><\/a><\/strong><\/p>\n<p><a href=\"https:\/\/i1.wp.com\/www.presstourism.ch\/WP_ALEX\/wp-content\/uploads\/2017\/09\/Minoterie_locale-Largeur-max.-1024-Hauteur-max.-768.jpg\"><img loading=\"lazy\" class=\"alignnone size-large wp-image-4211\" src=\"https:\/\/i2.wp.com\/www.presstourism.ch\/WP_ALEX\/wp-content\/uploads\/2017\/09\/Minoterie_locale-Largeur-max.-1024-Hauteur-max.-768-1024x682.jpg?resize=584%2C389\" alt=\"Minoterie_locale [Largeur max. 1024 Hauteur max. 768]\" width=\"584\" height=\"389\" srcset=\"https:\/\/i0.wp.com\/www.presstourism.ch\/wp-content\/uploads\/2017\/09\/Minoterie_locale-Largeur-max.-1024-Hauteur-max.-768.jpg?w=1024 1024w, https:\/\/i0.wp.com\/www.presstourism.ch\/wp-content\/uploads\/2017\/09\/Minoterie_locale-Largeur-max.-1024-Hauteur-max.-768.jpg?resize=300%2C200 300w, https:\/\/i0.wp.com\/www.presstourism.ch\/wp-content\/uploads\/2017\/09\/Minoterie_locale-Largeur-max.-1024-Hauteur-max.-768.jpg?resize=768%2C512 768w, https:\/\/i0.wp.com\/www.presstourism.ch\/wp-content\/uploads\/2017\/09\/Minoterie_locale-Largeur-max.-1024-Hauteur-max.-768.jpg?resize=600%2C400 600w\" sizes=\"(max-width: 584px) 100vw, 584px\" data-recalc-dims=\"1\" \/><\/a><\/p>\n<p><a href=\"https:\/\/i0.wp.com\/www.presstourism.ch\/WP_ALEX\/wp-content\/uploads\/2017\/09\/terre_fertile_ds_un_decor_aride-Largeur-max.-1024-Hauteur-max.-768.jpg\"><img loading=\"lazy\" class=\"alignnone size-large wp-image-4213\" src=\"https:\/\/i2.wp.com\/www.presstourism.ch\/WP_ALEX\/wp-content\/uploads\/2017\/09\/terre_fertile_ds_un_decor_aride-Largeur-max.-1024-Hauteur-max.-768-1024x682.jpg?resize=584%2C389\" alt=\"terre_fertile_ds_un_decor_aride [Largeur max. 1024 Hauteur max. 768]\" width=\"584\" height=\"389\" srcset=\"https:\/\/i1.wp.com\/www.presstourism.ch\/wp-content\/uploads\/2017\/09\/terre_fertile_ds_un_decor_aride-Largeur-max.-1024-Hauteur-max.-768.jpg?w=1024 1024w, https:\/\/i1.wp.com\/www.presstourism.ch\/wp-content\/uploads\/2017\/09\/terre_fertile_ds_un_decor_aride-Largeur-max.-1024-Hauteur-max.-768.jpg?resize=300%2C200 300w, https:\/\/i1.wp.com\/www.presstourism.ch\/wp-content\/uploads\/2017\/09\/terre_fertile_ds_un_decor_aride-Largeur-max.-1024-Hauteur-max.-768.jpg?resize=768%2C512 768w, https:\/\/i1.wp.com\/www.presstourism.ch\/wp-content\/uploads\/2017\/09\/terre_fertile_ds_un_decor_aride-Largeur-max.-1024-Hauteur-max.-768.jpg?resize=600%2C400 600w\" sizes=\"(max-width: 584px) 100vw, 584px\" data-recalc-dims=\"1\" \/><\/a><\/p>\n<p><strong><a href=\"https:\/\/i0.wp.com\/www.presstourism.ch\/WP_ALEX\/wp-content\/uploads\/2017\/09\/surveillance-monastere-a-Likir-Largeur-max.-1024-Hauteur-max.-768.jpg\"><img loading=\"lazy\" class=\"alignnone size-large wp-image-4214\" src=\"https:\/\/i0.wp.com\/www.presstourism.ch\/WP_ALEX\/wp-content\/uploads\/2017\/09\/surveillance-monastere-a-Likir-Largeur-max.-1024-Hauteur-max.-768-1024x682.jpg?resize=584%2C389\" alt=\"surveillance monastere a Likir [Largeur max. 1024 Hauteur max. 768]\" width=\"584\" height=\"389\" srcset=\"https:\/\/i2.wp.com\/www.presstourism.ch\/wp-content\/uploads\/2017\/09\/surveillance-monastere-a-Likir-Largeur-max.-1024-Hauteur-max.-768.jpg?w=1024 1024w, https:\/\/i2.wp.com\/www.presstourism.ch\/wp-content\/uploads\/2017\/09\/surveillance-monastere-a-Likir-Largeur-max.-1024-Hauteur-max.-768.jpg?resize=300%2C200 300w, https:\/\/i2.wp.com\/www.presstourism.ch\/wp-content\/uploads\/2017\/09\/surveillance-monastere-a-Likir-Largeur-max.-1024-Hauteur-max.-768.jpg?resize=768%2C512 768w, https:\/\/i2.wp.com\/www.presstourism.ch\/wp-content\/uploads\/2017\/09\/surveillance-monastere-a-Likir-Largeur-max.-1024-Hauteur-max.-768.jpg?resize=600%2C400 600w\" sizes=\"(max-width: 584px) 100vw, 584px\" data-recalc-dims=\"1\" \/><\/a><\/strong><\/p>\n<p><strong>Juley\u00a0!<\/strong><\/p>\n<hr \/>\n<p style=\"text-align: left;\">Textes et photos: Marguerite Martinoli \/ Patrick Polo<\/p>\n<hr \/>\n<p style=\"text-align: left;\">\n","protected":false},"excerpt":{"rendered":"<p>Juley, (pron. djoul\u00e9), mot s\u00e9same, signifie \u00e0 la fois bonjour ou bonsoir, comment \u00e7a va, merci ou bienvenue. Ce mot, nous l\u2019avons maintes fois entendu et utilis\u00e9 lors de nos diff\u00e9rentes rencontres au Ladakh au fil des saisons. Le Ladakh &hellip; <a href=\"http:\/\/www.presstourism.ch\/?page_id=4203\">Continuer la lecture <span class=\"meta-nav\">&rarr;<\/span><\/a><\/p>\n","protected":false},"author":1,"featured_media":0,"parent":300,"menu_order":0,"comment_status":"closed","ping_status":"closed","template":"","meta":{"ngg_post_thumbnail":0,"spay_email":""},"jetpack_sharing_enabled":true,"jetpack_shortlink":"https:\/\/wp.me\/P468TV-15N","_links":{"self":[{"href":"http:\/\/www.presstourism.ch\/index.php?rest_route=\/wp\/v2\/pages\/4203"}],"collection":[{"href":"http:\/\/www.presstourism.ch\/index.php?rest_route=\/wp\/v2\/pages"}],"about":[{"href":"http:\/\/www.presstourism.ch\/index.php?rest_route=\/wp\/v2\/types\/page"}],"author":[{"embeddable":true,"href":"http:\/\/www.presstourism.ch\/index.php?rest_route=\/wp\/v2\/users\/1"}],"replies":[{"embeddable":true,"href":"http:\/\/www.presstourism.ch\/index.php?rest_route=%2Fwp%2Fv2%2Fcomments&post=4203"}],"version-history":[{"count":1,"href":"http:\/\/www.presstourism.ch\/index.php?rest_route=\/wp\/v2\/pages\/4203\/revisions"}],"predecessor-version":[{"id":4215,"href":"http:\/\/www.presstourism.ch\/index.php?rest_route=\/wp\/v2\/pages\/4203\/revisions\/4215"}],"up":[{"embeddable":true,"href":"http:\/\/www.presstourism.ch\/index.php?rest_route=\/wp\/v2\/pages\/300"}],"wp:attachment":[{"href":"http:\/\/www.presstourism.ch\/index.php?rest_route=%2Fwp%2Fv2%2Fmedia&parent=4203"}],"curies":[{"name":"wp","href":"https:\/\/api.w.org\/{rel}","templated":true}]}}