{"id":4072,"date":"2017-07-27T14:58:43","date_gmt":"2017-07-27T13:58:43","guid":{"rendered":"http:\/\/www.presstourism.ch\/WP_ALEX\/?page_id=4072"},"modified":"2018-12-22T23:35:44","modified_gmt":"2018-12-22T22:35:44","slug":"les-plus-belles-plages-de-lalgarve-et-du-sud-portugal","status":"publish","type":"page","link":"http:\/\/www.presstourism.ch\/?page_id=4072","title":{"rendered":"Les plus belles plages de l\u2019Algarve et du sud Portugal"},"content":{"rendered":"<div class=\"vw-page-title-wrapper\">\n<div class=\"vw-page-title-wrapper-top vw-backstretch vw-has-background\">\n<div class=\"backstretch\">\n<div style=\"width: 1210px\" class=\"wp-caption alignnone\"><img loading=\"lazy\" src=\"https:\/\/i0.wp.com\/www.a-contresens.net\/wp-content\/uploads\/2017\/06\/portugal-sud-algarve-plage-8-1200x560.jpg?resize=584%2C273\" width=\"584\" height=\"273\"  data-recalc-dims=\"1\"><p class=\"wp-caption-text\">A la plage de Carrapateira sur la c\u00f4te vicentine du Portugal<\/p><\/div>\n<\/div>\n<\/div>\n<\/div>\n<div class=\"vw-page-wrapper clearfix vw-sidebar-position-right\">\n<div class=\"container\">\n<div class=\"row\">\n<div class=\"vw-page-content\">\n<article class=\"post-4021 post type-post status-publish format-standard has-post-thumbnail hentry category-europe category-portugal tag-coucher-de-soleil tag-parcs-nationaux tag-plages tag-road-trip\">\n<div class=\"vw-post-content clearfix\">\n<p>Le litt\u00e9ral rocheux d\u00e9chiquet\u00e9 et les magnifiques plages du Portugal ont \u00e9t\u00e9 une belle surprise&nbsp;pour nous lors de ce premier voyage \u00e0 quatre&nbsp;!<\/p>\n<p>Le sud du Portugal a le vent en poupe&nbsp;! Depuis une bonne dizaine d\u2019ann\u00e9es, les c\u00f4tes idylliques de l\u2019Algarve ont \u00e9t\u00e9 red\u00e9couvertes. Il faut dire qu\u2019avec ses 200 km de plages et para\u00eet-il les 300 jours de soleil par an, la r\u00e9gion a naturellement d\u00e9j\u00e0 tout pour plaire. Au point qu\u2019on ne sait pas bien quelle plage choisir&nbsp;: Praia de Odeceixe, Praia da ilha do Farol, Praia da ilha de Tavira, Praia da Marinha, Praia do Camilo, Praia do Amado\u2026<\/p>\n<p>Depuis 2012, tout est fait pour pl\u00e9bisciter le bon vivre de la r\u00e9gion, devenu l\u2019eldorado des retrait\u00e9s europ\u00e9ens, et attirer des touristes de plus en plus nombreux pour le meilleur et pour le pire. Label bleu pour attirer les familles, golfs et ressorts pour le tourisme de luxe, complexes touristiques pour les tours op\u00e9rateurs, agrandissement des plages pour construire des restaurants et autres infrastructures, l\u2019Algarve s\u2019est b\u00e9tonn\u00e9e \u00e0 vitesse grand V\u2026 Un essor \u00e9conomique qui fait du bien aux portugais apr\u00e8s la crise et en m\u00eame temps un risque imminent de destruction de ce littoral unique au monde.<\/p>\n<p style=\"text-align: right;\"><strong>Blog A-Contresens<\/strong><\/p>\n<p><a href=\"http:\/\/www.a-contresens.net\/plus-belles-plages-de-lalgarve-sud-portugal\/\">Lire la suite&#8230;<\/a><\/p>\n<\/div>\n<\/article>\n<\/div>\n<\/div>\n<\/div>\n<\/div>\n","protected":false},"excerpt":{"rendered":"<p>Le litt\u00e9ral rocheux d\u00e9chiquet\u00e9 et les magnifiques plages du Portugal ont \u00e9t\u00e9 une belle surprise&nbsp;pour nous lors de ce premier voyage \u00e0 quatre&nbsp;! Le sud du Portugal a le vent en poupe&nbsp;! Depuis une bonne dizaine d\u2019ann\u00e9es, les c\u00f4tes idylliques &hellip; <a href=\"http:\/\/www.presstourism.ch\/?page_id=4072\">Continuer la lecture <span class=\"meta-nav\">&rarr;<\/span><\/a><\/p>\n","protected":false},"author":1,"featured_media":0,"parent":325,"menu_order":0,"comment_status":"closed","ping_status":"closed","template":"","meta":{"ngg_post_thumbnail":0,"spay_email":""},"jetpack_sharing_enabled":true,"jetpack_shortlink":"https:\/\/wp.me\/P468TV-13G","_links":{"self":[{"href":"http:\/\/www.presstourism.ch\/index.php?rest_route=\/wp\/v2\/pages\/4072"}],"collection":[{"href":"http:\/\/www.presstourism.ch\/index.php?rest_route=\/wp\/v2\/pages"}],"about":[{"href":"http:\/\/www.presstourism.ch\/index.php?rest_route=\/wp\/v2\/types\/page"}],"author":[{"embeddable":true,"href":"http:\/\/www.presstourism.ch\/index.php?rest_route=\/wp\/v2\/users\/1"}],"replies":[{"embeddable":true,"href":"http:\/\/www.presstourism.ch\/index.php?rest_route=%2Fwp%2Fv2%2Fcomments&post=4072"}],"version-history":[{"count":2,"href":"http:\/\/www.presstourism.ch\/index.php?rest_route=\/wp\/v2\/pages\/4072\/revisions"}],"predecessor-version":[{"id":4908,"href":"http:\/\/www.presstourism.ch\/index.php?rest_route=\/wp\/v2\/pages\/4072\/revisions\/4908"}],"up":[{"embeddable":true,"href":"http:\/\/www.presstourism.ch\/index.php?rest_route=\/wp\/v2\/pages\/325"}],"wp:attachment":[{"href":"http:\/\/www.presstourism.ch\/index.php?rest_route=%2Fwp%2Fv2%2Fmedia&parent=4072"}],"curies":[{"name":"wp","href":"https:\/\/api.w.org\/{rel}","templated":true}]}}