{"id":3922,"date":"2017-06-26T14:32:58","date_gmt":"2017-06-26T13:32:58","guid":{"rendered":"http:\/\/www.presstourism.ch\/WP_ALEX\/?page_id=3922"},"modified":"2024-04-10T16:45:54","modified_gmt":"2024-04-10T14:45:54","slug":"les-lettres-de-noblesse-du-lavaux","status":"publish","type":"page","link":"http:\/\/www.presstourism.ch\/?page_id=3922","title":{"rendered":"Les lettres de noblesse du Lavaux"},"content":{"rendered":"<div id=\"attachment_3926\" style=\"width: 650px\" class=\"wp-caption aligncenter\"><a href=\"https:\/\/i1.wp.com\/www.presstourism.ch\/WP_ALEX\/wp-content\/uploads\/2017\/06\/4LavauxPatrimoine-Sentiers-Largeur-max.-1024-Hauteur-max.-768.jpg\"><img aria-describedby=\"caption-attachment-3926\" loading=\"lazy\" class=\"wp-image-3926 size-large\" src=\"https:\/\/i2.wp.com\/www.presstourism.ch\/WP_ALEX\/wp-content\/uploads\/2017\/06\/4LavauxPatrimoine-Sentiers-Largeur-max.-1024-Hauteur-max.-768-1024x682.jpg?resize=584%2C389\" alt=\"Des chemins p\u00e9destres qui traversent le vignoble en terrasse au-dessous de La Corniche.\" width=\"584\" height=\"389\" srcset=\"https:\/\/i2.wp.com\/www.presstourism.ch\/wp-content\/uploads\/2017\/06\/4LavauxPatrimoine-Sentiers-Largeur-max.-1024-Hauteur-max.-768.jpg?w=1024 1024w, https:\/\/i2.wp.com\/www.presstourism.ch\/wp-content\/uploads\/2017\/06\/4LavauxPatrimoine-Sentiers-Largeur-max.-1024-Hauteur-max.-768.jpg?resize=300%2C200 300w, https:\/\/i2.wp.com\/www.presstourism.ch\/wp-content\/uploads\/2017\/06\/4LavauxPatrimoine-Sentiers-Largeur-max.-1024-Hauteur-max.-768.jpg?resize=768%2C512 768w, https:\/\/i2.wp.com\/www.presstourism.ch\/wp-content\/uploads\/2017\/06\/4LavauxPatrimoine-Sentiers-Largeur-max.-1024-Hauteur-max.-768.jpg?resize=600%2C400 600w\" sizes=\"(max-width: 584px) 100vw, 584px\" data-recalc-dims=\"1\" \/><\/a><p id=\"caption-attachment-3926\" class=\"wp-caption-text\">Des chemins p\u00e9destres traversent le vignoble en terrasse au-dessous de La Corniche.<\/p><\/div>\n<p>PATRIMOINE MONDIAL &#8211; Entre Cully et Saint-Saphorin, en passant par Epesses, on peut traverser les vignobles en terrasses d&rsquo;un site merveilleux, avec des vues splendides sur le lac et des bourgs accueillants.<\/p>\n<div id=\"attachment_3927\" style=\"width: 650px\" class=\"wp-caption aligncenter\"><a href=\"https:\/\/i1.wp.com\/www.presstourism.ch\/WP_ALEX\/wp-content\/uploads\/2017\/06\/5LavauxPatrimoine-LeSuisse-Largeur-max.-1024-Hauteur-max.-768.jpg\"><img aria-describedby=\"caption-attachment-3927\" loading=\"lazy\" class=\"size-large wp-image-3927\" src=\"https:\/\/i2.wp.com\/www.presstourism.ch\/WP_ALEX\/wp-content\/uploads\/2017\/06\/5LavauxPatrimoine-LeSuisse-Largeur-max.-1024-Hauteur-max.-768-1024x682.jpg?resize=584%2C389\" alt=\"Le bateau &quot;Le Suisse&quot; devant le ch\u00e2teau de Gl\u00e9rolles, pr\u00eat pour accoster...\" width=\"584\" height=\"389\" srcset=\"https:\/\/i1.wp.com\/www.presstourism.ch\/wp-content\/uploads\/2017\/06\/5LavauxPatrimoine-LeSuisse-Largeur-max.-1024-Hauteur-max.-768.jpg?w=1024 1024w, https:\/\/i1.wp.com\/www.presstourism.ch\/wp-content\/uploads\/2017\/06\/5LavauxPatrimoine-LeSuisse-Largeur-max.-1024-Hauteur-max.-768.jpg?resize=300%2C200 300w, https:\/\/i1.wp.com\/www.presstourism.ch\/wp-content\/uploads\/2017\/06\/5LavauxPatrimoine-LeSuisse-Largeur-max.-1024-Hauteur-max.-768.jpg?resize=768%2C512 768w, https:\/\/i1.wp.com\/www.presstourism.ch\/wp-content\/uploads\/2017\/06\/5LavauxPatrimoine-LeSuisse-Largeur-max.-1024-Hauteur-max.-768.jpg?resize=600%2C400 600w\" sizes=\"(max-width: 584px) 100vw, 584px\" data-recalc-dims=\"1\" \/><\/a><p id=\"caption-attachment-3927\" class=\"wp-caption-text\">Le bateau \u00ab\u00a0Le Suisse\u00a0\u00bb devant le ch\u00e2teau de Gl\u00e9rolles, pr\u00eat pour accoster&#8230;<\/p><\/div>\n<p>Le Lavaux \u00ab\u00a0Paysage Culturel\u00a0\u00bb du patrimoine mondial de l&rsquo;Unesco, ce n&rsquo;est pas nouveau! Mais c&rsquo;est une bonne raison et c&rsquo;est vraiment gratifiant d&rsquo;aller \u00e0 nouveau l&rsquo;admirer en ce moment, avec l&rsquo;assurance d&rsquo;avoir des panoramas majestueux sur le lac L\u00e9man. En suivant les sentiers p\u00e9destres \u00e0 travers les vignobles depuis Cully (commune de Bourg-en-Lavaux) jusqu&rsquo;\u00e0 Saint-Saphorin, et un peu plus loin le Domaine du Burignon, on assiste \u00e0 un v\u00e9ritable spectacle de belles images.<\/p>\n<div id=\"attachment_3925\" style=\"width: 650px\" class=\"wp-caption aligncenter\"><a href=\"https:\/\/i2.wp.com\/www.presstourism.ch\/WP_ALEX\/wp-content\/uploads\/2017\/06\/3LavauxPatrimoine-Epesses-Largeur-max.-1024-Hauteur-max.-768.jpg\"><img aria-describedby=\"caption-attachment-3925\" loading=\"lazy\" class=\"size-large wp-image-3925\" src=\"https:\/\/i0.wp.com\/www.presstourism.ch\/WP_ALEX\/wp-content\/uploads\/2017\/06\/3LavauxPatrimoine-Epesses-Largeur-max.-1024-Hauteur-max.-768-1024x682.jpg?resize=584%2C389\" alt=\"Un Lavaux magnifique comme ici \u00e0 Epesses, o\u00f9 on n'a pas oubli\u00e9 de fleurir le village.\" width=\"584\" height=\"389\" srcset=\"https:\/\/i0.wp.com\/www.presstourism.ch\/wp-content\/uploads\/2017\/06\/3LavauxPatrimoine-Epesses-Largeur-max.-1024-Hauteur-max.-768.jpg?w=1024 1024w, https:\/\/i0.wp.com\/www.presstourism.ch\/wp-content\/uploads\/2017\/06\/3LavauxPatrimoine-Epesses-Largeur-max.-1024-Hauteur-max.-768.jpg?resize=300%2C200 300w, https:\/\/i0.wp.com\/www.presstourism.ch\/wp-content\/uploads\/2017\/06\/3LavauxPatrimoine-Epesses-Largeur-max.-1024-Hauteur-max.-768.jpg?resize=768%2C512 768w, https:\/\/i0.wp.com\/www.presstourism.ch\/wp-content\/uploads\/2017\/06\/3LavauxPatrimoine-Epesses-Largeur-max.-1024-Hauteur-max.-768.jpg?resize=600%2C400 600w\" sizes=\"(max-width: 584px) 100vw, 584px\" data-recalc-dims=\"1\" \/><\/a><p id=\"caption-attachment-3925\" class=\"wp-caption-text\">Un Lavaux magnifique comme ici \u00e0 Epesses, o\u00f9 on n&rsquo;a pas oubli\u00e9 de fleurir le village.<\/p><\/div>\n<p>Car le Lavaux, c&rsquo;est comme un bon orchestre symphonique qui joue du Mozart avec ses quelque 10&nbsp;000 terrasses escarp\u00e9es, parfois m\u00eame un peu vertigineuses. Comme on peut le constater \u00e0 la Tour de Marsens, o\u00f9 nous avons rencontr\u00e9 les Fr\u00e8res Dubois, vignerons renomm\u00e9s de la r\u00e9gion, qui y exploitent des parchets donnant naissance \u00e0 une excellente \u00ab\u00a0R\u00e9serve des H\u00e9raults\u00a0\u00bb. Bien qu&rsquo;attest\u00e9e dans les biens de l&rsquo;\u00e9v\u00eaque de Lausanne en 1272 seulement, la Tour de Marsens doit certainement remonter au XIIe si\u00e8cle.<\/p>\n<div id=\"attachment_3923\" style=\"width: 650px\" class=\"wp-caption aligncenter\"><a href=\"https:\/\/i2.wp.com\/www.presstourism.ch\/WP_ALEX\/wp-content\/uploads\/2017\/06\/1LavauxPatrimoine-TourMarsens-Largeur-max.-1024-Hauteur-max.-768.jpg\"><img aria-describedby=\"caption-attachment-3923\" loading=\"lazy\" class=\"size-large wp-image-3923\" src=\"https:\/\/i2.wp.com\/www.presstourism.ch\/WP_ALEX\/wp-content\/uploads\/2017\/06\/1LavauxPatrimoine-TourMarsens-Largeur-max.-1024-Hauteur-max.-768-1024x682.jpg?resize=584%2C389\" alt=\"Le vigneron Gr\u00e9goire Dubois au travail dans sa vigne devant la Tour de Marsens.\" width=\"584\" height=\"389\" srcset=\"https:\/\/i0.wp.com\/www.presstourism.ch\/wp-content\/uploads\/2017\/06\/1LavauxPatrimoine-TourMarsens-Largeur-max.-1024-Hauteur-max.-768.jpg?w=1024 1024w, https:\/\/i0.wp.com\/www.presstourism.ch\/wp-content\/uploads\/2017\/06\/1LavauxPatrimoine-TourMarsens-Largeur-max.-1024-Hauteur-max.-768.jpg?resize=300%2C200 300w, https:\/\/i0.wp.com\/www.presstourism.ch\/wp-content\/uploads\/2017\/06\/1LavauxPatrimoine-TourMarsens-Largeur-max.-1024-Hauteur-max.-768.jpg?resize=768%2C512 768w, https:\/\/i0.wp.com\/www.presstourism.ch\/wp-content\/uploads\/2017\/06\/1LavauxPatrimoine-TourMarsens-Largeur-max.-1024-Hauteur-max.-768.jpg?resize=600%2C400 600w\" sizes=\"(max-width: 584px) 100vw, 584px\" data-recalc-dims=\"1\" \/><\/a><p id=\"caption-attachment-3923\" class=\"wp-caption-text\">Le vigneron Gr\u00e9goire Dubois au travail dans sa vigne devant la Tour de Marsens.<\/p><\/div>\n<p>Patrimoine, secrets du vin et de la vigne, accueil chaleureux dans les villages sont les mot-cl\u00e9 d&rsquo;une belle balade dans cette r\u00e9gion. Sur les itin\u00e9raires balis\u00e9s, il y a aussi des panneaux didactiques qui permettent de se situer et de choisir son parcours, mais aussi d&rsquo;en apprendre plus sur le D\u00e9zaley (partie la plus raide du Lavaux), ainsi que les traditions, les attraits culturels et les c\u00e9pages r\u00e9gionaux.<\/p>\n<div id=\"attachment_3924\" style=\"width: 650px\" class=\"wp-caption aligncenter\"><a href=\"https:\/\/i0.wp.com\/www.presstourism.ch\/WP_ALEX\/wp-content\/uploads\/2017\/06\/2LavauxPatrimoine-StSaphorin-Largeur-max.-1024-Hauteur-max.-768.jpg\"><img aria-describedby=\"caption-attachment-3924\" loading=\"lazy\" class=\"size-large wp-image-3924\" src=\"https:\/\/i0.wp.com\/www.presstourism.ch\/WP_ALEX\/wp-content\/uploads\/2017\/06\/2LavauxPatrimoine-StSaphorin-Largeur-max.-1024-Hauteur-max.-768-1024x682.jpg?resize=584%2C389\" alt=\"Coup d'oeil sur Saint-Saphorin depuis la petite vigne que les viticulteurs ont am\u00e9nag\u00e9e en souvenir de Jean Villard Gilles.\" width=\"584\" height=\"389\" srcset=\"https:\/\/i0.wp.com\/www.presstourism.ch\/wp-content\/uploads\/2017\/06\/2LavauxPatrimoine-StSaphorin-Largeur-max.-1024-Hauteur-max.-768.jpg?w=1024 1024w, https:\/\/i0.wp.com\/www.presstourism.ch\/wp-content\/uploads\/2017\/06\/2LavauxPatrimoine-StSaphorin-Largeur-max.-1024-Hauteur-max.-768.jpg?resize=300%2C200 300w, https:\/\/i0.wp.com\/www.presstourism.ch\/wp-content\/uploads\/2017\/06\/2LavauxPatrimoine-StSaphorin-Largeur-max.-1024-Hauteur-max.-768.jpg?resize=768%2C512 768w, https:\/\/i0.wp.com\/www.presstourism.ch\/wp-content\/uploads\/2017\/06\/2LavauxPatrimoine-StSaphorin-Largeur-max.-1024-Hauteur-max.-768.jpg?resize=600%2C400 600w\" sizes=\"(max-width: 584px) 100vw, 584px\" data-recalc-dims=\"1\" \/><\/a><p id=\"caption-attachment-3924\" class=\"wp-caption-text\">Coup d&rsquo;oeil sur Saint-Saphorin depuis la petite vigne que les viticulteurs ont am\u00e9nag\u00e9e en souvenir de Jean Villard Gilles.<\/p><\/div>\n<p>Enfin, \u00e0 Saint-Saphorin, il ne faut pas manquer l&rsquo;\u00e9glise, qui date du 15e si\u00e8cle, avant de monter au petit vignoble que les viticulteurs ont am\u00e9nag\u00e9 en souvenir du chansonnier et po\u00e8te Jean Villars Gilles (1895-1982). Le panorama est encore magnifique, \u00e0 l&rsquo;image du talent de ce chansonnier et po\u00e8te, qui composa les fameuses \u00ab\u00a0Trois Cloches\u00a0\u00bb pour la grande Edith Piaf.<\/p>\n<div id=\"attachment_3930\" style=\"width: 522px\" class=\"wp-caption aligncenter\"><a href=\"https:\/\/i1.wp.com\/www.presstourism.ch\/WP_ALEX\/wp-content\/uploads\/2017\/06\/8LavauxPatrimoine-StSaphorin-Largeur-max.-1024-Hauteur-max.-768.jpg\"><img aria-describedby=\"caption-attachment-3930\" loading=\"lazy\" class=\"size-full wp-image-3930\" src=\"https:\/\/i1.wp.com\/www.presstourism.ch\/WP_ALEX\/wp-content\/uploads\/2017\/06\/8LavauxPatrimoine-StSaphorin-Largeur-max.-1024-Hauteur-max.-768.jpg?resize=512%2C768\" alt=\"Dans les rues de Saint-Saphorin, au pied du clocher de l'\u00e9glise.\" width=\"512\" height=\"768\" srcset=\"https:\/\/i2.wp.com\/www.presstourism.ch\/wp-content\/uploads\/2017\/06\/8LavauxPatrimoine-StSaphorin-Largeur-max.-1024-Hauteur-max.-768.jpg?w=512 512w, https:\/\/i2.wp.com\/www.presstourism.ch\/wp-content\/uploads\/2017\/06\/8LavauxPatrimoine-StSaphorin-Largeur-max.-1024-Hauteur-max.-768.jpg?resize=200%2C300 200w\" sizes=\"(max-width: 512px) 100vw, 512px\" data-recalc-dims=\"1\" \/><\/a><p id=\"caption-attachment-3930\" class=\"wp-caption-text\">Dans les rues de Saint-Saphorin, au pied du clocher de l&rsquo;\u00e9glise.<\/p><\/div>\n<p><strong>Textes et photos: Roger Juillerat<\/strong><\/p>\n<div id=\"attachment_3929\" style=\"width: 650px\" class=\"wp-caption aligncenter\"><a href=\"https:\/\/i0.wp.com\/www.presstourism.ch\/WP_ALEX\/wp-content\/uploads\/2017\/06\/7LavauxPatrimoineVin-Largeur-max.-1024-Hauteur-max.-768.jpg\"><img aria-describedby=\"caption-attachment-3929\" loading=\"lazy\" class=\"size-large wp-image-3929\" src=\"https:\/\/i0.wp.com\/www.presstourism.ch\/WP_ALEX\/wp-content\/uploads\/2017\/06\/7LavauxPatrimoineVin-Largeur-max.-1024-Hauteur-max.-768-1024x682.jpg?resize=584%2C389\" alt=\"Un vieux pressoir pour annoncer un des nombreux caveaux des vignerons.\" width=\"584\" height=\"389\" srcset=\"https:\/\/i1.wp.com\/www.presstourism.ch\/wp-content\/uploads\/2017\/06\/7LavauxPatrimoineVin-Largeur-max.-1024-Hauteur-max.-768.jpg?w=1024 1024w, https:\/\/i1.wp.com\/www.presstourism.ch\/wp-content\/uploads\/2017\/06\/7LavauxPatrimoineVin-Largeur-max.-1024-Hauteur-max.-768.jpg?resize=300%2C200 300w, https:\/\/i1.wp.com\/www.presstourism.ch\/wp-content\/uploads\/2017\/06\/7LavauxPatrimoineVin-Largeur-max.-1024-Hauteur-max.-768.jpg?resize=768%2C512 768w, https:\/\/i1.wp.com\/www.presstourism.ch\/wp-content\/uploads\/2017\/06\/7LavauxPatrimoineVin-Largeur-max.-1024-Hauteur-max.-768.jpg?resize=600%2C400 600w\" sizes=\"(max-width: 584px) 100vw, 584px\" data-recalc-dims=\"1\" \/><\/a><p id=\"caption-attachment-3929\" class=\"wp-caption-text\">Un vieux pressoir pour annoncer un des nombreux caveaux des vignerons.<\/p><\/div>\n<p><strong>Infos pratiques<\/strong><\/p>\n<p><strong>D\u00e9guster:<\/strong> \u00e0 Rivaz, faire halte \u00e0 Vinorama pour appr\u00e9cier des crus de l\u2019ensemble des lieux de production de l&rsquo;Appellation Lavaux. Vous trouverez aussi les caveaux des vignerons dans les villages.<\/p>\n<p><strong>Mais aussi:<\/strong> le petit train Lavaux Panoramic vous emm\u00e8ne d\u00e9couvrir les chemins du vignoble en terrasses qui jalonnent Chardonne, Chexbres, Rivaz et Saint-Saphorin. La balade oenotouristique, itin\u00e9raire guid\u00e9 par smartphone, <a href=\"http:\/\/ete.myvaud.ch\/balade-oenotouristique-lavaux-unesco\">ete.myvaud.ch\/balade-oenotouristique-lavaux-unesco<\/a><\/p>\n<p><strong>En plus:<\/strong> de nombreux emplacements pour pique-nique se situent sur les parcours. Sans oublier les caf\u00e9s et restos qui sont \u00e0 disposition dans les bourgs.<\/p>\n<p><strong>S&rsquo;informer:<\/strong> <a href=\"http:\/\/www.lavaux.ch\">www.lavaux.ch<\/a>, <a href=\"http:\/\/www.lavaux-unesco.ch\">www.lavaux-unesco.ch<\/a>, <a href=\"http:\/\/www.lavaux-vinorama.ch\">www.lavaux-vinorama.ch<\/a><\/p>\n<div id=\"attachment_3928\" style=\"width: 650px\" class=\"wp-caption alignnone\"><a href=\"https:\/\/i2.wp.com\/www.presstourism.ch\/WP_ALEX\/wp-content\/uploads\/2017\/06\/6LavauxPatrimoine-Rivaz-Largeur-max.-1024-Hauteur-max.-768.jpg\"><img aria-describedby=\"caption-attachment-3928\" loading=\"lazy\" class=\"size-large wp-image-3928\" src=\"https:\/\/i2.wp.com\/www.presstourism.ch\/WP_ALEX\/wp-content\/uploads\/2017\/06\/6LavauxPatrimoine-Rivaz-Largeur-max.-1024-Hauteur-max.-768-1024x682.jpg?resize=584%2C389\" alt=\"Rivaz, le village qui abrite Vinorama, pr\u00e9sente les crus de l'ensemble des lieux de production de la r\u00e9gion.\" width=\"584\" height=\"389\" srcset=\"https:\/\/i2.wp.com\/www.presstourism.ch\/wp-content\/uploads\/2017\/06\/6LavauxPatrimoine-Rivaz-Largeur-max.-1024-Hauteur-max.-768.jpg?w=1024 1024w, https:\/\/i2.wp.com\/www.presstourism.ch\/wp-content\/uploads\/2017\/06\/6LavauxPatrimoine-Rivaz-Largeur-max.-1024-Hauteur-max.-768.jpg?resize=300%2C200 300w, https:\/\/i2.wp.com\/www.presstourism.ch\/wp-content\/uploads\/2017\/06\/6LavauxPatrimoine-Rivaz-Largeur-max.-1024-Hauteur-max.-768.jpg?resize=768%2C512 768w, https:\/\/i2.wp.com\/www.presstourism.ch\/wp-content\/uploads\/2017\/06\/6LavauxPatrimoine-Rivaz-Largeur-max.-1024-Hauteur-max.-768.jpg?resize=600%2C400 600w\" sizes=\"(max-width: 584px) 100vw, 584px\" data-recalc-dims=\"1\" \/><\/a><p id=\"caption-attachment-3928\" class=\"wp-caption-text\">Rivaz, le village qui abrite Vinorama, pr\u00e9sente les crus de l&rsquo;ensemble des lieux de production de la r\u00e9gion.<\/p><\/div>\n<p><a href=\"http:\/\/www.presstourism.ch\/wp-content\/uploads\/2017\/06\/NVT_160617_w-BaladeLavaux3.pdf\">Lire ou t\u00e9l\u00e9charger l&rsquo;article de presse&#8230;<\/a><\/p>\n","protected":false},"excerpt":{"rendered":"<p>PATRIMOINE MONDIAL &#8211; Entre Cully et Saint-Saphorin, en passant par Epesses, on peut traverser les vignobles en terrasses d&rsquo;un site merveilleux, avec des vues splendides sur le lac et des bourgs accueillants. Le Lavaux \u00ab\u00a0Paysage Culturel\u00a0\u00bb du patrimoine mondial de &hellip; <a href=\"http:\/\/www.presstourism.ch\/?page_id=3922\">Continuer la lecture <span class=\"meta-nav\">&rarr;<\/span><\/a><\/p>\n","protected":false},"author":1,"featured_media":0,"parent":341,"menu_order":0,"comment_status":"closed","ping_status":"closed","template":"","meta":{"ngg_post_thumbnail":0,"spay_email":""},"jetpack_sharing_enabled":true,"jetpack_shortlink":"https:\/\/wp.me\/P468TV-11g","_links":{"self":[{"href":"http:\/\/www.presstourism.ch\/index.php?rest_route=\/wp\/v2\/pages\/3922"}],"collection":[{"href":"http:\/\/www.presstourism.ch\/index.php?rest_route=\/wp\/v2\/pages"}],"about":[{"href":"http:\/\/www.presstourism.ch\/index.php?rest_route=\/wp\/v2\/types\/page"}],"author":[{"embeddable":true,"href":"http:\/\/www.presstourism.ch\/index.php?rest_route=\/wp\/v2\/users\/1"}],"replies":[{"embeddable":true,"href":"http:\/\/www.presstourism.ch\/index.php?rest_route=%2Fwp%2Fv2%2Fcomments&post=3922"}],"version-history":[{"count":2,"href":"http:\/\/www.presstourism.ch\/index.php?rest_route=\/wp\/v2\/pages\/3922\/revisions"}],"predecessor-version":[{"id":9270,"href":"http:\/\/www.presstourism.ch\/index.php?rest_route=\/wp\/v2\/pages\/3922\/revisions\/9270"}],"up":[{"embeddable":true,"href":"http:\/\/www.presstourism.ch\/index.php?rest_route=\/wp\/v2\/pages\/341"}],"wp:attachment":[{"href":"http:\/\/www.presstourism.ch\/index.php?rest_route=%2Fwp%2Fv2%2Fmedia&parent=3922"}],"curies":[{"name":"wp","href":"https:\/\/api.w.org\/{rel}","templated":true}]}}