{"id":3823,"date":"2017-05-22T13:44:29","date_gmt":"2017-05-22T12:44:29","guid":{"rendered":"http:\/\/www.presstourism.ch\/WP_ALEX\/?page_id=3823"},"modified":"2024-04-13T11:13:55","modified_gmt":"2024-04-13T09:13:55","slug":"fleury-pascal","status":"publish","type":"page","link":"http:\/\/www.presstourism.ch\/?page_id=3823","title":{"rendered":"Fleury Pascal"},"content":{"rendered":"<div id=\"attachment_3826\" style=\"width: 210px\" class=\"wp-caption alignnone\"><a href=\"https:\/\/i0.wp.com\/www.presstourism.ch\/wp-content\/uploads\/2017\/05\/Fleury-1.jpg\"><img aria-describedby=\"caption-attachment-3826\" loading=\"lazy\" class=\"wp-image-3826 size-medium\" src=\"https:\/\/i0.wp.com\/www.presstourism.ch\/wp-content\/uploads\/2017\/05\/Fleury-1.jpg?resize=200%2C300\" alt=\"\" width=\"200\" height=\"300\" srcset=\"https:\/\/i0.wp.com\/www.presstourism.ch\/wp-content\/uploads\/2017\/05\/Fleury-1.jpg?resize=200%2C300 200w, https:\/\/i0.wp.com\/www.presstourism.ch\/wp-content\/uploads\/2017\/05\/Fleury-1.jpg?resize=768%2C1151 768w, https:\/\/i0.wp.com\/www.presstourism.ch\/wp-content\/uploads\/2017\/05\/Fleury-1.jpg?resize=683%2C1024 683w, https:\/\/i0.wp.com\/www.presstourism.ch\/wp-content\/uploads\/2017\/05\/Fleury-1.jpg?resize=600%2C900 600w, https:\/\/i0.wp.com\/www.presstourism.ch\/wp-content\/uploads\/2017\/05\/Fleury-1.jpg?w=1310 1310w, https:\/\/i0.wp.com\/www.presstourism.ch\/wp-content\/uploads\/2017\/05\/Fleury-1.jpg?w=1168 1168w\" sizes=\"(max-width: 200px) 100vw, 200px\" data-recalc-dims=\"1\" \/><\/a><p id=\"caption-attachment-3826\" class=\"wp-caption-text\">R\u00e9dacteur \u00e0 La Libert\u00e9. Pascal Fleury. Photo Lib.\/ Alain Wicht, Fribourg, 25.02.2002<\/p><\/div>\n<p><strong>Publications r\u00e9centes<\/strong><\/p>\n<p><a href=\"http:\/\/www.presstourism.ch\/wp-content\/uploads\/2018\/12\/Fleury-Turquie-2015.pdf\">Turquie: Aux sources mythologiques de la beaut\u00e9<\/a><\/p>\n<p><a href=\"http:\/\/www.presstourism.ch\/?page_id=3810\">Andorre, on y passe&#8230; et on y reste !<\/a><\/p>\n<hr>\n<p><strong>Pascal Fleury<\/strong><\/p>\n<p>Journaliste, r\u00e9daction La Libert\u00e9<\/p>\n<p>P\u00e9rolles 42, case postale 208,<\/p>\n<p>CH-1705 Fribourg (Suisse).<\/p>\n<p>Tel: +41 (0)26 426 44 11<\/p>\n<p>Direct:&nbsp;+41 (0)26 426 43 81<\/p>\n<p>Fax: +41 (0)26 426 44 00.<\/p>\n<p>Email: <a href=\"mailto:???????@laliberte.ch\">p.fleury@laliberte.ch<\/a><\/p>\n<p>Web: <a href=\"http:\/\/www.laliberte.ch\">www.laliberte.ch<\/a><\/p>\n","protected":false},"excerpt":{"rendered":"<p>Publications r\u00e9centes Turquie: Aux sources mythologiques de la beaut\u00e9 Andorre, on y passe&#8230; et on y reste ! Pascal Fleury Journaliste, r\u00e9daction La Libert\u00e9 P\u00e9rolles 42, case postale 208, CH-1705 Fribourg (Suisse). Tel: +41 (0)26 426 44 11 Direct:&nbsp;+41 (0)26 &hellip; <a href=\"http:\/\/www.presstourism.ch\/?page_id=3823\">Continuer la lecture <span class=\"meta-nav\">&rarr;<\/span><\/a><\/p>\n","protected":false},"author":1,"featured_media":0,"parent":76,"menu_order":0,"comment_status":"closed","ping_status":"closed","template":"","meta":{"ngg_post_thumbnail":0,"spay_email":""},"jetpack_sharing_enabled":true,"jetpack_shortlink":"https:\/\/wp.me\/P468TV-ZF","_links":{"self":[{"href":"http:\/\/www.presstourism.ch\/index.php?rest_route=\/wp\/v2\/pages\/3823"}],"collection":[{"href":"http:\/\/www.presstourism.ch\/index.php?rest_route=\/wp\/v2\/pages"}],"about":[{"href":"http:\/\/www.presstourism.ch\/index.php?rest_route=\/wp\/v2\/types\/page"}],"author":[{"embeddable":true,"href":"http:\/\/www.presstourism.ch\/index.php?rest_route=\/wp\/v2\/users\/1"}],"replies":[{"embeddable":true,"href":"http:\/\/www.presstourism.ch\/index.php?rest_route=%2Fwp%2Fv2%2Fcomments&post=3823"}],"version-history":[{"count":5,"href":"http:\/\/www.presstourism.ch\/index.php?rest_route=\/wp\/v2\/pages\/3823\/revisions"}],"predecessor-version":[{"id":9408,"href":"http:\/\/www.presstourism.ch\/index.php?rest_route=\/wp\/v2\/pages\/3823\/revisions\/9408"}],"up":[{"embeddable":true,"href":"http:\/\/www.presstourism.ch\/index.php?rest_route=\/wp\/v2\/pages\/76"}],"wp:attachment":[{"href":"http:\/\/www.presstourism.ch\/index.php?rest_route=%2Fwp%2Fv2%2Fmedia&parent=3823"}],"curies":[{"name":"wp","href":"https:\/\/api.w.org\/{rel}","templated":true}]}}