{"id":3781,"date":"2017-04-30T05:38:46","date_gmt":"2017-04-30T04:38:46","guid":{"rendered":"http:\/\/www.presstourism.ch\/WP_ALEX\/?page_id=3781"},"modified":"2017-04-30T05:43:08","modified_gmt":"2017-04-30T04:43:08","slug":"3781-2","status":"publish","type":"page","link":"http:\/\/www.presstourism.ch\/?page_id=3781","title":{"rendered":"Morbihan, \u00cele de Groix : des tr\u00e9sors en Bretagne"},"content":{"rendered":"<div class=\"art-post\"><\/div>\n<div class=\"art-post\">\n<div class=\"art-post-body\">\n<div id=\"post-3066\" class=\"art-post-inner art-article post-3066 post type-post status-publish format-standard has-post-thumbnail hentry category-europe category-france-europe category-aladecouverte\">\n<p><a title=\"Morbihan, \u00cele de Groix : des tr\u00e9sors en Bretagne\" href=\"http:\/\/www.jepars.ch\/magazine\/?p=3066\"><img loading=\"lazy\" class=\"alignleft wp-post-image\" title=\"Morbihan, \u00cele de Groix : des tr\u00e9sors en Bretagne\" src=\"https:\/\/i0.wp.com\/www.jepars.ch\/magazine\/wp-content\/uploads\/2017\/04\/Groix101_0114-455x303.jpg?resize=455%2C303\" alt=\"\" width=\"455\" height=\"303\" data-recalc-dims=\"1\" \/><\/a> JE PARS \u00c0 LA D\u00c9COUVERTE<\/p>\n<h2 class=\"art-postheader\"><a title=\"Lien permanent vers Morbihan, \u00cele de Groix : des tr\u00e9sors en Bretagne\" href=\"http:\/\/www.jepars.ch\/magazine\/?p=3066\" rel=\"bookmark\"> Morbihan, \u00cele de Groix : des tr\u00e9sors en Bretagne <\/a><\/h2>\n<div class=\"art-postheadericons art-metadata-icons\">21 avril 2017 | Auteur <a title=\"Articles par Je pars...\" href=\"http:\/\/www.jepars.ch\/magazine\/?author=3\" rel=\"author\">Je pars&#8230;<\/a><\/div>\n<div class=\"art-postcontent\">\n<p><strong>Nombreux sont celles ou ceux qui se contentent de quelques clich\u00e9s, comme le Mont Saint-Michel et sa voisine Saint-Malo, la pointe du Raz, les alignements de Carnac ou encore la presqu\u2019\u00eele de Quiberon. Il est vrai qu\u2019en g\u00e9n\u00e9ral, ce ne sont que ces destinations qu\u2019on retrouve dans les brochures suisses de voyages.<br \/>\nEt, pourtant, que de tr\u00e9sors ailleurs en Bretagne!<\/strong><\/p>\n<p>La ligne a\u00e9rienne Gen\u00e8ve-Nantes permet aujourd\u2019hui de go\u00fbter \u00e0 la Bretagne diff\u00e9remment, plus individuellement. En une heure et demie de transport, vous \u00eates d\u00e9j\u00e0 dans la Bretagne du Sud. La location d\u2019une\u00a0 voiture fait le reste. A vous la Bretagne m\u00e9connue, celle des \u00eeles ou des villages de l\u2019int\u00e9rieur des terres, l\u00e0 o\u00f9 les us et les l\u00e9gendes n\u2019ont pas encore \u00e9t\u00e9 submerg\u00e9s par les fast-foods. A lui seul, le Morbihan dispose d\u00e9j\u00e0 d\u2019une vari\u00e9t\u00e9 infinie de lieux passionnants. Choisissons deux th\u00e8mes qualifi\u00e9s de \u00abcaract\u00e8re\u00bb: les villages de Malestroit et Lizio et l\u2019\u00eele de Groix.<\/p>\n<p><strong><a href=\"https:\/\/i2.wp.com\/www.jepars.ch\/magazine\/wp-content\/uploads\/2017\/04\/Lizio100_0038-copie.jpg\"><img loading=\"lazy\" class=\"alignleft wp-image-14533\" src=\"https:\/\/i2.wp.com\/www.jepars.ch\/magazine\/wp-content\/uploads\/2017\/04\/Lizio100_0038-copie.jpg?resize=210%2C295\" alt=\"Maison de pierre \u00e0 Lizio\" width=\"210\" height=\"295\" data-recalc-dims=\"1\" \/><\/a>Petites cit\u00e9s de caract\u00e8re<\/strong><br \/>\nComparativement \u00e0 bien des r\u00e9gions fran\u00e7aises, la Bretagne a su pr\u00e9server l\u2019authenticit\u00e9 de ses paysages et de son habitat. M\u00eame les villas des lotissements doivent suivre le style du pays et tenir compte de la tradition, comme, par exemple, les chemin\u00e9es \u00e0 ras du pignon. Ajoutez \u00e0 cela les anciennes fermes, dont on fait sauter le cr\u00e9pi pour mettre en valeur le granit, et vous avez de v\u00e9ritables tableaux de Pont-Aven en y ajoutant le ressac, la petite crique, des ajoncs ou encore une barque de p\u00eache \u00e9chou\u00e9e. Dans les agglom\u00e9rations class\u00e9es \u00abpetites cit\u00e9s de caract\u00e8re\u00bb (environ une vingtaine labellis\u00e9es), on trouve de vrais bijoux d\u2019authenticit\u00e9 et ce plus volontiers \u00e0 l\u2019int\u00e9rieur des terres que sur le littoral.<br \/>\nA Malestroit, la po\u00e9sie est \u00e0 chaque pas, que ce soit au bord de l\u2019Oust et sa chute, du bucolique canal de Nantes\u00a0 \u00e0 Brest et son \u00e9cluse, ou enfin dans les rues pi\u00e9tonni\u00e8res bord\u00e9es de maisons bourgeoises de granit sculpt\u00e9, de maisons gothiques ou Renaissance \u00e0 colombages, la plupart de guingois, ce qui leur donne un charme infini. La premi\u00e8re originalit\u00e9 est aussi et surtout dans son \u00e9glise \u00e0 deux nefs et sa chaire qu\u2019on dirait prise \u00e0 la poupe d\u2019un vieux galion. La seconde originalit\u00e9 est celle des enseignes. D\u2019un commun accord, la presque totalit\u00e9 des commer\u00e7ants a \u00e9t\u00e9 fid\u00e8le \u00e0 l\u2019image m\u00e9di\u00e9vale, chacune avec son enseigne, ancienne ou moderne, certaines d\u2019entre elles faisant preuve d\u2019humour, comme ce magasin de v\u00eatements affichant une paire de jeans et un chapeau. Mais c\u2019est le fil de l\u2019eau qui donne toute la saveur de Malestroit avec les p\u00eacheurs dans le canal et le passage des bateaux habitables, sous le regard des Augustines, dont le couvent hospitalier a eu ses heures d\u2019intense activit\u00e9 lors de l\u2019occupation allemande.<br \/>\nLizio, la petite soeur de Malestroit qui se trouve \u00e0 une dizaine de kilom\u00e8tres un peu plus \u00e0 l\u2019ouest est d\u2019un saisissant contraste. Ici, l\u2019habitat du 17e si\u00e8cle est uniform\u00e9ment du traditionnel breton en pur granit, parfois recouvert de lierre, certaines maisons ayant encore leur four \u00e0 pain. C\u2019est une image d\u2019Epinal qui rappelle celle de Locronan en pays Bigouden. Ce village serait \u00abjoli, mais mort\u00bb, s\u2019il n\u2019\u00e9tait devenu la coqueluche de visiteurs venus de centaines de kilom\u00e8tres \u00e0 la ronde, notamment pour assister \u00e0 des festivals de th\u00e9\u00e2tre ou de musique, des f\u00eates folkloriques ou, mieux encore, le d\u00e9sormais traditionnel Festival des Peintres. Mais Lizio doit surtout son attrait au mus\u00e9e de cet \u00eatre atypique qu\u2019on appelle le \u00abPo\u00e8te ferrailleur\u00bb.<\/p>\n<p><a href=\"https:\/\/i1.wp.com\/www.jepars.ch\/magazine\/wp-content\/uploads\/2017\/04\/181_8150-.jpg\"><img loading=\"lazy\" class=\"wp-image-14529 size-medium aligncenter\" src=\"https:\/\/i1.wp.com\/www.jepars.ch\/magazine\/wp-content\/uploads\/2017\/04\/181_8150--455x303.jpg?resize=455%2C303\" alt=\"Bateaux de p\u00eacheurs, soleil couchant\" width=\"455\" height=\"303\" data-recalc-dims=\"1\" \/><\/a><\/p>\n<p><strong>Groix ou le caract\u00e8re des \u00eeles<\/strong><br \/>\nLe fait que sa visite soit conditionn\u00e9e par les navettes de ferries et par un nombre de v\u00e9hicules limit\u00e9 fait que\u00a0 l\u2019invasion massive de l\u2019\u00eele de Groix ne soit pas encore pour demain, m\u00eame si sa population, proche de 2000 habitants, se gonfle, en p\u00e9riode estivale de quelques 15 000 visiteurs suppl\u00e9mentaires. L\u2019important trafic des cargos, la pr\u00e9sence de l\u2019Arsenal militaire et les chantiers navals de Lorient ne laisse heureusement g\u00e8re de place pour la construction d\u2019un pont comme \u00e0 Ol\u00e9ron ou Noirmoutier. Une grande partie des insulaires occasionnels de Groix ne lui consacrent qu\u2019une journ\u00e9e de visite des bars et des restaurants ou pour le pique-nique dominical sur les plages proches du port.<br \/>\nMais Groix est surtout le paradis des cyclistes pour le grand bonheur de deux loueurs. Groix fait aussi preuve d\u2019humour en rempla\u00e7ant le traditionnel coq du clocher de l\u2019\u00e9glise par un thon, symbole de l\u2019\u00e9poque o\u00f9 l\u2019\u00eele \u00e9tait le premier centre breton des thoniers \u00e0 voile. Aujourd\u2019hui, la p\u00eache s\u2019est beaucoup r\u00e9duite depuis Port Tudy, Port M\u00e9lite ou Port Lay, d\u2019o\u00f9 quelques derniers irr\u00e9ductibles p\u00eacheurs professionnels partent le long des c\u00f4tes \u00e0 bord de petits chalutiers. Les autres, des \u00aboccasionnels\u00bb, pratiquent toujours la p\u00eache au filet et ram\u00e8nent parfois \u00e0 la famille enchant\u00e9e des soles, des lieux, des maquereaux ou des araign\u00e9es de mer.<br \/>\nGroix pourrait \u00eatre une \u00eele gentillette, se pr\u00eatant comme mod\u00e8le aux aquarellistes (ce qui est d\u2019ailleurs le cas) et dont on aurait fait rapidement le tour, mais une visite de son \u00e9comus\u00e9e en apprend bien davantage. Elle donne une image de l\u2019\u00eele cent fois h\u00e9ro\u00efque pour son r\u00e9put\u00e9 centrede sauvetage en mer gr\u00e2ce \u00e0 ses marins d\u00e9vou\u00e9s de p\u00e8re en fils. Tout cela enrichit un patrimoine de r\u00e9cits et de l\u00e9gendes, volontiers \u00e9voqu\u00e9s par quelques \u00eeliens, pour autant que vous ayez la d\u00e9licatesse de rester discret et respectueux et que les conteurs arrivent \u00e0 surmonter leur timidit\u00e9.<br \/>\n<a href=\"https:\/\/i0.wp.com\/www.jepars.ch\/magazine\/wp-content\/uploads\/2017\/04\/Groix181_8103.jpg\"><img loading=\"lazy\" class=\"alignleft wp-image-14532\" src=\"https:\/\/i0.wp.com\/www.jepars.ch\/magazine\/wp-content\/uploads\/2017\/04\/Groix181_8103.jpg?resize=210%2C140\" alt=\"Cote escarpe de l'ile de Groix\" width=\"210\" height=\"140\" data-recalc-dims=\"1\" \/><\/a>Quoi d\u2019autre? L\u2019aventure est au rendez-vous le long des chemins de terre, de la lande \u00e0 ras des falaises battues par les flots o\u00f9 festoient des hordes de lapins, des petites plages au fond de criques, refuges favoris des croisi\u00e9ristes \u00e0 la voile, ou enfin sur la plagedes Grands Sables, la seule plage convexe d\u2019Europe. Ce sont surtout les amateurs de g\u00e9ologie qui seront combl\u00e9s. Ils y d\u00e9couvriront de splendides sp\u00e9cimens de glaucophanes, des grenats et du schiste vert retrouv\u00e9s \u00e7a et l\u00e0 dans les pierres des maisons, des fontaines, des lavoirs et des\u00a0 chapelles. Les amateurs d\u2019ornithologie trouveront leur bonheur dans les falaises abruptes, habit\u00e9es par des nich\u00e9es de go\u00e9lands argent\u00e9s, marins ou brun, de p\u00e9trels, de fulmars bor\u00e9als ou de cormorans hupp\u00e9s. Enfin viendront les amateurs de m\u00e9galithes qui d\u00e9couvriront aux crois\u00e9es des chemins six dolmens et deux menhirs. Mais il n\u2019est pas n\u00e9cessairement besoin d\u2019\u00eatre un sp\u00e9cialiste pour appr\u00e9cier ce microcosme o\u00f9, hors saison, les petites habitudes, les amiti\u00e9s et les inimiti\u00e9s reprennent le dessus comme dans toutes les petites communes de Bretagne et d\u2019ailleurs. <a href=\"https:\/\/i0.wp.com\/www.jepars.ch\/magazine\/wp-content\/uploads\/2017\/04\/Groix101_0119.jpg\"><img loading=\"lazy\" class=\"alignright wp-image-14531\" src=\"https:\/\/i0.wp.com\/www.jepars.ch\/magazine\/wp-content\/uploads\/2017\/04\/Groix101_0119.jpg?resize=210%2C140\" alt=\"Une mouette attrape un morceau de poisson au vol\" width=\"210\" height=\"140\" data-recalc-dims=\"1\" \/><\/a>C\u2019est l\u00e0 o\u00f9 les \u00ab\u00eeliens\u00bb (tout le monde ne peut pas se targuer d\u2019en \u00eatre) se retrouvent dans la petite halle du march\u00e9 \u00e0 vendre leurs poissons, leurs l\u00e9gumes, leur fromage de ch\u00e8vre ou leurs aquarelles, puis se retrouvent le soir au bar du Triskell \u00e0 danser l\u2019andro les soirs de f\u00eate. Mais s\u2019il est un endroit o\u00f9 \u00eeliens et touristes oublient leurs diff\u00e9rents devant un flot de bi\u00e8re, de chouchen ou de cidre, c\u2019est au pub du jovial et provocateur \u00abTi Beudeff\u00bb, dont la renomm\u00e9e a franchi les fronti\u00e8res.<\/p>\n<p><strong>Texte Jean-Jacques G\u00e9rard<\/strong><br \/>\n<strong>Photos G\u00e9rard Blanc<\/strong><\/p>\n<h3><strong>Informations pratiques<\/strong><\/h3>\n<h5><strong>Vol<\/strong><\/h5>\n<p>Sans escale Gen\u00e8ve-Nantes avec easyJet, Gen\u00e8ve-Brest avec Etihad-Regional<\/p>\n<h5><strong>Renseignements<\/strong><\/h5>\n<p>Office du tourisme de Malestroit, +332 97 75 14 57; Office tu tourisme de l\u2019\u00eele de Groix, +33 2 97 86 53 08.<\/p>\n<h5><strong>L\u2019\u00e9comus\u00e9e de Groix<\/strong><\/h5>\n<p>+33 2 97 86 84 60.<\/p>\n<h5><strong>Acc\u00e8s \u00e0 Groix<\/strong><\/h5>\n<p>L\u2019Ile est accessible au d\u00e9part de Lorient gr\u00e2ce \u00e0 une navette de la Soci\u00e9t\u00e9 Morbihannaise de Navigation. Attention, s\u2019y prendre toujours assez t\u00f4t pour passer un v\u00e9hicule (+33 2 97 35 02 00).<\/p>\n<h5><strong>Logements<\/strong><\/h5>\n<p>S\u2019il est des petites cit\u00e9s de caract\u00e8re, il est aussi des \u00abchambres d\u2019h\u00f4te de caract\u00e8re\u00bb, une formule riche en qualit\u00e9, en prix, en charme et en contacts. Il s\u2019agit de chambres amoureusement meubl\u00e9es et d\u00e9cor\u00e9es dans des maisons bretonnes authentiques, le plus souvent en pleine campagne avec en prime des petits d\u00e9jeuners copieux. Un coup de coeur: Proche de Malestroit, chez Mme Courtecuisse \u00e0 Saint-Congard (+3 2 97 43 50 91).<\/p>\n<\/div>\n<\/div>\n<\/div>\n<\/div>\n","protected":false},"excerpt":{"rendered":"<p>JE PARS \u00c0 LA D\u00c9COUVERTE Morbihan, \u00cele de Groix : des tr\u00e9sors en Bretagne 21 avril 2017 | Auteur Je pars&#8230; Nombreux sont celles ou ceux qui se contentent de quelques clich\u00e9s, comme le Mont Saint-Michel et sa voisine Saint-Malo, &hellip; <a href=\"http:\/\/www.presstourism.ch\/?page_id=3781\">Continuer la lecture <span class=\"meta-nav\">&rarr;<\/span><\/a><\/p>\n","protected":false},"author":1,"featured_media":0,"parent":3785,"menu_order":0,"comment_status":"closed","ping_status":"closed","template":"","meta":{"ngg_post_thumbnail":0,"spay_email":""},"jetpack_sharing_enabled":true,"jetpack_shortlink":"https:\/\/wp.me\/P468TV-YZ","_links":{"self":[{"href":"http:\/\/www.presstourism.ch\/index.php?rest_route=\/wp\/v2\/pages\/3781"}],"collection":[{"href":"http:\/\/www.presstourism.ch\/index.php?rest_route=\/wp\/v2\/pages"}],"about":[{"href":"http:\/\/www.presstourism.ch\/index.php?rest_route=\/wp\/v2\/types\/page"}],"author":[{"embeddable":true,"href":"http:\/\/www.presstourism.ch\/index.php?rest_route=\/wp\/v2\/users\/1"}],"replies":[{"embeddable":true,"href":"http:\/\/www.presstourism.ch\/index.php?rest_route=%2Fwp%2Fv2%2Fcomments&post=3781"}],"version-history":[{"count":2,"href":"http:\/\/www.presstourism.ch\/index.php?rest_route=\/wp\/v2\/pages\/3781\/revisions"}],"predecessor-version":[{"id":3784,"href":"http:\/\/www.presstourism.ch\/index.php?rest_route=\/wp\/v2\/pages\/3781\/revisions\/3784"}],"up":[{"embeddable":true,"href":"http:\/\/www.presstourism.ch\/index.php?rest_route=\/wp\/v2\/pages\/3785"}],"wp:attachment":[{"href":"http:\/\/www.presstourism.ch\/index.php?rest_route=%2Fwp%2Fv2%2Fmedia&parent=3781"}],"curies":[{"name":"wp","href":"https:\/\/api.w.org\/{rel}","templated":true}]}}