{"id":3774,"date":"2017-04-30T05:29:54","date_gmt":"2017-04-30T04:29:54","guid":{"rendered":"http:\/\/www.presstourism.ch\/WP_ALEX\/?page_id=3774"},"modified":"2017-04-30T05:35:24","modified_gmt":"2017-04-30T04:35:24","slug":"croisiere-sur-le-yangzi-explorer","status":"publish","type":"page","link":"http:\/\/www.presstourism.ch\/?page_id=3774","title":{"rendered":"Croisi\u00e8re sur le Yangzi Explorer"},"content":{"rendered":"<h2 class=\"art-postheader\"><a href=\"https:\/\/i1.wp.com\/www.presstourism.ch\/WP_ALEX\/wp-content\/uploads\/2017\/04\/YangziVueAvion-455x303.jpg\"><img loading=\"lazy\" class=\"size-full wp-image-3778 aligncenter\" src=\"https:\/\/i1.wp.com\/www.presstourism.ch\/WP_ALEX\/wp-content\/uploads\/2017\/04\/YangziVueAvion-455x303.jpg?resize=455%2C303\" alt=\"YangziVueAvion-455x303\" width=\"455\" height=\"303\" srcset=\"https:\/\/i2.wp.com\/www.presstourism.ch\/wp-content\/uploads\/2017\/04\/YangziVueAvion-455x303.jpg?resize=455%2C303 455w, https:\/\/i2.wp.com\/www.presstourism.ch\/wp-content\/uploads\/2017\/04\/YangziVueAvion-455x303.jpg?resize=300%2C200 300w\" sizes=\"(max-width: 455px) 100vw, 455px\" data-recalc-dims=\"1\" \/><\/a><\/h2>\n<div class=\"art-postcontent\">\n<p>Sans avoir pour autant visit\u00e9 les autres navires qui \u00e9voluent dans la vall\u00e9e des Trois Gorges du Yangts\u00e9 entre Yichang et Chongqing, j\u2019ai pu appr\u00e9cier imm\u00e9diatement le niveau de qualit\u00e9 offert par le Yangzi Explorer.\u00a0 La premi\u00e8re chose qui saute aux yeux est, comparativement \u00e0 d\u2019autres bateaux de croisi\u00e8re fluviale que j\u2019ai pu exp\u00e9rimenter,la taille des cabines dont la cat\u00e9gorie la plus standard offre une surface de 31m2\u00a0 avec balcon. <a href=\"https:\/\/i2.wp.com\/www.jepars.ch\/magazine\/wp-content\/uploads\/2017\/04\/P1210157.jpg\"><img loading=\"lazy\" class=\"alignleft wp-image-14552\" src=\"https:\/\/i2.wp.com\/www.jepars.ch\/magazine\/wp-content\/uploads\/2017\/04\/P1210157.jpg?resize=210%2C140\" alt=\"Cabine de bateau\" width=\"210\" height=\"140\" data-recalc-dims=\"1\" \/><\/a>Si la chose est courante dans un navire de croisi\u00e8re en mer, l\u2019utilisation d\u2019un ascenseur fut, pour moi, une agr\u00e9able surprise pour se d\u00e9placer d\u2019un pont \u00e0 l\u2019autre. Tr\u00e8s appr\u00e9ciable fut aussi la qualit\u00e9 de la nourriture \u00e0 bord avec un abondant buffet des petits d\u00e9jeuners et un service \u00e0 table compos\u00e9 de deux entr\u00e9es et de deux plats occidentaux au choix, ainsi que d\u2019un choix de menus chinois. La cuisine raffin\u00e9e pourrait \u00eatre assimil\u00e9e, parfois, \u00e0 celle d\u2019un restaurant de haute gastronomie. On peut aussi y ajouter un service discret, preste et aimable du personnel du restaurant apprenant rapidement les go\u00fbts en vins et autres boissons des convives et anticipant leurs d\u00e9sirs en disposant les bouteilles avant l\u2019arriv\u00e9e du client. Appr\u00e9ciable aussi de pouvoir commander \u00e0 midi son repas du soir et de s\u2019asseoir en voyant l\u2019entr\u00e9e d\u00e9j\u00e0 servie \u00e0 votre place.<\/p>\n<p><a href=\"https:\/\/i2.wp.com\/www.jepars.ch\/magazine\/wp-content\/uploads\/2017\/04\/110.jpg\"><img loading=\"lazy\" class=\"wp-image-14550 size-medium aligncenter\" src=\"https:\/\/i2.wp.com\/www.jepars.ch\/magazine\/wp-content\/uploads\/2017\/04\/110-455x303.jpg?resize=455%2C303\" alt=\"Au bord du Yangzi \" width=\"455\" height=\"303\" data-recalc-dims=\"1\" \/><\/a>J\u2019ai bien aim\u00e9 le petit salon-bar du pont sup\u00e9rieur\u00a0 permettant\u00a0 de\u00a0 d\u00e9guster\u00a0 des\u00a0 boissons et sandwiches gratuits en self-service. Les explications en bon anglais de l\u2019animateur de bord pour donner, sur le pont sup\u00e9rieur, un bref historique, g\u00e9ographique ainsi que g\u00e9ologique de la r\u00e9gion travers\u00e9e, furent tr\u00e8s pris\u00e9es. Tr\u00e8s int\u00e9ressants aussi furent les d\u00e9monstrations et les cours de m\u00e9decine chinoise de la part du m\u00e9decin de bord.<\/p>\n<p>Rien \u00e0 dire de n\u00e9gatif \u00e0 propos des excursions qui \u00e9taient bien guid\u00e9es, bien document\u00e9es et comment\u00e9es en bon anglais. Dommage que certaines d\u2019entre elles soient soumises \u00e0 un quota de participants.<\/p>\n<p>Autre avantage appr\u00e9ciable: le service gratuit de lessive et repassage le jour de l\u2019arriv\u00e9e \u00e0 bord.<\/p>\n<p>Une autre chose qui pourrait \u00eatre am\u00e9lior\u00e9e: la connaissance de l\u2019anglais de la part du personnel de la r\u00e9ception.<\/p>\n<p>Texte <strong>Erika Bodmer<\/strong><br \/>\nPhotos <strong>Sanctuary Retreats (1 et 2) <\/strong>et<strong> G\u00e9rard Blanc (3)<br \/>\n<\/strong><\/p>\n<h3>Informations pratiques<\/h3>\n<p><strong>Y aller<\/strong><\/p>\n<p>Gen\u00e8ve-Beijing-Wuhan \/\/Chongqing-Beijing-Gen\u00e8ve avec Air China<\/p>\n<p><strong>Renseignements<\/strong><\/p>\n<p>Ad Gentes \u00e0 Gen\u00e8ve : + 41 22 344 57 80<\/p>\n<hr \/>\n<p class=\"art-postheader\">21 avril 2017 | Auteur <a title=\"Articles par Je pars...\" href=\"http:\/\/www.jepars.ch\/magazine\/?author=3\" rel=\"author\">Je pars&#8230;<\/a><\/p>\n<\/div>\n","protected":false},"excerpt":{"rendered":"<p>Sans avoir pour autant visit\u00e9 les autres navires qui \u00e9voluent dans la vall\u00e9e des Trois Gorges du Yangts\u00e9 entre Yichang et Chongqing, j\u2019ai pu appr\u00e9cier imm\u00e9diatement le niveau de qualit\u00e9 offert par le Yangzi Explorer.\u00a0 La premi\u00e8re chose qui saute &hellip; <a href=\"http:\/\/www.presstourism.ch\/?page_id=3774\">Continuer la lecture <span class=\"meta-nav\">&rarr;<\/span><\/a><\/p>\n","protected":false},"author":1,"featured_media":0,"parent":203,"menu_order":0,"comment_status":"closed","ping_status":"closed","template":"","meta":{"ngg_post_thumbnail":0,"spay_email":""},"jetpack_sharing_enabled":true,"jetpack_shortlink":"https:\/\/wp.me\/P468TV-YS","_links":{"self":[{"href":"http:\/\/www.presstourism.ch\/index.php?rest_route=\/wp\/v2\/pages\/3774"}],"collection":[{"href":"http:\/\/www.presstourism.ch\/index.php?rest_route=\/wp\/v2\/pages"}],"about":[{"href":"http:\/\/www.presstourism.ch\/index.php?rest_route=\/wp\/v2\/types\/page"}],"author":[{"embeddable":true,"href":"http:\/\/www.presstourism.ch\/index.php?rest_route=\/wp\/v2\/users\/1"}],"replies":[{"embeddable":true,"href":"http:\/\/www.presstourism.ch\/index.php?rest_route=%2Fwp%2Fv2%2Fcomments&post=3774"}],"version-history":[{"count":3,"href":"http:\/\/www.presstourism.ch\/index.php?rest_route=\/wp\/v2\/pages\/3774\/revisions"}],"predecessor-version":[{"id":3780,"href":"http:\/\/www.presstourism.ch\/index.php?rest_route=\/wp\/v2\/pages\/3774\/revisions\/3780"}],"up":[{"embeddable":true,"href":"http:\/\/www.presstourism.ch\/index.php?rest_route=\/wp\/v2\/pages\/203"}],"wp:attachment":[{"href":"http:\/\/www.presstourism.ch\/index.php?rest_route=%2Fwp%2Fv2%2Fmedia&parent=3774"}],"curies":[{"name":"wp","href":"https:\/\/api.w.org\/{rel}","templated":true}]}}