{"id":353,"date":"2013-11-16T16:14:16","date_gmt":"2013-11-16T15:14:16","guid":{"rendered":"http:\/\/www.presstourism.ch\/WP_ALEX\/?page_id=353"},"modified":"2016-03-03T17:06:23","modified_gmt":"2016-03-03T16:06:23","slug":"turquie","status":"publish","type":"page","link":"http:\/\/www.presstourism.ch\/?page_id=353","title":{"rendered":"Turquie"},"content":{"rendered":"<p>&nbsp;<\/p>\n<p><a href=\"http:\/\/www.asset-presse.ch\/attachments\/File\/krierfCappadoce.pdf\"> <img class=\"aligncenter\" style=\"display: block;\" title=\"Plan Turquie : cliquez sur la carte Turquie pour l'agrandir\" src=\"https:\/\/i0.wp.com\/www.routard.com\/images_contenu\/partir\/destination\/turquie\/carte\/turquie.gif?w=584\" alt=\"Plan Turquie : cliquez sur la carte Turquie pour l'agrandir\" border=\"0\" data-recalc-dims=\"1\" \/><\/a><\/p>\n<p><strong><a href=\"http:\/\/www.presstourism.ch\/WP_ALEX\/wp-content\/uploads\/2013\/11\/Anatolie-Sud-Mermoud.pdf\">Sud de l&rsquo;Anatolie: mosa\u00efque d&rsquo;int\u00e9r\u00eats<\/a><\/strong><\/p>\n<p><a href=\"https:\/\/i2.wp.com\/www.presstourism.ch\/WP_ALEX\/wp-content\/uploads\/2013\/11\/4.-Anatolie_R_0230.jpg\"><img loading=\"lazy\" class=\"size-medium wp-image-1863 aligncenter\" src=\"https:\/\/i2.wp.com\/www.presstourism.ch\/WP_ALEX\/wp-content\/uploads\/2013\/11\/4.-Anatolie_R_0230-300x199.jpg?resize=300%2C199\" alt=\"4. Anatolie_R_0230\" width=\"300\" height=\"199\" srcset=\"https:\/\/i1.wp.com\/www.presstourism.ch\/wp-content\/uploads\/2013\/11\/4.-Anatolie_R_0230.jpg?resize=300%2C199 300w, https:\/\/i1.wp.com\/www.presstourism.ch\/wp-content\/uploads\/2013\/11\/4.-Anatolie_R_0230.jpg?resize=1024%2C680 1024w, https:\/\/i1.wp.com\/www.presstourism.ch\/wp-content\/uploads\/2013\/11\/4.-Anatolie_R_0230.jpg?resize=600%2C399 600w, https:\/\/i1.wp.com\/www.presstourism.ch\/wp-content\/uploads\/2013\/11\/4.-Anatolie_R_0230.jpg?w=1200 1200w\" sizes=\"(max-width: 300px) 100vw, 300px\" data-recalc-dims=\"1\" \/><\/a>Sonya Mermoud<\/p>\n<p>De superbes mosa\u00efques\u00a0romaines sauv\u00e9es in\u00a0extremis des eaux d\u2019un\u00a0barrage, d\u2019\u00e9tranges\u00a0sculptures hittites\u00a0plant\u00e9es en pleine nature, des\u00a0mosqu\u00e9es et \u00e9glises charg\u00e9es d\u2019histoire, de po\u00e9tiques paysages:\u00a0hors des circuits touristiques,\u00a0les villes et environs d\u2019Antakya,\u00a0Ganziatep et Sanliurfa, au sud de la\u00a0Turquie, gagnent \u00e0 \u00eatre connus.<\/p>\n<hr \/>\n<p><strong><a href=\"http:\/\/www.presstourism.ch\/WP_ALEX\/wp-content\/uploads\/2013\/11\/Balikesir-Mermoud.pdf\">Balikesir, des rivages bleut\u00e9s aux oliveraies argent\u00e9es\u00a0<\/a><\/strong><\/p>\n<p><a href=\"https:\/\/i2.wp.com\/www.presstourism.ch\/WP_ALEX\/wp-content\/uploads\/2013\/11\/Balikesir_R_1275.jpg\"><img loading=\"lazy\" class=\"size-medium wp-image-1862 aligncenter\" src=\"https:\/\/i2.wp.com\/www.presstourism.ch\/WP_ALEX\/wp-content\/uploads\/2013\/11\/Balikesir_R_1275-300x200.jpg?resize=300%2C200\" alt=\"\" width=\"300\" height=\"200\" srcset=\"https:\/\/i2.wp.com\/www.presstourism.ch\/wp-content\/uploads\/2013\/11\/Balikesir_R_1275.jpg?resize=300%2C200 300w, https:\/\/i2.wp.com\/www.presstourism.ch\/wp-content\/uploads\/2013\/11\/Balikesir_R_1275.jpg?resize=1024%2C682 1024w, https:\/\/i2.wp.com\/www.presstourism.ch\/wp-content\/uploads\/2013\/11\/Balikesir_R_1275.jpg?resize=600%2C400 600w, https:\/\/i2.wp.com\/www.presstourism.ch\/wp-content\/uploads\/2013\/11\/Balikesir_R_1275.jpg?w=1200 1200w\" sizes=\"(max-width: 300px) 100vw, 300px\" data-recalc-dims=\"1\" \/><\/a>Sonya Mermoud \/ Thierry Porchet<\/p>\n<p>Sertie notamment entre la mer Eg\u00e9e et la mer de Marmara, la\u00a0province turque de Balikesir offre, outre des plaisirs baln\u00e9aires,\u00a0diff\u00e9rentes possibilit\u00e9s d\u2019excursions. Entre la visite de petits\u00a0villages typiques et villes portuaires, la d\u00e9couverte de sites\u00a0arch\u00e9ologiques et de mus\u00e9es traditionnels, des balades en nature,\u00a0au coeur de pin\u00e8des ou en passant par des cascades&#8230; Quelques atouts d\u2019une\u00a0r\u00e9gion aussi r\u00e9put\u00e9e pour sa go\u00fbteuse cuisine et son huile d\u2019olive.<\/p>\n<hr \/>\n<p>&nbsp;<\/p>\n<p><strong><a href=\"http:\/\/www.presstourism.ch\/WP_ALEX\/wp-content\/uploads\/2013\/11\/Hittites-Mermoud.pdf\">Incursion en terre Hittite<\/a><\/strong><\/p>\n<p><a href=\"https:\/\/i1.wp.com\/www.presstourism.ch\/WP_ALEX\/wp-content\/uploads\/2013\/11\/Sphynx_R_0408.jpg\"><img loading=\"lazy\" class=\"size-medium wp-image-1861 aligncenter\" src=\"https:\/\/i1.wp.com\/www.presstourism.ch\/WP_ALEX\/wp-content\/uploads\/2013\/11\/Sphynx_R_0408-300x200.jpg?resize=300%2C200\" alt=\"Sphynx_R_0408\" width=\"300\" height=\"200\" srcset=\"https:\/\/i1.wp.com\/www.presstourism.ch\/wp-content\/uploads\/2013\/11\/Sphynx_R_0408.jpg?resize=300%2C200 300w, https:\/\/i1.wp.com\/www.presstourism.ch\/wp-content\/uploads\/2013\/11\/Sphynx_R_0408.jpg?resize=1024%2C683 1024w, https:\/\/i1.wp.com\/www.presstourism.ch\/wp-content\/uploads\/2013\/11\/Sphynx_R_0408.jpg?resize=600%2C400 600w, https:\/\/i1.wp.com\/www.presstourism.ch\/wp-content\/uploads\/2013\/11\/Sphynx_R_0408.jpg?w=1200 1200w\" sizes=\"(max-width: 300px) 100vw, 300px\" data-recalc-dims=\"1\" \/><\/a>Par Sonya Mermoud<\/p>\n<p>Hors des sentiers\u00a0battus, la d\u00e9couverte\u00a0de la r\u00e9gion de la mer\u00a0Noire, en Turquie,\u00a0permet aux voyageurs\u00a0de se familiariser avec des aspects\u00a0originaux de la richesse culturelle\u00a0du pays. Dans le voisinage de\u00a0\u00c7orum, \u00e0 200 kilom\u00e8tres au nord-est\u00a0d\u2019Ankara, le visiteur pourra marcher\u00a0dans un haut lieu du royaume hittite.\u00a0Non sans pr\u00e9voir une halte dans\u00a0la capitale qui abrite un mus\u00e9e\u00a0rassemblant nombre de vestiges de\u00a0cette civilisation m\u00e9connue. Alors\u00a0que dans la belle ville d\u2019Amasya,\u00a0\u00e0 une centaine de kilom\u00e8tres de \u00c7orum, maisons ottomanes et\u00a0tombeaux des rois du Pont m\u00e9ritent\u00a0largement le d\u00e9tour.<\/p>\n<hr \/>\n<p>&nbsp;<\/p>\n<p><strong><a title=\"Lien permanent vers Antioche, Gaziantep, Urfa: histoire ancienne \u00e0 l\u2019est de l\u2019Anatolie\" href=\"http:\/\/www.jepars.ch\/magazine\/?p=5779\" rel=\"bookmark\"> Antioche, Gaziantep, Urfa: histoire ancienne \u00e0 l\u2019est de l\u2019Anatolie <\/a><\/strong><\/p>\n<p>G\u00e9rard Blanc<\/p>\n<p>Si le nom Antakya (Antioche) n\u2019est pas totalement nouveau pour qui a lu, m\u00eame superficiellement, la Bible, plus rares sont celles ou ceux qui ont entendu parler de Gaziantep ou de Sanilurfa. Pourtant, on y d\u00e9couvre une foison de r\u00e9f\u00e9rences aux histoires bibliques et antiques, au cours desquelles S\u00e9leucos 1er Nikator, g\u00e9n\u00e9ral d\u2019Alexandre le Grand, fonda la dynastie des S\u00e9leucides.<\/p>\n<p><img loading=\"lazy\" class=\"aligncenter\" title=\"Antioche, Gaziantep, Urfa: histoire ancienne \u00e0 l\u2019est de l\u2019Anatolie\" src=\"https:\/\/i2.wp.com\/www.jepars.ch\/magazine\/wp-content\/uploads\/2011\/11\/IMG_0698-455x303.jpg?resize=455%2C303\" alt=\"\" width=\"455\" height=\"303\" data-recalc-dims=\"1\" \/><\/p>\n<p><strong><a href=\"http:\/\/sb4-1.infomaniak.ch\/sites\/c4\/c493c95f91125629724acfd1fee9774f\/attachments\/File\/AD_Nouveaux_20120806\/PichonMCappadoce.pdf\">\u00a0Cappadoce, terre ou lune (Michel Pichon)<\/a><\/strong><\/p>\n<p><strong><a href=\"http:\/\/sb4-1.infomaniak.ch\/sites\/c4\/c493c95f91125629724acfd1fee9774f\/attachments\/File\/MermoudCappadoceDEF321208P010X0.pdf\">Les f\u00e9es de Cappadoce \/ Sonya Mermoud<\/a><\/strong><\/p>\n<p>&nbsp;<\/p>\n<p>&nbsp;<\/p>\n","protected":false},"excerpt":{"rendered":"<p>&nbsp; Sud de l&rsquo;Anatolie: mosa\u00efque d&rsquo;int\u00e9r\u00eats Sonya Mermoud De superbes mosa\u00efques\u00a0romaines sauv\u00e9es in\u00a0extremis des eaux d\u2019un\u00a0barrage, d\u2019\u00e9tranges\u00a0sculptures hittites\u00a0plant\u00e9es en pleine nature, des\u00a0mosqu\u00e9es et \u00e9glises charg\u00e9es d\u2019histoire, de po\u00e9tiques paysages:\u00a0hors des circuits touristiques,\u00a0les villes et environs d\u2019Antakya,\u00a0Ganziatep et Sanliurfa, au sud &hellip; <a href=\"http:\/\/www.presstourism.ch\/?page_id=353\">Continuer la lecture <span class=\"meta-nav\">&rarr;<\/span><\/a><\/p>\n","protected":false},"author":1,"featured_media":0,"parent":2222,"menu_order":0,"comment_status":"open","ping_status":"open","template":"","meta":{"ngg_post_thumbnail":0,"spay_email":""},"jetpack_sharing_enabled":true,"jetpack_shortlink":"https:\/\/wp.me\/P468TV-5H","_links":{"self":[{"href":"http:\/\/www.presstourism.ch\/index.php?rest_route=\/wp\/v2\/pages\/353"}],"collection":[{"href":"http:\/\/www.presstourism.ch\/index.php?rest_route=\/wp\/v2\/pages"}],"about":[{"href":"http:\/\/www.presstourism.ch\/index.php?rest_route=\/wp\/v2\/types\/page"}],"author":[{"embeddable":true,"href":"http:\/\/www.presstourism.ch\/index.php?rest_route=\/wp\/v2\/users\/1"}],"replies":[{"embeddable":true,"href":"http:\/\/www.presstourism.ch\/index.php?rest_route=%2Fwp%2Fv2%2Fcomments&post=353"}],"version-history":[{"count":5,"href":"http:\/\/www.presstourism.ch\/index.php?rest_route=\/wp\/v2\/pages\/353\/revisions"}],"predecessor-version":[{"id":1864,"href":"http:\/\/www.presstourism.ch\/index.php?rest_route=\/wp\/v2\/pages\/353\/revisions\/1864"}],"up":[{"embeddable":true,"href":"http:\/\/www.presstourism.ch\/index.php?rest_route=\/wp\/v2\/pages\/2222"}],"wp:attachment":[{"href":"http:\/\/www.presstourism.ch\/index.php?rest_route=%2Fwp%2Fv2%2Fmedia&parent=353"}],"curies":[{"name":"wp","href":"https:\/\/api.w.org\/{rel}","templated":true}]}}