{"id":3475,"date":"2017-01-30T19:46:18","date_gmt":"2017-01-30T18:46:18","guid":{"rendered":"http:\/\/www.presstourism.ch\/WP_ALEX\/?page_id=3475"},"modified":"2017-01-30T19:48:10","modified_gmt":"2017-01-30T18:48:10","slug":"beaute-dachiltibuie","status":"publish","type":"page","link":"http:\/\/www.presstourism.ch\/?page_id=3475","title":{"rendered":"Beaut\u00e9 d\u2019Achiltibuie"},"content":{"rendered":"<p><a href=\"https:\/\/i2.wp.com\/www.presstourism.ch\/WP_ALEX\/wp-content\/uploads\/2017\/01\/Vue-de-puis-le-village-de-Achiltibuie-3.jpg\"><img loading=\"lazy\" class=\"alignnone size-large wp-image-3480\" src=\"https:\/\/i1.wp.com\/www.presstourism.ch\/WP_ALEX\/wp-content\/uploads\/2017\/01\/Vue-de-puis-le-village-de-Achiltibuie-3-1024x678.jpg?resize=584%2C387\" alt=\"Vue de puis le village de Achiltibuie 3\" width=\"584\" height=\"387\" srcset=\"https:\/\/i0.wp.com\/www.presstourism.ch\/wp-content\/uploads\/2017\/01\/Vue-de-puis-le-village-de-Achiltibuie-3.jpg?resize=1024%2C678 1024w, https:\/\/i0.wp.com\/www.presstourism.ch\/wp-content\/uploads\/2017\/01\/Vue-de-puis-le-village-de-Achiltibuie-3.jpg?resize=300%2C199 300w, https:\/\/i0.wp.com\/www.presstourism.ch\/wp-content\/uploads\/2017\/01\/Vue-de-puis-le-village-de-Achiltibuie-3.jpg?resize=768%2C509 768w, https:\/\/i0.wp.com\/www.presstourism.ch\/wp-content\/uploads\/2017\/01\/Vue-de-puis-le-village-de-Achiltibuie-3.jpg?resize=600%2C398 600w, https:\/\/i0.wp.com\/www.presstourism.ch\/wp-content\/uploads\/2017\/01\/Vue-de-puis-le-village-de-Achiltibuie-3.jpg?w=1200 1200w\" sizes=\"(max-width: 584px) 100vw, 584px\" data-recalc-dims=\"1\" \/><\/a>Si vous avez envie de terres sauvages, c\u2019est en Ecosse, ce vieux pays, que vous trouverez votre bonheur. Un pays o\u00f9, si vous fermez les yeux, il vous sera permis d\u2019\u00e9couter le silence. Un pays o\u00f9, si vous regardez le paysage, il vous sera facile d\u2019imaginer \u00e0 quoi ressemblaient les temps lointains. Un pays que je vous propose\u00a0 de d\u00e9couvrir \u00e0 travers quelques images prises dans la r\u00e9gion d&rsquo;Ullapool et, plus pr\u00e9cis\u00e9ment, dans le village d\u2019Achiltibuie, hameau d\u2019une trentaine d\u2019\u00e2mes perdu dans l\u2019immensit\u00e9 sauvage du nord de l\u2019Ecosse.<\/p>\n<p><a href=\"https:\/\/i2.wp.com\/www.presstourism.ch\/WP_ALEX\/wp-content\/uploads\/2017\/01\/maison-de-vacance-Achiltibuie.jpg\"><img loading=\"lazy\" class=\"alignnone size-large wp-image-3479\" src=\"https:\/\/i1.wp.com\/www.presstourism.ch\/WP_ALEX\/wp-content\/uploads\/2017\/01\/maison-de-vacance-Achiltibuie-1024x684.jpg?resize=584%2C391\" alt=\"maison de vacance Achiltibuie\" width=\"584\" height=\"391\" srcset=\"https:\/\/i1.wp.com\/www.presstourism.ch\/wp-content\/uploads\/2017\/01\/maison-de-vacance-Achiltibuie.jpg?resize=1024%2C684 1024w, https:\/\/i1.wp.com\/www.presstourism.ch\/wp-content\/uploads\/2017\/01\/maison-de-vacance-Achiltibuie.jpg?resize=300%2C200 300w, https:\/\/i1.wp.com\/www.presstourism.ch\/wp-content\/uploads\/2017\/01\/maison-de-vacance-Achiltibuie.jpg?resize=768%2C513 768w, https:\/\/i1.wp.com\/www.presstourism.ch\/wp-content\/uploads\/2017\/01\/maison-de-vacance-Achiltibuie.jpg?resize=600%2C401 600w, https:\/\/i1.wp.com\/www.presstourism.ch\/wp-content\/uploads\/2017\/01\/maison-de-vacance-Achiltibuie.jpg?w=1200 1200w\" sizes=\"(max-width: 584px) 100vw, 584px\" data-recalc-dims=\"1\" \/><\/a><\/p>\n<p>Photos: Thierry Porchet<\/p>\n<p><a href=\"https:\/\/i2.wp.com\/www.presstourism.ch\/WP_ALEX\/wp-content\/uploads\/2017\/01\/r\u00e9gion-de-Achiltibuie.jpg\"><img loading=\"lazy\" class=\"alignnone wp-image-3476 size-large\" src=\"https:\/\/i0.wp.com\/www.presstourism.ch\/WP_ALEX\/wp-content\/uploads\/2017\/01\/r\u00e9gion-de-Achiltibuie-1024x617.jpg?resize=584%2C352\" alt=\"r\u00e9gion de Achiltibuie\" width=\"584\" height=\"352\" srcset=\"https:\/\/i1.wp.com\/www.presstourism.ch\/wp-content\/uploads\/2017\/01\/r\u00e9gion-de-Achiltibuie.jpg?resize=1024%2C617 1024w, https:\/\/i1.wp.com\/www.presstourism.ch\/wp-content\/uploads\/2017\/01\/r\u00e9gion-de-Achiltibuie.jpg?resize=300%2C181 300w, https:\/\/i1.wp.com\/www.presstourism.ch\/wp-content\/uploads\/2017\/01\/r\u00e9gion-de-Achiltibuie.jpg?resize=768%2C463 768w, https:\/\/i1.wp.com\/www.presstourism.ch\/wp-content\/uploads\/2017\/01\/r\u00e9gion-de-Achiltibuie.jpg?resize=600%2C362 600w, https:\/\/i1.wp.com\/www.presstourism.ch\/wp-content\/uploads\/2017\/01\/r\u00e9gion-de-Achiltibuie.jpg?w=1200 1200w\" sizes=\"(max-width: 584px) 100vw, 584px\" data-recalc-dims=\"1\" \/><\/a><\/p>\n<p><a href=\"https:\/\/i2.wp.com\/www.presstourism.ch\/WP_ALEX\/wp-content\/uploads\/2017\/01\/Vue-de-puis-le-village-de-Achiltibuie-3.jpg\"><img loading=\"lazy\" class=\"alignnone size-large wp-image-3480\" src=\"https:\/\/i1.wp.com\/www.presstourism.ch\/WP_ALEX\/wp-content\/uploads\/2017\/01\/Vue-de-puis-le-village-de-Achiltibuie-3-1024x678.jpg?resize=584%2C387\" alt=\"Vue de puis le village de Achiltibuie 3\" width=\"584\" height=\"387\" srcset=\"https:\/\/i0.wp.com\/www.presstourism.ch\/wp-content\/uploads\/2017\/01\/Vue-de-puis-le-village-de-Achiltibuie-3.jpg?resize=1024%2C678 1024w, https:\/\/i0.wp.com\/www.presstourism.ch\/wp-content\/uploads\/2017\/01\/Vue-de-puis-le-village-de-Achiltibuie-3.jpg?resize=300%2C199 300w, https:\/\/i0.wp.com\/www.presstourism.ch\/wp-content\/uploads\/2017\/01\/Vue-de-puis-le-village-de-Achiltibuie-3.jpg?resize=768%2C509 768w, https:\/\/i0.wp.com\/www.presstourism.ch\/wp-content\/uploads\/2017\/01\/Vue-de-puis-le-village-de-Achiltibuie-3.jpg?resize=600%2C398 600w, https:\/\/i0.wp.com\/www.presstourism.ch\/wp-content\/uploads\/2017\/01\/Vue-de-puis-le-village-de-Achiltibuie-3.jpg?w=1200 1200w\" sizes=\"(max-width: 584px) 100vw, 584px\" data-recalc-dims=\"1\" \/><\/a><\/p>\n<p><a href=\"https:\/\/i1.wp.com\/www.presstourism.ch\/WP_ALEX\/wp-content\/uploads\/2017\/01\/maison-de-vacances-de-Achiltibuie.jpg\"><img loading=\"lazy\" class=\"alignnone size-large wp-image-3477\" src=\"https:\/\/i1.wp.com\/www.presstourism.ch\/WP_ALEX\/wp-content\/uploads\/2017\/01\/maison-de-vacances-de-Achiltibuie-1024x684.jpg?resize=584%2C391\" alt=\"maison de vacances de Achiltibuie\" width=\"584\" height=\"391\" srcset=\"https:\/\/i2.wp.com\/www.presstourism.ch\/wp-content\/uploads\/2017\/01\/maison-de-vacances-de-Achiltibuie.jpg?resize=1024%2C684 1024w, https:\/\/i2.wp.com\/www.presstourism.ch\/wp-content\/uploads\/2017\/01\/maison-de-vacances-de-Achiltibuie.jpg?resize=300%2C200 300w, https:\/\/i2.wp.com\/www.presstourism.ch\/wp-content\/uploads\/2017\/01\/maison-de-vacances-de-Achiltibuie.jpg?resize=768%2C513 768w, https:\/\/i2.wp.com\/www.presstourism.ch\/wp-content\/uploads\/2017\/01\/maison-de-vacances-de-Achiltibuie.jpg?resize=600%2C401 600w, https:\/\/i2.wp.com\/www.presstourism.ch\/wp-content\/uploads\/2017\/01\/maison-de-vacances-de-Achiltibuie.jpg?w=1200 1200w\" sizes=\"(max-width: 584px) 100vw, 584px\" data-recalc-dims=\"1\" \/><\/a><\/p>\n<p><a href=\"https:\/\/i2.wp.com\/www.presstourism.ch\/WP_ALEX\/wp-content\/uploads\/2017\/01\/r\u00e9gion-de-Achiltibuie-2.jpg\"><img loading=\"lazy\" class=\"alignnone size-large wp-image-3481\" src=\"https:\/\/i0.wp.com\/www.presstourism.ch\/WP_ALEX\/wp-content\/uploads\/2017\/01\/r\u00e9gion-de-Achiltibuie-2-1024x684.jpg?resize=584%2C391\" alt=\"r\u00e9gion de Achiltibuie 2\" width=\"584\" height=\"391\" srcset=\"https:\/\/i1.wp.com\/www.presstourism.ch\/wp-content\/uploads\/2017\/01\/r\u00e9gion-de-Achiltibuie-2.jpg?resize=1024%2C684 1024w, https:\/\/i1.wp.com\/www.presstourism.ch\/wp-content\/uploads\/2017\/01\/r\u00e9gion-de-Achiltibuie-2.jpg?resize=300%2C200 300w, https:\/\/i1.wp.com\/www.presstourism.ch\/wp-content\/uploads\/2017\/01\/r\u00e9gion-de-Achiltibuie-2.jpg?resize=768%2C513 768w, https:\/\/i1.wp.com\/www.presstourism.ch\/wp-content\/uploads\/2017\/01\/r\u00e9gion-de-Achiltibuie-2.jpg?resize=600%2C401 600w, https:\/\/i1.wp.com\/www.presstourism.ch\/wp-content\/uploads\/2017\/01\/r\u00e9gion-de-Achiltibuie-2.jpg?w=1200 1200w\" sizes=\"(max-width: 584px) 100vw, 584px\" data-recalc-dims=\"1\" \/><\/a><\/p>\n<p><a href=\"https:\/\/i1.wp.com\/www.presstourism.ch\/WP_ALEX\/wp-content\/uploads\/2017\/01\/r\u00e9gion-de-Achiltibuie-3.jpg\"><img loading=\"lazy\" class=\"alignnone size-large wp-image-3478\" src=\"https:\/\/i0.wp.com\/www.presstourism.ch\/WP_ALEX\/wp-content\/uploads\/2017\/01\/r\u00e9gion-de-Achiltibuie-3-1024x611.jpg?resize=584%2C349\" alt=\"r\u00e9gion de Achiltibuie 3\" width=\"584\" height=\"349\" srcset=\"https:\/\/i0.wp.com\/www.presstourism.ch\/wp-content\/uploads\/2017\/01\/r\u00e9gion-de-Achiltibuie-3.jpg?resize=1024%2C611 1024w, https:\/\/i0.wp.com\/www.presstourism.ch\/wp-content\/uploads\/2017\/01\/r\u00e9gion-de-Achiltibuie-3.jpg?resize=300%2C179 300w, https:\/\/i0.wp.com\/www.presstourism.ch\/wp-content\/uploads\/2017\/01\/r\u00e9gion-de-Achiltibuie-3.jpg?resize=768%2C458 768w, https:\/\/i0.wp.com\/www.presstourism.ch\/wp-content\/uploads\/2017\/01\/r\u00e9gion-de-Achiltibuie-3.jpg?resize=600%2C358 600w, https:\/\/i0.wp.com\/www.presstourism.ch\/wp-content\/uploads\/2017\/01\/r\u00e9gion-de-Achiltibuie-3.jpg?w=1200 1200w\" sizes=\"(max-width: 584px) 100vw, 584px\" data-recalc-dims=\"1\" \/><\/a><\/p>\n<p><a href=\"https:\/\/i1.wp.com\/www.presstourism.ch\/WP_ALEX\/wp-content\/uploads\/2017\/01\/Vue-de-puis-le-village-de-Achiltibuie-2.jpg\"><img loading=\"lazy\" class=\"alignnone size-large wp-image-3482\" src=\"https:\/\/i1.wp.com\/www.presstourism.ch\/WP_ALEX\/wp-content\/uploads\/2017\/01\/Vue-de-puis-le-village-de-Achiltibuie-2-1024x684.jpg?resize=584%2C391\" alt=\"Vue de puis le village de Achiltibuie 2\" width=\"584\" height=\"391\" srcset=\"https:\/\/i1.wp.com\/www.presstourism.ch\/wp-content\/uploads\/2017\/01\/Vue-de-puis-le-village-de-Achiltibuie-2.jpg?resize=1024%2C684 1024w, https:\/\/i1.wp.com\/www.presstourism.ch\/wp-content\/uploads\/2017\/01\/Vue-de-puis-le-village-de-Achiltibuie-2.jpg?resize=300%2C200 300w, https:\/\/i1.wp.com\/www.presstourism.ch\/wp-content\/uploads\/2017\/01\/Vue-de-puis-le-village-de-Achiltibuie-2.jpg?resize=768%2C513 768w, https:\/\/i1.wp.com\/www.presstourism.ch\/wp-content\/uploads\/2017\/01\/Vue-de-puis-le-village-de-Achiltibuie-2.jpg?resize=600%2C401 600w, https:\/\/i1.wp.com\/www.presstourism.ch\/wp-content\/uploads\/2017\/01\/Vue-de-puis-le-village-de-Achiltibuie-2.jpg?w=1200 1200w\" sizes=\"(max-width: 584px) 100vw, 584px\" data-recalc-dims=\"1\" \/><\/a><\/p>\n<p><a href=\"https:\/\/i2.wp.com\/www.presstourism.ch\/WP_ALEX\/wp-content\/uploads\/2017\/01\/plage-Achnahaird-dans-la-r\u00e9gion-Achiltibuie.jpg\"><img loading=\"lazy\" class=\"alignnone size-large wp-image-3483\" src=\"https:\/\/i1.wp.com\/www.presstourism.ch\/WP_ALEX\/wp-content\/uploads\/2017\/01\/plage-Achnahaird-dans-la-r\u00e9gion-Achiltibuie-1024x684.jpg?resize=584%2C391\" alt=\"plage Achnahaird dans la r\u00e9gion Achiltibuie\" width=\"584\" height=\"391\" srcset=\"https:\/\/i0.wp.com\/www.presstourism.ch\/wp-content\/uploads\/2017\/01\/plage-Achnahaird-dans-la-r\u00e9gion-Achiltibuie.jpg?resize=1024%2C684 1024w, https:\/\/i0.wp.com\/www.presstourism.ch\/wp-content\/uploads\/2017\/01\/plage-Achnahaird-dans-la-r\u00e9gion-Achiltibuie.jpg?resize=300%2C200 300w, https:\/\/i0.wp.com\/www.presstourism.ch\/wp-content\/uploads\/2017\/01\/plage-Achnahaird-dans-la-r\u00e9gion-Achiltibuie.jpg?resize=768%2C513 768w, https:\/\/i0.wp.com\/www.presstourism.ch\/wp-content\/uploads\/2017\/01\/plage-Achnahaird-dans-la-r\u00e9gion-Achiltibuie.jpg?resize=600%2C401 600w, https:\/\/i0.wp.com\/www.presstourism.ch\/wp-content\/uploads\/2017\/01\/plage-Achnahaird-dans-la-r\u00e9gion-Achiltibuie.jpg?w=1200 1200w\" sizes=\"(max-width: 584px) 100vw, 584px\" data-recalc-dims=\"1\" \/><\/a><\/p>\n<p><a href=\"https:\/\/i2.wp.com\/www.presstourism.ch\/WP_ALEX\/wp-content\/uploads\/2017\/01\/le-ch\u00e2teau-dArdvreck-dans-la-r\u00e9gion-de-Ullapool-loch-Assynt-.jpg\"><img loading=\"lazy\" class=\"alignnone size-large wp-image-3484\" src=\"https:\/\/i0.wp.com\/www.presstourism.ch\/WP_ALEX\/wp-content\/uploads\/2017\/01\/le-ch\u00e2teau-dArdvreck-dans-la-r\u00e9gion-de-Ullapool-loch-Assynt--1024x468.jpg?resize=584%2C267\" alt=\"le ch\u00e2teau d'Ardvreck dans la r\u00e9gion de Ullapool ( loch Assynt )\" width=\"584\" height=\"267\" srcset=\"https:\/\/i0.wp.com\/www.presstourism.ch\/wp-content\/uploads\/2017\/01\/le-ch\u00e2teau-dArdvreck-dans-la-r\u00e9gion-de-Ullapool-loch-Assynt-.jpg?resize=1024%2C468 1024w, https:\/\/i0.wp.com\/www.presstourism.ch\/wp-content\/uploads\/2017\/01\/le-ch\u00e2teau-dArdvreck-dans-la-r\u00e9gion-de-Ullapool-loch-Assynt-.jpg?resize=300%2C137 300w, https:\/\/i0.wp.com\/www.presstourism.ch\/wp-content\/uploads\/2017\/01\/le-ch\u00e2teau-dArdvreck-dans-la-r\u00e9gion-de-Ullapool-loch-Assynt-.jpg?resize=768%2C351 768w, https:\/\/i0.wp.com\/www.presstourism.ch\/wp-content\/uploads\/2017\/01\/le-ch\u00e2teau-dArdvreck-dans-la-r\u00e9gion-de-Ullapool-loch-Assynt-.jpg?resize=600%2C274 600w, https:\/\/i0.wp.com\/www.presstourism.ch\/wp-content\/uploads\/2017\/01\/le-ch\u00e2teau-dArdvreck-dans-la-r\u00e9gion-de-Ullapool-loch-Assynt-.jpg?w=1200 1200w\" sizes=\"(max-width: 584px) 100vw, 584px\" data-recalc-dims=\"1\" \/><\/a><\/p>\n","protected":false},"excerpt":{"rendered":"<p>Si vous avez envie de terres sauvages, c\u2019est en Ecosse, ce vieux pays, que vous trouverez votre bonheur. Un pays o\u00f9, si vous fermez les yeux, il vous sera permis d\u2019\u00e9couter le silence. Un pays o\u00f9, si vous regardez le &hellip; <a href=\"http:\/\/www.presstourism.ch\/?page_id=3475\">Continuer la lecture <span class=\"meta-nav\">&rarr;<\/span><\/a><\/p>\n","protected":false},"author":1,"featured_media":0,"parent":434,"menu_order":0,"comment_status":"closed","ping_status":"closed","template":"","meta":{"ngg_post_thumbnail":0,"spay_email":""},"jetpack_sharing_enabled":true,"jetpack_shortlink":"https:\/\/wp.me\/P468TV-U3","_links":{"self":[{"href":"http:\/\/www.presstourism.ch\/index.php?rest_route=\/wp\/v2\/pages\/3475"}],"collection":[{"href":"http:\/\/www.presstourism.ch\/index.php?rest_route=\/wp\/v2\/pages"}],"about":[{"href":"http:\/\/www.presstourism.ch\/index.php?rest_route=\/wp\/v2\/types\/page"}],"author":[{"embeddable":true,"href":"http:\/\/www.presstourism.ch\/index.php?rest_route=\/wp\/v2\/users\/1"}],"replies":[{"embeddable":true,"href":"http:\/\/www.presstourism.ch\/index.php?rest_route=%2Fwp%2Fv2%2Fcomments&post=3475"}],"version-history":[{"count":3,"href":"http:\/\/www.presstourism.ch\/index.php?rest_route=\/wp\/v2\/pages\/3475\/revisions"}],"predecessor-version":[{"id":3487,"href":"http:\/\/www.presstourism.ch\/index.php?rest_route=\/wp\/v2\/pages\/3475\/revisions\/3487"}],"up":[{"embeddable":true,"href":"http:\/\/www.presstourism.ch\/index.php?rest_route=\/wp\/v2\/pages\/434"}],"wp:attachment":[{"href":"http:\/\/www.presstourism.ch\/index.php?rest_route=%2Fwp%2Fv2%2Fmedia&parent=3475"}],"curies":[{"name":"wp","href":"https:\/\/api.w.org\/{rel}","templated":true}]}}