{"id":3423,"date":"2016-12-13T19:59:08","date_gmt":"2016-12-13T18:59:08","guid":{"rendered":"http:\/\/www.presstourism.ch\/WP_ALEX\/?page_id=3423"},"modified":"2016-12-13T19:59:08","modified_gmt":"2016-12-13T18:59:08","slug":"attachante-georgie","status":"publish","type":"page","link":"http:\/\/www.presstourism.ch\/?page_id=3423","title":{"rendered":"Attachante G\u00e9orgie"},"content":{"rendered":"<div id=\"attachment_3424\" style=\"width: 650px\" class=\"wp-caption aligncenter\"><a href=\"https:\/\/i2.wp.com\/www.presstourism.ch\/WP_ALEX\/wp-content\/uploads\/2016\/12\/1-GEORGIE-T-R0167.jpg\"><img aria-describedby=\"caption-attachment-3424\" loading=\"lazy\" class=\"wp-image-3424 size-large\" src=\"https:\/\/i2.wp.com\/www.presstourism.ch\/WP_ALEX\/wp-content\/uploads\/2016\/12\/1-GEORGIE-T-R0167-1024x680.jpg?resize=584%2C388\" alt=\"1 GEORGIE-T-R0167\" width=\"584\" height=\"388\" srcset=\"https:\/\/i2.wp.com\/www.presstourism.ch\/wp-content\/uploads\/2016\/12\/1-GEORGIE-T-R0167.jpg?resize=1024%2C680 1024w, https:\/\/i2.wp.com\/www.presstourism.ch\/wp-content\/uploads\/2016\/12\/1-GEORGIE-T-R0167.jpg?resize=300%2C199 300w, https:\/\/i2.wp.com\/www.presstourism.ch\/wp-content\/uploads\/2016\/12\/1-GEORGIE-T-R0167.jpg?resize=768%2C510 768w, https:\/\/i2.wp.com\/www.presstourism.ch\/wp-content\/uploads\/2016\/12\/1-GEORGIE-T-R0167.jpg?resize=600%2C399 600w, https:\/\/i2.wp.com\/www.presstourism.ch\/wp-content\/uploads\/2016\/12\/1-GEORGIE-T-R0167.jpg?w=1200 1200w\" sizes=\"(max-width: 584px) 100vw, 584px\" data-recalc-dims=\"1\" \/><\/a><p id=\"caption-attachment-3424\" class=\"wp-caption-text\">Prose architecturale&#8230; Vieille ville de Tbilissi.<\/p><\/div>\n<p>De Tbilissi \u00e0 Kouta\u00efssi, en s\u2019aventurant sur les chemins de traverse, la G\u00e9orgie rec\u00e8le nombre de tr\u00e9sors. Entre ses anciens monast\u00e8res, ch\u00e2teaux forts et habitations troglodytes, au c\u0153ur de paysages de caract\u00e8re dessin\u00e9s par la majestueuse cha\u00eene caucasienne, ce petit pays de moins de 4 millions d\u2019habitants, aux influences occidentales et orientales, invite \u00e0 la d\u00e9couverte. Version ville ou campagne, balade sous le charme d\u2019une terre authentique et m\u00e9connue.<\/p>\n<div id=\"attachment_3425\" style=\"width: 650px\" class=\"wp-caption aligncenter\"><a href=\"https:\/\/i2.wp.com\/www.presstourism.ch\/WP_ALEX\/wp-content\/uploads\/2016\/12\/2-GEORGIE-T-R0199.jpg\"><img aria-describedby=\"caption-attachment-3425\" loading=\"lazy\" class=\"wp-image-3425 size-large\" src=\"https:\/\/i0.wp.com\/www.presstourism.ch\/WP_ALEX\/wp-content\/uploads\/2016\/12\/2-GEORGIE-T-R0199-1024x680.jpg?resize=584%2C388\" alt=\"2 GEORGIE-T-R0199\" width=\"584\" height=\"388\" srcset=\"https:\/\/i0.wp.com\/www.presstourism.ch\/wp-content\/uploads\/2016\/12\/2-GEORGIE-T-R0199.jpg?resize=1024%2C680 1024w, https:\/\/i0.wp.com\/www.presstourism.ch\/wp-content\/uploads\/2016\/12\/2-GEORGIE-T-R0199.jpg?resize=300%2C199 300w, https:\/\/i0.wp.com\/www.presstourism.ch\/wp-content\/uploads\/2016\/12\/2-GEORGIE-T-R0199.jpg?resize=768%2C510 768w, https:\/\/i0.wp.com\/www.presstourism.ch\/wp-content\/uploads\/2016\/12\/2-GEORGIE-T-R0199.jpg?resize=600%2C399 600w, https:\/\/i0.wp.com\/www.presstourism.ch\/wp-content\/uploads\/2016\/12\/2-GEORGIE-T-R0199.jpg?w=1200 1200w\" sizes=\"(max-width: 584px) 100vw, 584px\" data-recalc-dims=\"1\" \/><\/a><p id=\"caption-attachment-3425\" class=\"wp-caption-text\">Au gr\u00e9 de la balade.<\/p><\/div>\n<p><strong>\u00a0<\/strong>Tbilissi. Une ville au nom aussi impronon\u00e7able qu\u2019intrigant. La capitale d\u2019un pays m\u00e9connu, flirtant, \u00e0 l\u2019ouest, avec la mer Noire, commer\u00e7ant, au sud avec ses meilleurs voisins, la Turquie, l\u2019Arm\u00e9nie et l\u2019Azerba\u00efdjan, entretenant au nord, avec la F\u00e9d\u00e9ration de Russie, des relations empruntes de d\u00e9fiance. H\u00e9ritage d\u2019un pass\u00e9 communiste diff\u00e9remment appr\u00e9ci\u00e9 \u2013 la G\u00e9orgie, patrie de Staline, est sortie du giron de l\u2019ex-Union sovi\u00e9tique en 1991 \u2013 et de deux \u00e9pines dans le flanc de cet Etat d\u00e9savou\u00e9 par l\u2019Abkhazie et l\u2019Oss\u00e9tie du Sud. Des r\u00e9publiques s\u00e9paratistes autonomes au statut controvers\u00e9, soutenues par Moscou et th\u00e9\u00e2tre de conflits arm\u00e9s, qui g\u00e9n\u00e9r\u00e8rent le d\u00e9placement de centaines de milliers de personnes&#8230; Mais revenons au pays de la Toison d\u2019or et \u00e0 Tbilissi qui signifie, en g\u00e9orgien, \u00abchaud\u00bb. Cette appellation aurait \u00e9t\u00e9 donn\u00e9e en 452 par le roi Vakhtang Gorgassali. La l\u00e9gende raconte que ce dernier chassait le faisan avec son faucon lorsqu\u2019il aurait retrouv\u00e9 sa proie&#8230; cuite, tomb\u00e9e sous ses fl\u00e8ches dans une source d\u2019eau chaude. Fascin\u00e9, le monarque aurait alors d\u00e9cid\u00e9 de construire une ville \u00e0 cet endroit. Quoi qu\u2019il en soit, la capitale reste associ\u00e9e \u00e0 ses bains thermaux \u00e9rig\u00e9s au 18<sup>e<\/sup> si\u00e8cle \u00e0 Abanatoubani, l\u2019ancien quartier musulman. Sous ses bulbes orientaux, leur eau sulfureuse attire toujours habitants et visiteurs dont jadis deux Alexandre c\u00e9l\u00e8bres, Dumas et Pouchkine.<\/p>\n<p><strong>Prose architecturale<\/strong><\/p>\n<p>Diversion po\u00e9tique aussi en s\u2019aventurant dans la vieille ville, au pied de la forteresse Narikala, le regard happ\u00e9 par une joyeuse prose architecturale quand bien m\u00eame le temps en a esquint\u00e9 quelques strophes. Fl\u00e2nerie au milieu de jolies maisons de pierre et de bois aux balcons dentel\u00e9s, souvent flanqu\u00e9es d\u2019escaliers ext\u00e9rieurs de fer aux mont\u00e9es alambiqu\u00e9es, de cours barr\u00e9es de lessives color\u00e9es s\u00e9chant au vent. A la d\u00e9couverte de ruelles pleines de cachet, balis\u00e9es d\u2019anciennes \u00e9glises, dont celle \u00e9mouvante d\u2019Antchiskhati \u2013 la plus vieille de la cit\u00e9 datant du 6<sup>e<\/sup> si\u00e8cle \u2013, de synagogues ou encore d\u2019une mosqu\u00e9e que se partagent chiites et sunnites! Une pluralit\u00e9 religieuse et culturelle aux racines profondes&#8230; \u00abAu 11<sup>e<\/sup> si\u00e8cle, le roi David IV annon\u00e7a que tous les \u00e9trangers \u00e9taient bienvenus sur cette terre, chaque famille devant toutefois mettre un de ses membres \u00e0 disposition de l\u2019arm\u00e9e&#8230; La tradition d\u2019hospitalit\u00e9 a perdur\u00e9. Le pays accueille des Juifs, des Arm\u00e9niens, des Grecs, des Allemands, des Russes, des Kurdes&#8230;\u00bb affirme Anna Uturgauri, guide. Un des symboles de Tbilissi illustre cet esprit: la statue Kartlis Deda (m\u00e8re de la G\u00e9orgie). Haute de 58 m\u00e8tres, cette g\u00e9ante en aluminium, \u00e9rig\u00e9e en 1958, domine la ville de sa colline h\u00e9riss\u00e9e des vestiges des fortifications. Elle tient dans une de ses mains une coupe de vin, en signe d\u2019hospitalit\u00e9, et dans l\u2019autre une \u00e9p\u00e9e&#8230; pour qui viendrait en ennemi et alors que la cit\u00e9 fut envahie par les Perses, les Arabes ou encore les Turcs et souvent d\u00e9truite. Un monument plus embl\u00e9matique que beau qui offre une vue panoramique sur la capitale et des b\u00e2timents audacieux. A l\u2019image du magnifique pont pi\u00e9ton de la Paix (2010) enjambant le fleuve Koura. \u00abVague\u00bb lumineuse d\u2019acier et de verre, reliant \u00e9l\u00e9gamment le vieux Tbilissi \u00e0 la ville moderne.<\/p>\n<p><strong>Ferveur rassembleuse<\/strong><\/p>\n<p>Impossible d\u2019\u00e9voquer la capitale sans encore mentionner ses rues marchandes, dont ses \u00abChamps-Elys\u00e9es, incarn\u00e9s par l\u2019avenue Roustav\u00e9li du nom du po\u00e8te du 13<sup>e<\/sup>, son op\u00e9ra de style mauresque, son t\u00e9l\u00e9ph\u00e9rique&#8230; mais aussi la grisaille d\u2019anciennes barres d\u2019immeubles sovi\u00e9tiques piqu\u00e9s d\u2019antennes paraboliques. Impossible de faire l\u2019impasse sur sa cath\u00e9drale de la Sainte-Trinit\u00e9, fr\u00f4lant le ciel du haut de ses 92 m\u00e8tres et son campanile voisin, comme dans la plupart des \u00e9glises g\u00e9orgiennes. Flambant neuf, ce monument en dit long sur le poids de l\u2019Eglise orthodoxe dans la soci\u00e9t\u00e9 g\u00e9orgienne \u2013 l\u2019une des premi\u00e8res \u00e0 s\u2019\u00eatre convertie au christianisme au 4<sup>e<\/sup> si\u00e8cle propag\u00e9 par sainte Nino. Une ferveur qui, apr\u00e8s le divorce avec l\u2019ex-URSS, et alors que le pays, confront\u00e9 \u00e0 une br\u00e8ve et violente guerre civile affrontait une grave crise \u00e9conomique, s\u2019est encore raffermie. \u00abAu lendemain de l\u2019ind\u00e9pendance et du chaos politique qui a suivi, la religion a jou\u00e9 un r\u00f4le rassembleur, figurant parmi les symboles de la renaissance de la G\u00e9orgie\u00bb, explique Anna Uturgauri. Et de pr\u00e9ciser qu\u2019\u00e0 cette \u00e9poque, quelque 1,5 million de personnes \u2013 essentiellement des hommes \u2013 ont \u00e9migr\u00e9. D\u00e9parts non sans incidence sur la d\u00e9mographie&#8230; \u00abPour encourager les naissances, le patriarche tr\u00e8s respect\u00e9 Ilia II a alors promis qu\u2019il baptiserait personnellement tous les troisi\u00e8mes n\u00e9s dans les familles. Des milliers d\u2019enfants depuis ont vu le jour.\u00bb<\/p>\n<p>Outre l\u2019int\u00e9r\u00eat que pr\u00e9sente la capitale, d\u2019autres villes m\u00e9ritent le d\u00e9tour \u00e0 l\u2019image de la dynamique Kouta\u00efssi, seconde cit\u00e9 du pays, ou de l\u2019historique Gori, o\u00f9 naquit Staline. Un mus\u00e9e datant de 1957 r\u00e9unit nombre de cadeaux offerts au dictateur et retrace en photos son parcours, sans \u00e9voquer sa responsabilit\u00e9 dans l\u2019assassinat et la d\u00e9portation de millions de personnes. Et alors que des d\u00e9bats se tiennent pour savoir si le lieu doit \u00eatre maintenu en l\u2019\u00e9tat ou transform\u00e9 en espace critique. La r\u00e9alit\u00e9 sera toutefois abord\u00e9e sans fard par le guide pr\u00e9sentant aussi, \u00e0 c\u00f4t\u00e9 de l\u2019\u00e9difice, la maison natale du petit p\u00e8re des peuples, et son wagon de train blind\u00e9&#8230; autrefois propri\u00e9t\u00e9 du tsar.<\/p>\n<p><strong>Des tr\u00e9sors en cascade<\/strong><\/p>\n<div id=\"attachment_3426\" style=\"width: 650px\" class=\"wp-caption aligncenter\"><a href=\"https:\/\/i0.wp.com\/www.presstourism.ch\/WP_ALEX\/wp-content\/uploads\/2016\/12\/3-GEORGIE-T-R0481.jpg\"><img aria-describedby=\"caption-attachment-3426\" loading=\"lazy\" class=\"wp-image-3426 size-large\" src=\"https:\/\/i0.wp.com\/www.presstourism.ch\/WP_ALEX\/wp-content\/uploads\/2016\/12\/3-GEORGIE-T-R0481-1024x680.jpg?resize=584%2C388\" alt=\"3 GEORGIE-T-R0481\" width=\"584\" height=\"388\" srcset=\"https:\/\/i1.wp.com\/www.presstourism.ch\/wp-content\/uploads\/2016\/12\/3-GEORGIE-T-R0481.jpg?resize=1024%2C680 1024w, https:\/\/i1.wp.com\/www.presstourism.ch\/wp-content\/uploads\/2016\/12\/3-GEORGIE-T-R0481.jpg?resize=300%2C199 300w, https:\/\/i1.wp.com\/www.presstourism.ch\/wp-content\/uploads\/2016\/12\/3-GEORGIE-T-R0481.jpg?resize=768%2C510 768w, https:\/\/i1.wp.com\/www.presstourism.ch\/wp-content\/uploads\/2016\/12\/3-GEORGIE-T-R0481.jpg?resize=600%2C399 600w, https:\/\/i1.wp.com\/www.presstourism.ch\/wp-content\/uploads\/2016\/12\/3-GEORGIE-T-R0481.jpg?w=1200 1200w\" sizes=\"(max-width: 584px) 100vw, 584px\" data-recalc-dims=\"1\" \/><\/a><p id=\"caption-attachment-3426\" class=\"wp-caption-text\">Le monast\u00e8re m\u00e9di\u00e9val de Gh\u00e9lati, non loin de Kouta\u00efssi, \u00e0 l\u2019ouest du pays. Il a \u00e9t\u00e9 fond\u00e9 en 1106 par le roi David IV qui y est enterr\u00e9 sous le seuil d\u2019une de ses anciennes entr\u00e9es. Le monarque souhaitait ainsi que son nom disparaisse sous les pas des fid\u00e8les, s\u2019estimant un homme comme les autres.<\/p><\/div>\n<p>Attachante et authentique, la G\u00e9orgie s\u00e9duit aussi largement par une nature pr\u00e9serv\u00e9e et par son superbe parc national de Borjomi recelant ours, lynx, cerfs&#8230; Le long des contreforts du Caucase, les paysages se d\u00e9clinent en for\u00eats verdoyantes, canyons spectaculaires, grottes, collines, steppes ou encore vignobles \u2013 le pays compte plus de 500 c\u00e9pages et des crus r\u00e9put\u00e9s. De Tbilissi \u00e0 Kouta\u00efssi, en s\u2019aventurant sur les chemins de traverse, se d\u00e9roulent des chapelets de monast\u00e8res, de ch\u00e2teaux forts juch\u00e9s sur des nids d\u2019aigle, d\u2019extraordinaires sites troglodytes, dont celui, vertigineux, de Vardzia, \u00e0 un jet de pierre de la Turquie. Une place forte \u00e9tablie au 12<sup>e<\/sup> si\u00e8cle du temps de l\u2019illustre reine Tamara, s\u2019\u00e9chelonnant sur 13 \u00e9tages et truff\u00e9e de 600 pi\u00e8ces et galeries creus\u00e9es dans l\u2019impressionnante paroi&#8230; Autant de vestiges d\u2019un pass\u00e9 aux nombreuses strates encore visibles.<\/p>\n<div id=\"attachment_3427\" style=\"width: 650px\" class=\"wp-caption aligncenter\"><a href=\"https:\/\/i0.wp.com\/www.presstourism.ch\/WP_ALEX\/wp-content\/uploads\/2016\/12\/4-GEORGIE-T-R0272.jpg\"><img aria-describedby=\"caption-attachment-3427\" loading=\"lazy\" class=\"wp-image-3427 size-large\" src=\"https:\/\/i0.wp.com\/www.presstourism.ch\/WP_ALEX\/wp-content\/uploads\/2016\/12\/4-GEORGIE-T-R0272-1024x680.jpg?resize=584%2C388\" alt=\"Site troglodyte de Vardzia, \u00e0 un jet de pierre de la fronti\u00e8re turque.\" width=\"584\" height=\"388\" srcset=\"https:\/\/i2.wp.com\/www.presstourism.ch\/wp-content\/uploads\/2016\/12\/4-GEORGIE-T-R0272.jpg?resize=1024%2C680 1024w, https:\/\/i2.wp.com\/www.presstourism.ch\/wp-content\/uploads\/2016\/12\/4-GEORGIE-T-R0272.jpg?resize=300%2C199 300w, https:\/\/i2.wp.com\/www.presstourism.ch\/wp-content\/uploads\/2016\/12\/4-GEORGIE-T-R0272.jpg?resize=768%2C510 768w, https:\/\/i2.wp.com\/www.presstourism.ch\/wp-content\/uploads\/2016\/12\/4-GEORGIE-T-R0272.jpg?resize=600%2C399 600w, https:\/\/i2.wp.com\/www.presstourism.ch\/wp-content\/uploads\/2016\/12\/4-GEORGIE-T-R0272.jpg?w=1200 1200w\" sizes=\"(max-width: 584px) 100vw, 584px\" data-recalc-dims=\"1\" \/><\/a><p id=\"caption-attachment-3427\" class=\"wp-caption-text\">Site troglodyte de Vardzia, \u00e0 un jet de pierre de la fronti\u00e8re turque.<\/p><\/div>\n<p>Le voyage charme \u00e9galement dans une version plus ordinaire, ponctu\u00e9e d\u2019images de troupeaux de moutons et de leurs bergers, de vaches indisciplin\u00e9es d\u00e9ambulant sur les routes, d\u2019inqui\u00e9tants ponts suspendus, de vieilles Lada rafistol\u00e9es \u2013 voiture embl\u00e9matique de l\u2019ex-Union sovi\u00e9tique&#8230; Sans oublier l\u2019attrait de petites localit\u00e9s \u00e0 l\u2019image de la romantique Sighnaghi qui a subi une cure de jouvence et draine dans sa Maison du mariage nombre de couples. Un rien kitch mais propre \u00e0 s\u00e9duire une soci\u00e9t\u00e9 toujours tr\u00e8s attach\u00e9e \u00e0 cette tradition&#8230;<\/p>\n<div id=\"attachment_3428\" style=\"width: 650px\" class=\"wp-caption aligncenter\"><a href=\"https:\/\/i2.wp.com\/www.presstourism.ch\/WP_ALEX\/wp-content\/uploads\/2016\/12\/5-GEORGIE-T-R0305.jpg\"><img aria-describedby=\"caption-attachment-3428\" loading=\"lazy\" class=\"wp-image-3428 size-large\" src=\"https:\/\/i0.wp.com\/www.presstourism.ch\/WP_ALEX\/wp-content\/uploads\/2016\/12\/5-GEORGIE-T-R0305-1024x683.jpg?resize=584%2C390\" alt=\"Un pays viticole. Il compte plus de 500 c\u00e9pages et des crus r\u00e9put\u00e9s.\" width=\"584\" height=\"390\" srcset=\"https:\/\/i2.wp.com\/www.presstourism.ch\/wp-content\/uploads\/2016\/12\/5-GEORGIE-T-R0305.jpg?resize=1024%2C683 1024w, https:\/\/i2.wp.com\/www.presstourism.ch\/wp-content\/uploads\/2016\/12\/5-GEORGIE-T-R0305.jpg?resize=300%2C200 300w, https:\/\/i2.wp.com\/www.presstourism.ch\/wp-content\/uploads\/2016\/12\/5-GEORGIE-T-R0305.jpg?resize=768%2C512 768w, https:\/\/i2.wp.com\/www.presstourism.ch\/wp-content\/uploads\/2016\/12\/5-GEORGIE-T-R0305.jpg?resize=600%2C400 600w, https:\/\/i2.wp.com\/www.presstourism.ch\/wp-content\/uploads\/2016\/12\/5-GEORGIE-T-R0305.jpg?w=1200 1200w\" sizes=\"(max-width: 584px) 100vw, 584px\" data-recalc-dims=\"1\" \/><\/a><p id=\"caption-attachment-3428\" class=\"wp-caption-text\">Un pays viticole. Il compte plus de 500 c\u00e9pages et des crus r\u00e9put\u00e9s.<\/p><\/div>\n<p style=\"text-align: right;\"><strong>Textes et photos Sonya Mermoud<\/strong><\/p>\n<p style=\"text-align: right;\"><a href=\"http:\/\/www.presstourism.ch\/WP_ALEX\/wp-content\/uploads\/2016\/12\/P10-v5.pdf\">Acc\u00e9der \u00e0 l&rsquo;article original<\/a><\/p>\n<div id=\"attachment_3429\" style=\"width: 650px\" class=\"wp-caption aligncenter\"><a href=\"https:\/\/i2.wp.com\/www.presstourism.ch\/WP_ALEX\/wp-content\/uploads\/2016\/12\/6.-GEORGIE-T-R0286.jpg\"><img aria-describedby=\"caption-attachment-3429\" loading=\"lazy\" class=\"wp-image-3429 size-large\" src=\"https:\/\/i2.wp.com\/www.presstourism.ch\/WP_ALEX\/wp-content\/uploads\/2016\/12\/6.-GEORGIE-T-R0286-1024x680.jpg?resize=584%2C388\" alt=\" Le monast\u00e8re d\u2019Alaverdi, dans la r\u00e9gion de Kakh\u00e9tie.\" width=\"584\" height=\"388\" srcset=\"https:\/\/i1.wp.com\/www.presstourism.ch\/wp-content\/uploads\/2016\/12\/6.-GEORGIE-T-R0286.jpg?resize=1024%2C680 1024w, https:\/\/i1.wp.com\/www.presstourism.ch\/wp-content\/uploads\/2016\/12\/6.-GEORGIE-T-R0286.jpg?resize=300%2C199 300w, https:\/\/i1.wp.com\/www.presstourism.ch\/wp-content\/uploads\/2016\/12\/6.-GEORGIE-T-R0286.jpg?resize=768%2C510 768w, https:\/\/i1.wp.com\/www.presstourism.ch\/wp-content\/uploads\/2016\/12\/6.-GEORGIE-T-R0286.jpg?resize=600%2C399 600w, https:\/\/i1.wp.com\/www.presstourism.ch\/wp-content\/uploads\/2016\/12\/6.-GEORGIE-T-R0286.jpg?w=1200 1200w\" sizes=\"(max-width: 584px) 100vw, 584px\" data-recalc-dims=\"1\" \/><\/a><p id=\"caption-attachment-3429\" class=\"wp-caption-text\">Le monast\u00e8re d\u2019Alaverdi, dans la r\u00e9gion de Kakh\u00e9tie.<\/p><\/div>\n<p>Vol quotidien Gen\u00e8ve-Tbilissi ou Kouta\u00efssi avec Ukraine International Airlines via Kiev.<\/p>\n<div id=\"attachment_3430\" style=\"width: 650px\" class=\"wp-caption aligncenter\"><a href=\"https:\/\/i1.wp.com\/www.presstourism.ch\/WP_ALEX\/wp-content\/uploads\/2016\/12\/7-GEORGIE-T-R0642.jpg\"><img aria-describedby=\"caption-attachment-3430\" loading=\"lazy\" class=\"wp-image-3430 size-large\" src=\"https:\/\/i2.wp.com\/www.presstourism.ch\/WP_ALEX\/wp-content\/uploads\/2016\/12\/7-GEORGIE-T-R0642-1024x680.jpg?resize=584%2C388\" alt=\"Au march\u00e9 de Kouta\u00efssi.\" width=\"584\" height=\"388\" srcset=\"https:\/\/i0.wp.com\/www.presstourism.ch\/wp-content\/uploads\/2016\/12\/7-GEORGIE-T-R0642.jpg?resize=1024%2C680 1024w, https:\/\/i0.wp.com\/www.presstourism.ch\/wp-content\/uploads\/2016\/12\/7-GEORGIE-T-R0642.jpg?resize=300%2C199 300w, https:\/\/i0.wp.com\/www.presstourism.ch\/wp-content\/uploads\/2016\/12\/7-GEORGIE-T-R0642.jpg?resize=768%2C510 768w, https:\/\/i0.wp.com\/www.presstourism.ch\/wp-content\/uploads\/2016\/12\/7-GEORGIE-T-R0642.jpg?resize=600%2C399 600w, https:\/\/i0.wp.com\/www.presstourism.ch\/wp-content\/uploads\/2016\/12\/7-GEORGIE-T-R0642.jpg?w=1200 1200w\" sizes=\"(max-width: 584px) 100vw, 584px\" data-recalc-dims=\"1\" \/><\/a><p id=\"caption-attachment-3430\" class=\"wp-caption-text\">Au march\u00e9 de Kouta\u00efssi.<\/p><\/div>\n<p>Informations suppl\u00e9mentaires: <a href=\"http:\/\/www.georgia.travel, www.gnta.ge\">www.georgia.travel, www.gnta.ge<\/a><\/p>\n<p>&nbsp;<\/p>\n<p>&nbsp;<\/p>\n<p>&nbsp;<\/p>\n<p>&nbsp;<\/p>\n<p>&nbsp;<\/p>\n<p>&nbsp;<\/p>\n<p>&nbsp;<\/p>\n<p>&nbsp;<\/p>\n<p>&nbsp;<\/p>\n<p>&nbsp;<\/p>\n<p>&nbsp;<\/p>\n<p>&nbsp;<\/p>\n<p>&nbsp;<\/p>\n<p>&nbsp;<\/p>\n<p>&nbsp;<\/p>\n","protected":false},"excerpt":{"rendered":"<p>De Tbilissi \u00e0 Kouta\u00efssi, en s\u2019aventurant sur les chemins de traverse, la G\u00e9orgie rec\u00e8le nombre de tr\u00e9sors. Entre ses anciens monast\u00e8res, ch\u00e2teaux forts et habitations troglodytes, au c\u0153ur de paysages de caract\u00e8re dessin\u00e9s par la majestueuse cha\u00eene caucasienne, ce petit &hellip; <a href=\"http:\/\/www.presstourism.ch\/?page_id=3423\">Continuer la lecture <span class=\"meta-nav\">&rarr;<\/span><\/a><\/p>\n","protected":false},"author":1,"featured_media":0,"parent":3418,"menu_order":0,"comment_status":"closed","ping_status":"closed","template":"","meta":{"ngg_post_thumbnail":0,"spay_email":""},"jetpack_sharing_enabled":true,"jetpack_shortlink":"https:\/\/wp.me\/P468TV-Td","_links":{"self":[{"href":"http:\/\/www.presstourism.ch\/index.php?rest_route=\/wp\/v2\/pages\/3423"}],"collection":[{"href":"http:\/\/www.presstourism.ch\/index.php?rest_route=\/wp\/v2\/pages"}],"about":[{"href":"http:\/\/www.presstourism.ch\/index.php?rest_route=\/wp\/v2\/types\/page"}],"author":[{"embeddable":true,"href":"http:\/\/www.presstourism.ch\/index.php?rest_route=\/wp\/v2\/users\/1"}],"replies":[{"embeddable":true,"href":"http:\/\/www.presstourism.ch\/index.php?rest_route=%2Fwp%2Fv2%2Fcomments&post=3423"}],"version-history":[{"count":1,"href":"http:\/\/www.presstourism.ch\/index.php?rest_route=\/wp\/v2\/pages\/3423\/revisions"}],"predecessor-version":[{"id":3432,"href":"http:\/\/www.presstourism.ch\/index.php?rest_route=\/wp\/v2\/pages\/3423\/revisions\/3432"}],"up":[{"embeddable":true,"href":"http:\/\/www.presstourism.ch\/index.php?rest_route=\/wp\/v2\/pages\/3418"}],"wp:attachment":[{"href":"http:\/\/www.presstourism.ch\/index.php?rest_route=%2Fwp%2Fv2%2Fmedia&parent=3423"}],"curies":[{"name":"wp","href":"https:\/\/api.w.org\/{rel}","templated":true}]}}