{"id":319,"date":"2013-11-16T13:06:03","date_gmt":"2013-11-16T12:06:03","guid":{"rendered":"http:\/\/www.presstourism.ch\/WP_ALEX\/?page_id=319"},"modified":"2016-03-03T16:43:07","modified_gmt":"2016-03-03T15:43:07","slug":"maurice-ile","status":"publish","type":"page","link":"http:\/\/www.presstourism.ch\/?page_id=319","title":{"rendered":"Maurice (Ile)"},"content":{"rendered":"<p><a> <img class=\"aligncenter\" style=\"display: block;\" title=\"Plan Ile Maurice : cliquez sur la carte Ile Maurice pour l'agrandir\" src=\"https:\/\/i2.wp.com\/www.routard.com\/images_contenu\/partir\/destination\/ile_maurice\/carte\/ilemaurice.gif?w=584\" alt=\"Plan Ile Maurice : cliquez sur la carte Ile Maurice pour l'agrandir\" border=\"0\" data-recalc-dims=\"1\" \/><\/a><\/p>\n<p><strong><a href=\"http:\/\/sb4-1.infomaniak.ch\/sites\/c4\/c493c95f91125629724acfd1fee9774f\/attachments\/File\/BRISSOTEvasion_Maurice_I_Reve_r__alit__.pdf\">L&rsquo;Ile Maurice, entre r\u00eave et r\u00e9alit\u00e9 \/ Nina Brissot<\/a><\/strong><\/p>\n<p><strong><a href=\"http:\/\/sb4-1.infomaniak.ch\/sites\/c4\/c493c95f91125629724acfd1fee9774f\/attachments\/File\/BRISSOTEvasion_Maurice_II_Port_Louis.pdf\">De Port Louis \u00e0 Eureka \/ Nina Brissot<\/a><\/strong><\/p>\n<p>&nbsp;<\/p>\n<p>&nbsp;<\/p>\n<p>&nbsp;<\/p>\n","protected":false},"excerpt":{"rendered":"<p>L&rsquo;Ile Maurice, entre r\u00eave et r\u00e9alit\u00e9 \/ Nina Brissot De Port Louis \u00e0 Eureka \/ Nina Brissot &nbsp; &nbsp; &nbsp;<\/p>\n","protected":false},"author":1,"featured_media":0,"parent":162,"menu_order":0,"comment_status":"open","ping_status":"open","template":"","meta":{"ngg_post_thumbnail":0,"spay_email":""},"jetpack_sharing_enabled":true,"jetpack_shortlink":"https:\/\/wp.me\/P468TV-59","_links":{"self":[{"href":"http:\/\/www.presstourism.ch\/index.php?rest_route=\/wp\/v2\/pages\/319"}],"collection":[{"href":"http:\/\/www.presstourism.ch\/index.php?rest_route=\/wp\/v2\/pages"}],"about":[{"href":"http:\/\/www.presstourism.ch\/index.php?rest_route=\/wp\/v2\/types\/page"}],"author":[{"embeddable":true,"href":"http:\/\/www.presstourism.ch\/index.php?rest_route=\/wp\/v2\/users\/1"}],"replies":[{"embeddable":true,"href":"http:\/\/www.presstourism.ch\/index.php?rest_route=%2Fwp%2Fv2%2Fcomments&post=319"}],"version-history":[{"count":5,"href":"http:\/\/www.presstourism.ch\/index.php?rest_route=\/wp\/v2\/pages\/319\/revisions"}],"predecessor-version":[{"id":2244,"href":"http:\/\/www.presstourism.ch\/index.php?rest_route=\/wp\/v2\/pages\/319\/revisions\/2244"}],"up":[{"embeddable":true,"href":"http:\/\/www.presstourism.ch\/index.php?rest_route=\/wp\/v2\/pages\/162"}],"wp:attachment":[{"href":"http:\/\/www.presstourism.ch\/index.php?rest_route=%2Fwp%2Fv2%2Fmedia&parent=319"}],"curies":[{"name":"wp","href":"https:\/\/api.w.org\/{rel}","templated":true}]}}