{"id":315,"date":"2013-11-16T12:37:36","date_gmt":"2013-11-16T11:37:36","guid":{"rendered":"http:\/\/www.presstourism.ch\/WP_ALEX\/?page_id=315"},"modified":"2016-03-03T16:40:37","modified_gmt":"2016-03-03T15:40:37","slug":"maroc","status":"publish","type":"page","link":"http:\/\/www.presstourism.ch\/?page_id=315","title":{"rendered":"Maroc"},"content":{"rendered":"<p><strong><a title=\"Lien permanent vers Grand Sud marocain, de Marrakech au d\u00e9sert de M\u2019Hamid el Ghizlane\" href=\"http:\/\/www.jepars.ch\/magazine\/?p=896\" rel=\"bookmark\">Grand Sud marocain, de Marrakech au d\u00e9sert de M\u2019Hamid el Ghizlane <\/a><\/strong><\/p>\n<p>Erika Bodmer \/ G\u00e9rard Blanc<\/p>\n<p>Sortie des faubourgs de Marrakech, le 4X4 s\u2019\u00e9lance vers les contreforts du Haut Atlas. D\u00e9j\u00e0, des sommets blancs se d\u00e9tachent d\u2019une cr\u00eate de couleur ocre fonc\u00e9. Trente minutes plus tard, le v\u00e9hicule entame l\u2019escalade des routes en lacets. L\u2019objectif lointain, soit les confins du d\u00e9sert, demeure un r\u00eave latent et obsessionnel.<\/p>\n<p><a href=\"http:\/\/www.jepars.ch\/magazine\/?p=896\"><strong><img loading=\"lazy\" class=\"aligncenter\" title=\"Casbah dans la vall\u00e9e du Dad\u00e8s\" src=\"https:\/\/i0.wp.com\/www.jepars.ch\/magazine\/wp-content\/uploads\/2011\/01\/SudMarocain0058+-455x303.jpg?resize=455%2C303\" alt=\"asbah dans la vall\u00e9e du Dad\u00e8s\" width=\"455\" height=\"303\" data-recalc-dims=\"1\" \/><\/strong><\/a><\/p>\n<p><strong><a href=\"http:\/\/www.youtube.com\/watch?v=lm-vquyXlP0\">La possession des Gnawas (vid\u00e9o)<\/a><\/strong><\/p>\n<p>Alex D\u00e9cotte<\/p>\n<p>Descendants d&rsquo;esclaves razzi\u00e9s en Afrique noire, les Gnawas (ou Gnaouas) forment au Maroc une confr\u00e9rie mystique et partiellement secr\u00e8te. Les ma\u00eetres des Gnaouas se sont fondus dans l&rsquo;environnement musulman comme les hougans du Vaudou se sont dissimul\u00e9s sous les apparences de la religion chr\u00e9tienne. C&rsquo;est au festival d&rsquo;Essaouira, dans l&rsquo;ouest marocain, que les confr\u00e9ries se donnent rendez-vous chaque ann\u00e9e.<\/p>\n<p>&nbsp;<\/p>\n","protected":false},"excerpt":{"rendered":"<p>Grand Sud marocain, de Marrakech au d\u00e9sert de M\u2019Hamid el Ghizlane Erika Bodmer \/ G\u00e9rard Blanc Sortie des faubourgs de Marrakech, le 4X4 s\u2019\u00e9lance vers les contreforts du Haut Atlas. D\u00e9j\u00e0, des sommets blancs se d\u00e9tachent d\u2019une cr\u00eate de couleur &hellip; <a href=\"http:\/\/www.presstourism.ch\/?page_id=315\">Continuer la lecture <span class=\"meta-nav\">&rarr;<\/span><\/a><\/p>\n","protected":false},"author":1,"featured_media":0,"parent":162,"menu_order":0,"comment_status":"open","ping_status":"open","template":"","meta":{"ngg_post_thumbnail":0,"spay_email":""},"jetpack_sharing_enabled":true,"jetpack_shortlink":"https:\/\/wp.me\/P468TV-55","_links":{"self":[{"href":"http:\/\/www.presstourism.ch\/index.php?rest_route=\/wp\/v2\/pages\/315"}],"collection":[{"href":"http:\/\/www.presstourism.ch\/index.php?rest_route=\/wp\/v2\/pages"}],"about":[{"href":"http:\/\/www.presstourism.ch\/index.php?rest_route=\/wp\/v2\/types\/page"}],"author":[{"embeddable":true,"href":"http:\/\/www.presstourism.ch\/index.php?rest_route=\/wp\/v2\/users\/1"}],"replies":[{"embeddable":true,"href":"http:\/\/www.presstourism.ch\/index.php?rest_route=%2Fwp%2Fv2%2Fcomments&post=315"}],"version-history":[{"count":9,"href":"http:\/\/www.presstourism.ch\/index.php?rest_route=\/wp\/v2\/pages\/315\/revisions"}],"predecessor-version":[{"id":1936,"href":"http:\/\/www.presstourism.ch\/index.php?rest_route=\/wp\/v2\/pages\/315\/revisions\/1936"}],"up":[{"embeddable":true,"href":"http:\/\/www.presstourism.ch\/index.php?rest_route=\/wp\/v2\/pages\/162"}],"wp:attachment":[{"href":"http:\/\/www.presstourism.ch\/index.php?rest_route=%2Fwp%2Fv2%2Fmedia&parent=315"}],"curies":[{"name":"wp","href":"https:\/\/api.w.org\/{rel}","templated":true}]}}