{"id":298,"date":"2013-11-16T11:57:22","date_gmt":"2013-11-16T10:57:22","guid":{"rendered":"http:\/\/www.presstourism.ch\/WP_ALEX\/?page_id=298"},"modified":"2013-11-17T01:22:27","modified_gmt":"2013-11-17T00:22:27","slug":"midi-pyrenees","status":"publish","type":"page","link":"http:\/\/www.presstourism.ch\/?page_id=298","title":{"rendered":"Midi-Pyr\u00e9n\u00e9es"},"content":{"rendered":"<p>&nbsp;<\/p>\n<p><a> <img class=\"aligncenter\" style=\"display: block;\" title=\"Plan Midi-Pyr\u00e9n\u00e9es : cliquez sur la carte Midi-Pyr\u00e9n\u00e9es pour l'agrandir\" alt=\"Plan Midi-Pyr\u00e9n\u00e9es : cliquez sur la carte Midi-Pyr\u00e9n\u00e9es pour l'agrandir\" src=\"https:\/\/i0.wp.com\/www.routard.com\/images_contenu\/partir\/destination\/midi_pyrenees\/carte\/midipyr.gif?w=584\" border=\"0\" data-recalc-dims=\"1\" \/><\/a><\/p>\n<p><strong><a title=\"Lien permanent vers Gascogne: Le bonheur est dans le Gers\" href=\"http:\/\/www.jepars.ch\/magazine\/?p=7577\" rel=\"bookmark\"> Gascogne: Le bonheur est dans le Gers <\/a><\/strong><\/p>\n<p>Erika Bodmer \/ G\u00e9rard Blanc<\/p>\n<p>Vous avez peut-\u00eatre vu ce film dans lequel jouent Michel Serrault, Eddy Mitchell et Sabine Az\u00e9ma \u00abLe bonheur est dans le pr\u00e9\u00bb? Il fut tourn\u00e9 en grande partie dans le Gers. D\u2019o\u00f9 l\u2019id\u00e9e qu\u2019on pouvait se faire d\u2019un pays de cocagne. Les Romains le comparaient \u00e0 la Toscane. Suivez-moi donc dans un carnet de route \u00e9vocateur.<\/p>\n<p style=\"text-align: center;\"><a href=\"http:\/\/www.jepars.ch\/magazine\/?p=7577\"><img loading=\"lazy\" alt=\"Statue de D'Artagnan\" src=\"https:\/\/i2.wp.com\/www.jepars.ch\/magazine\/wp-content\/uploads\/2012\/12\/IMG_2315-455x303.jpg?resize=455%2C303\" width=\"455\" height=\"303\" data-recalc-dims=\"1\" \/><\/a><\/p>\n<p style=\"text-align: center;\">\n<p><strong><a title=\"Lien permanent vers Midi-Pyr\u00e9n\u00e9es, le fief des comtes de Toulouse\" href=\"http:\/\/www.jepars.ch\/magazine\/?p=5151\" rel=\"bookmark\">Midi-Pyr\u00e9n\u00e9es, le fief des comtes de Toulouse <\/a><\/strong><\/p>\n<p>Erika Bodmer &amp; G\u00e9rard Blanc<\/p>\n<p>La r\u00e9gion appel\u00e9e Midi-Pyr\u00e9n\u00e9es se pr\u00e9sente sur le mod\u00e8le de son h\u00e9ros Henri IV par sa soif de libert\u00e9 linguistique, religieuse, politique et surtout gastronomique.<strong> <\/strong>La particularit\u00e9 r\u00e9gionale de ce pays s\u2019affiche sans complexe, les meilleurs exemples \u00e9tant le retour en force de la langue occitane affich\u00e9e \u00e0 c\u00f4t\u00e9 du fran\u00e7ais sur les indications des rues ou dans les stations de m\u00e9tro de Toulouse, de m\u00eame que cette omnipr\u00e9sente croix occitane des comtes de Toulouse qui se retrouve sur les b\u00e2timents officiels et sur certains b\u00e2timents agricoles ou industriels.<\/p>\n<p><a href=\"http:\/\/www.jepars.ch\/magazine\/?p=5151\"><img loading=\"lazy\" class=\"aligncenter\" title=\"Ch\u00e2teau Chambert \u00e0 Cahors \" alt=\"Ch\u00e2teau Chambert \u00e0 Cahors\" src=\"https:\/\/i1.wp.com\/www.jepars.ch\/magazine\/wp-content\/uploads\/2011\/08\/cahors1-455x303.jpg?resize=455%2C303\" width=\"455\" height=\"303\" data-recalc-dims=\"1\" \/><\/a><\/p>\n<p><strong><a href=\"http:\/\/sb4-1.infomaniak.ch\/sites\/c4\/c493c95f91125629724acfd1fee9774f\/attachments\/File\/AD_Nouveaux_20120806\/porchett20110727france__v__nement.pdf\">Albi, la vie en bleu<\/a><br \/>\n<\/strong><\/p>\n<p dir=\"ltr\" data-angle=\"0\" data-font-name=\"g_font_8_0\" data-canvas-width=\"360.8255641937256\">Thierry Porchet<\/p>\n<p dir=\"ltr\" data-angle=\"0\" data-font-name=\"g_font_9_0\" data-canvas-width=\"211.85824137496945\">Dans son atelier-boutique, l\u2019Artisan Pastellier, \u00e0 Albi, dans les Midi-Pyr\u00e9n\u00e9es, Catherine Boinnard voit la vie en bleu. Incursion.<\/p>\n<p dir=\"ltr\" data-angle=\"0\" data-font-name=\"g_font_9_0\" data-canvas-width=\"211.85824137496945\"><strong><a href=\"http:\/\/sb4-1.infomaniak.ch\/sites\/c4\/c493c95f91125629724acfd1fee9774f\/attachments\/File\/MartignoliCanal_du_Midi.pdf\">Canal du Midi \/ Marguerite Martinoli<\/a><\/strong><\/p>\n","protected":false},"excerpt":{"rendered":"<p>&nbsp; Gascogne: Le bonheur est dans le Gers Erika Bodmer \/ G\u00e9rard Blanc Vous avez peut-\u00eatre vu ce film dans lequel jouent Michel Serrault, Eddy Mitchell et Sabine Az\u00e9ma \u00abLe bonheur est dans le pr\u00e9\u00bb? Il fut tourn\u00e9 en grande &hellip; <a href=\"http:\/\/www.presstourism.ch\/?page_id=298\">Continuer la lecture <span class=\"meta-nav\">&rarr;<\/span><\/a><\/p>\n","protected":false},"author":1,"featured_media":0,"parent":279,"menu_order":0,"comment_status":"open","ping_status":"open","template":"","meta":{"ngg_post_thumbnail":0,"spay_email":""},"jetpack_sharing_enabled":true,"jetpack_shortlink":"https:\/\/wp.me\/P468TV-4O","_links":{"self":[{"href":"http:\/\/www.presstourism.ch\/index.php?rest_route=\/wp\/v2\/pages\/298"}],"collection":[{"href":"http:\/\/www.presstourism.ch\/index.php?rest_route=\/wp\/v2\/pages"}],"about":[{"href":"http:\/\/www.presstourism.ch\/index.php?rest_route=\/wp\/v2\/types\/page"}],"author":[{"embeddable":true,"href":"http:\/\/www.presstourism.ch\/index.php?rest_route=\/wp\/v2\/users\/1"}],"replies":[{"embeddable":true,"href":"http:\/\/www.presstourism.ch\/index.php?rest_route=%2Fwp%2Fv2%2Fcomments&post=298"}],"version-history":[{"count":5,"href":"http:\/\/www.presstourism.ch\/index.php?rest_route=\/wp\/v2\/pages\/298\/revisions"}],"predecessor-version":[{"id":451,"href":"http:\/\/www.presstourism.ch\/index.php?rest_route=\/wp\/v2\/pages\/298\/revisions\/451"}],"up":[{"embeddable":true,"href":"http:\/\/www.presstourism.ch\/index.php?rest_route=\/wp\/v2\/pages\/279"}],"wp:attachment":[{"href":"http:\/\/www.presstourism.ch\/index.php?rest_route=%2Fwp%2Fv2%2Fmedia&parent=298"}],"curies":[{"name":"wp","href":"https:\/\/api.w.org\/{rel}","templated":true}]}}