{"id":289,"date":"2013-11-16T11:46:31","date_gmt":"2013-11-16T10:46:31","guid":{"rendered":"http:\/\/www.presstourism.ch\/WP_ALEX\/?page_id=289"},"modified":"2016-01-20T17:38:54","modified_gmt":"2016-01-20T16:38:54","slug":"divers","status":"publish","type":"page","link":"http:\/\/www.presstourism.ch\/?page_id=289","title":{"rendered":"Divers"},"content":{"rendered":"<p>&nbsp;<\/p>\n<h1><a title=\"Lien permanent vers Lille capitale culturelle du Nord\" href=\"http:\/\/www.jepars.ch\/magazine\/?p=8492\" rel=\"bookmark\">Lille capitale culturelle du Nord <\/a><\/h1>\n<p>G\u00e9rard Blanc<\/p>\n<p>Flamande, bourguignonne puis espagnole avant de devenir fran\u00e7aise, Lille poss\u00e8de un patrimoine architectural exceptionnel. Elle fut marchande d\u00e8s le Moyen Age, citadelle sous Louis XIV, industrieuse au XIXe et ambitieuse au XXe si\u00e8cle. Elle n\u2019a rien perdu des vestiges de ce pass\u00e9, ce qui ne l\u2019a pas emp\u00each\u00e9 d\u2019\u00e9voluer au cours du temps. Tandis que le quartier d\u2019Euralille est un concentr\u00e9 d\u2019audaces architecturales sign\u00e9es Rem Koolhaas, Jean Nouvel ou Christian de Portzamparc, le secteur de Lille-Sud est devenu \u00abMaisons de Mode\u00bb.<\/p>\n<p><img loading=\"lazy\" class=\"aligncenter\" title=\"Lille, Grand Place\" src=\"https:\/\/i0.wp.com\/www.jepars.ch\/magazine\/wp-content\/uploads\/2013\/02\/MG_4440-455x303.jpg?resize=455%2C303\" alt=\"Lille, Grand Place\" width=\"455\" height=\"303\" data-recalc-dims=\"1\" \/><\/p>\n<p>&nbsp;<\/p>\n<p>&nbsp;<\/p>\n","protected":false},"excerpt":{"rendered":"<p>&nbsp; Lille capitale culturelle du Nord G\u00e9rard Blanc Flamande, bourguignonne puis espagnole avant de devenir fran\u00e7aise, Lille poss\u00e8de un patrimoine architectural exceptionnel. Elle fut marchande d\u00e8s le Moyen Age, citadelle sous Louis XIV, industrieuse au XIXe et ambitieuse au XXe &hellip; <a href=\"http:\/\/www.presstourism.ch\/?page_id=289\">Continuer la lecture <span class=\"meta-nav\">&rarr;<\/span><\/a><\/p>\n","protected":false},"author":1,"featured_media":0,"parent":279,"menu_order":0,"comment_status":"open","ping_status":"open","template":"","meta":{"ngg_post_thumbnail":0,"spay_email":""},"jetpack_sharing_enabled":true,"jetpack_shortlink":"https:\/\/wp.me\/P468TV-4F","_links":{"self":[{"href":"http:\/\/www.presstourism.ch\/index.php?rest_route=\/wp\/v2\/pages\/289"}],"collection":[{"href":"http:\/\/www.presstourism.ch\/index.php?rest_route=\/wp\/v2\/pages"}],"about":[{"href":"http:\/\/www.presstourism.ch\/index.php?rest_route=\/wp\/v2\/types\/page"}],"author":[{"embeddable":true,"href":"http:\/\/www.presstourism.ch\/index.php?rest_route=\/wp\/v2\/users\/1"}],"replies":[{"embeddable":true,"href":"http:\/\/www.presstourism.ch\/index.php?rest_route=%2Fwp%2Fv2%2Fcomments&post=289"}],"version-history":[{"count":9,"href":"http:\/\/www.presstourism.ch\/index.php?rest_route=\/wp\/v2\/pages\/289\/revisions"}],"predecessor-version":[{"id":1917,"href":"http:\/\/www.presstourism.ch\/index.php?rest_route=\/wp\/v2\/pages\/289\/revisions\/1917"}],"up":[{"embeddable":true,"href":"http:\/\/www.presstourism.ch\/index.php?rest_route=\/wp\/v2\/pages\/279"}],"wp:attachment":[{"href":"http:\/\/www.presstourism.ch\/index.php?rest_route=%2Fwp%2Fv2%2Fmedia&parent=289"}],"curies":[{"name":"wp","href":"https:\/\/api.w.org\/{rel}","templated":true}]}}