{"id":2608,"date":"2016-06-28T09:51:10","date_gmt":"2016-06-28T08:51:10","guid":{"rendered":"http:\/\/www.presstourism.ch\/WP_ALEX\/?page_id=2608"},"modified":"2016-06-28T09:51:10","modified_gmt":"2016-06-28T08:51:10","slug":"yverdon-les-bains-curiosites-de-la-cite-thermale","status":"publish","type":"page","link":"http:\/\/www.presstourism.ch\/?page_id=2608","title":{"rendered":"Yverdon-les-Bains, curiosit\u00e9s de la cit\u00e9 thermale"},"content":{"rendered":"<div id=\"attachment_2628\" style=\"width: 650px\" class=\"wp-caption aligncenter\"><a href=\"https:\/\/i1.wp.com\/www.presstourism.ch\/WP_ALEX\/wp-content\/uploads\/2016\/06\/IMG_0521.jpeg\"><img aria-describedby=\"caption-attachment-2628\" loading=\"lazy\" class=\"wp-image-2628 size-large\" src=\"https:\/\/i2.wp.com\/www.presstourism.ch\/WP_ALEX\/wp-content\/uploads\/2016\/06\/IMG_0521-1024x683.jpeg?resize=584%2C390\" alt=\"2) Les anciennes casernes, depuis les berges de la Thi\u00e8le, ont aussi leur histoire.\" width=\"584\" height=\"390\" srcset=\"https:\/\/i2.wp.com\/www.presstourism.ch\/wp-content\/uploads\/2016\/06\/IMG_0521.jpeg?resize=1024%2C683 1024w, https:\/\/i2.wp.com\/www.presstourism.ch\/wp-content\/uploads\/2016\/06\/IMG_0521.jpeg?resize=300%2C200 300w, https:\/\/i2.wp.com\/www.presstourism.ch\/wp-content\/uploads\/2016\/06\/IMG_0521.jpeg?resize=768%2C512 768w, https:\/\/i2.wp.com\/www.presstourism.ch\/wp-content\/uploads\/2016\/06\/IMG_0521.jpeg?resize=600%2C400 600w, https:\/\/i2.wp.com\/www.presstourism.ch\/wp-content\/uploads\/2016\/06\/IMG_0521.jpeg?w=1280 1280w, https:\/\/i2.wp.com\/www.presstourism.ch\/wp-content\/uploads\/2016\/06\/IMG_0521.jpeg?w=1168 1168w\" sizes=\"(max-width: 584px) 100vw, 584px\" data-recalc-dims=\"1\" \/><\/a><p id=\"caption-attachment-2628\" class=\"wp-caption-text\">Les anciennes casernes, depuis les berges de la Thi\u00e8le, ont aussi leur histoire.<\/p><\/div>\n<p><strong>Textes et photos: Roger Juillerat<\/strong><\/p>\n<p>La pluie n&rsquo;a quasiment pas cess\u00e9 de tomber ces derniers temps et elle n&rsquo;\u00e9tait, bien entendu, pas trop propice \u00e0 la randonn\u00e9e. Mais il faudra bien que le soleil signe un jour son v\u00e9ritable retour pour au moins quelques jours. En attendant, j&rsquo;ai eu l&rsquo;occasion de suivre, samedi dernier avec des confr\u00e8res, une visite guid\u00e9e de l&rsquo;Office du tourisme d&rsquo;Yverdon-les-Bains. Presque entre les gouttes&#8230;<\/p>\n<p><a href=\"https:\/\/i0.wp.com\/www.presstourism.ch\/WP_ALEX\/wp-content\/uploads\/2016\/06\/IMG_0506.jpeg\"><img loading=\"lazy\" class=\"aligncenter wp-image-2623 size-large\" src=\"https:\/\/i0.wp.com\/www.presstourism.ch\/WP_ALEX\/wp-content\/uploads\/2016\/06\/IMG_0506-1024x683.jpeg?resize=584%2C390\" alt=\"IMG_0506\" width=\"584\" height=\"390\" srcset=\"https:\/\/i2.wp.com\/www.presstourism.ch\/wp-content\/uploads\/2016\/06\/IMG_0506.jpeg?resize=1024%2C683 1024w, https:\/\/i2.wp.com\/www.presstourism.ch\/wp-content\/uploads\/2016\/06\/IMG_0506.jpeg?resize=300%2C200 300w, https:\/\/i2.wp.com\/www.presstourism.ch\/wp-content\/uploads\/2016\/06\/IMG_0506.jpeg?resize=768%2C512 768w, https:\/\/i2.wp.com\/www.presstourism.ch\/wp-content\/uploads\/2016\/06\/IMG_0506.jpeg?resize=600%2C400 600w, https:\/\/i2.wp.com\/www.presstourism.ch\/wp-content\/uploads\/2016\/06\/IMG_0506.jpeg?w=1281 1281w, https:\/\/i2.wp.com\/www.presstourism.ch\/wp-content\/uploads\/2016\/06\/IMG_0506.jpeg?w=1168 1168w\" sizes=\"(max-width: 584px) 100vw, 584px\" data-recalc-dims=\"1\" \/><\/a>Sous la conduite de Monique Chevalley, les journalistes ont d\u00e9couvert la ville sous un angle in\u00e9dit entre le Th\u00e9\u00e2tre Benno Besson et la rue du Four, suivant un itin\u00e9raire qui passe notamment par la place d&rsquo;Armes et les berges de la Thi\u00e8le, pour se retrouver sous les anciennes casernes. L&rsquo;histoire de ces t\u00e9moins du patrimoine, plus r\u00e9cents que ceux du Centre historique, est int\u00e9ressante parce qu&rsquo;on conna\u00eet moins leur \u00e9volution au cours des ans.<\/p>\n<div id=\"attachment_2633\" style=\"width: 650px\" class=\"wp-caption aligncenter\"><a href=\"https:\/\/i1.wp.com\/www.presstourism.ch\/WP_ALEX\/wp-content\/uploads\/2016\/06\/IMG_0539.jpeg\"><img aria-describedby=\"caption-attachment-2633\" loading=\"lazy\" class=\"wp-image-2633 size-large\" src=\"https:\/\/i1.wp.com\/www.presstourism.ch\/WP_ALEX\/wp-content\/uploads\/2016\/06\/IMG_0539-683x1024.jpeg?resize=584%2C876\" alt=\"Une des beaut\u00e9s insoup\u00e7onn\u00e9es de la rue du Four, cette cour de l'ancienne maison Bourgeois avec ses peintures murales et son escalier-galerie.\" width=\"584\" height=\"876\" srcset=\"https:\/\/i0.wp.com\/www.presstourism.ch\/wp-content\/uploads\/2016\/06\/IMG_0539.jpeg?resize=683%2C1024 683w, https:\/\/i0.wp.com\/www.presstourism.ch\/wp-content\/uploads\/2016\/06\/IMG_0539.jpeg?resize=200%2C300 200w, https:\/\/i0.wp.com\/www.presstourism.ch\/wp-content\/uploads\/2016\/06\/IMG_0539.jpeg?resize=768%2C1151 768w, https:\/\/i0.wp.com\/www.presstourism.ch\/wp-content\/uploads\/2016\/06\/IMG_0539.jpeg?resize=600%2C899 600w, https:\/\/i0.wp.com\/www.presstourism.ch\/wp-content\/uploads\/2016\/06\/IMG_0539.jpeg?w=854 854w\" sizes=\"(max-width: 584px) 100vw, 584px\" data-recalc-dims=\"1\" \/><\/a><p id=\"caption-attachment-2633\" class=\"wp-caption-text\">Une des beaut\u00e9s insoup\u00e7onn\u00e9es de la rue du Four, cette cour de l&rsquo;ancienne maison Bourgeois avec ses peintures murales et son escalier-galerie.<\/p><\/div>\n<p>A la rue du Four, on retrouve des b\u00e2timents plus anciens et il vaut vraiment la peine de p\u00e9n\u00e9trer dans certains jardins ou cours, comme celle de l&rsquo;ancienne maison Bourgeois (No\u00a017) avec son escalier-galerie en pierre et ses peintures murales datant d&rsquo;un peu avant 1800, oeuvres d&rsquo;un artiste italien du nom de Carlo Cocchi. A la sortie de la rue du Pr\u00e9, on arrive sur la place de l&rsquo;Amiti\u00e9, dont l&rsquo;am\u00e9nagement actuel date des ann\u00e9es 1980. Avant d&rsquo;aller admirer la magnifique demeure construite par le capitaine Rusillion en 1751, puis vendue \u00e0 Roger de Guimps en 1827. Ce dernier y v\u00e9cut jusqu\u2019\u00e0 son d\u00e9c\u00e8s, en 1894. El\u00e8ve \u00e0 l&rsquo;Institut Pestalozzi, il restera toujours fid\u00e8le \u00e0 l&rsquo;esprit de son ma\u00eetre et cherchera \u00e0 en r\u00e9pandre la pens\u00e9e.<\/p>\n<div id=\"attachment_2632\" style=\"width: 650px\" class=\"wp-caption aligncenter\"><a href=\"https:\/\/i0.wp.com\/www.presstourism.ch\/WP_ALEX\/wp-content\/uploads\/2016\/06\/IMG_0532.jpeg\"><img aria-describedby=\"caption-attachment-2632\" loading=\"lazy\" class=\"wp-image-2632 size-large\" src=\"https:\/\/i0.wp.com\/www.presstourism.ch\/WP_ALEX\/wp-content\/uploads\/2016\/06\/IMG_0532-1024x683.jpeg?resize=584%2C390\" alt=\"IMG_0532\" width=\"584\" height=\"390\" srcset=\"https:\/\/i1.wp.com\/www.presstourism.ch\/wp-content\/uploads\/2016\/06\/IMG_0532.jpeg?resize=1024%2C683 1024w, https:\/\/i1.wp.com\/www.presstourism.ch\/wp-content\/uploads\/2016\/06\/IMG_0532.jpeg?resize=300%2C200 300w, https:\/\/i1.wp.com\/www.presstourism.ch\/wp-content\/uploads\/2016\/06\/IMG_0532.jpeg?resize=768%2C512 768w, https:\/\/i1.wp.com\/www.presstourism.ch\/wp-content\/uploads\/2016\/06\/IMG_0532.jpeg?resize=600%2C400 600w, https:\/\/i1.wp.com\/www.presstourism.ch\/wp-content\/uploads\/2016\/06\/IMG_0532.jpeg?w=1280 1280w, https:\/\/i1.wp.com\/www.presstourism.ch\/wp-content\/uploads\/2016\/06\/IMG_0532.jpeg?w=1168 1168w\" sizes=\"(max-width: 584px) 100vw, 584px\" data-recalc-dims=\"1\" \/><\/a><p id=\"caption-attachment-2632\" class=\"wp-caption-text\">Devant la belle demeure de Roger de Guimps, qui a aussi un magnifique jardin.<\/p><\/div>\n<p>Mes confr\u00e8res, venus des trois r\u00e9gions linguistiques, ont d\u00e9couvert avec beaucoup d&rsquo;int\u00e9r\u00eat ces richesses du patrimoine yverdonnois. Y compris la ruelle Punaise, qui soul\u00e8ve toujours de nombreuses questions.<\/p>\n<div id=\"attachment_2634\" style=\"width: 650px\" class=\"wp-caption aligncenter\"><a href=\"https:\/\/i2.wp.com\/www.presstourism.ch\/WP_ALEX\/wp-content\/uploads\/2016\/06\/8RuellePunaise-BaladeYverdon.jpeg\"><img aria-describedby=\"caption-attachment-2634\" loading=\"lazy\" class=\"wp-image-2634 size-large\" src=\"https:\/\/i1.wp.com\/www.presstourism.ch\/WP_ALEX\/wp-content\/uploads\/2016\/06\/8RuellePunaise-BaladeYverdon-683x1024.jpeg?resize=584%2C876\" alt=\"Les ruelles Punaises.\" width=\"584\" height=\"876\" srcset=\"https:\/\/i2.wp.com\/www.presstourism.ch\/wp-content\/uploads\/2016\/06\/8RuellePunaise-BaladeYverdon.jpeg?resize=683%2C1024 683w, https:\/\/i2.wp.com\/www.presstourism.ch\/wp-content\/uploads\/2016\/06\/8RuellePunaise-BaladeYverdon.jpeg?resize=200%2C300 200w, https:\/\/i2.wp.com\/www.presstourism.ch\/wp-content\/uploads\/2016\/06\/8RuellePunaise-BaladeYverdon.jpeg?resize=768%2C1152 768w, https:\/\/i2.wp.com\/www.presstourism.ch\/wp-content\/uploads\/2016\/06\/8RuellePunaise-BaladeYverdon.jpeg?resize=600%2C900 600w, https:\/\/i2.wp.com\/www.presstourism.ch\/wp-content\/uploads\/2016\/06\/8RuellePunaise-BaladeYverdon.jpeg?w=1280 1280w, https:\/\/i2.wp.com\/www.presstourism.ch\/wp-content\/uploads\/2016\/06\/8RuellePunaise-BaladeYverdon.jpeg?w=1168 1168w\" sizes=\"(max-width: 584px) 100vw, 584px\" data-recalc-dims=\"1\" \/><\/a><p id=\"caption-attachment-2634\" class=\"wp-caption-text\">La ruelle Punaise entre celles du Four et du Lac servait autrefois d&rsquo;\u00e9go\u00fbts ouverts.<\/p><\/div>\n<hr \/>\n<p><strong>Infos pratiques<\/strong><\/p>\n<p><strong>Se renseigner:<\/strong> \u00e0 l&rsquo;Office du tourisme d&rsquo;Yverdon-les-Bains, Av. de la Gare 2, 024 423 61 01 ou info@yverdon-les-bains.ch, qui organise des visites guid\u00e9es sur des th\u00e8mes diff\u00e9rents (patrimoine et architecture, les menhirs de Clendy, d\u00e9couverte des terroirs, lieux culturels, grands hommes de la cit\u00e9, litt\u00e9rature, etc.). Site internet: www.yverdonlesbains.ch<\/p>\n<p><strong>En \u00e9t\u00e9:<\/strong> des visites gratuites sont organis\u00e9es r\u00e9guli\u00e8rement entre le 5 juillet et le 20 ao\u00fbt (aussi en allemand).<\/p>\n<hr \/>\n<p>&nbsp;<\/p>\n","protected":false},"excerpt":{"rendered":"<p>Textes et photos: Roger Juillerat La pluie n&rsquo;a quasiment pas cess\u00e9 de tomber ces derniers temps et elle n&rsquo;\u00e9tait, bien entendu, pas trop propice \u00e0 la randonn\u00e9e. Mais il faudra bien que le soleil signe un jour son v\u00e9ritable retour &hellip; <a href=\"http:\/\/www.presstourism.ch\/?page_id=2608\">Continuer la lecture <span class=\"meta-nav\">&rarr;<\/span><\/a><\/p>\n","protected":false},"author":1,"featured_media":0,"parent":341,"menu_order":0,"comment_status":"closed","ping_status":"closed","template":"","meta":{"ngg_post_thumbnail":0,"spay_email":""},"jetpack_sharing_enabled":true,"jetpack_shortlink":"https:\/\/wp.me\/P468TV-G4","_links":{"self":[{"href":"http:\/\/www.presstourism.ch\/index.php?rest_route=\/wp\/v2\/pages\/2608"}],"collection":[{"href":"http:\/\/www.presstourism.ch\/index.php?rest_route=\/wp\/v2\/pages"}],"about":[{"href":"http:\/\/www.presstourism.ch\/index.php?rest_route=\/wp\/v2\/types\/page"}],"author":[{"embeddable":true,"href":"http:\/\/www.presstourism.ch\/index.php?rest_route=\/wp\/v2\/users\/1"}],"replies":[{"embeddable":true,"href":"http:\/\/www.presstourism.ch\/index.php?rest_route=%2Fwp%2Fv2%2Fcomments&post=2608"}],"version-history":[{"count":1,"href":"http:\/\/www.presstourism.ch\/index.php?rest_route=\/wp\/v2\/pages\/2608\/revisions"}],"predecessor-version":[{"id":2635,"href":"http:\/\/www.presstourism.ch\/index.php?rest_route=\/wp\/v2\/pages\/2608\/revisions\/2635"}],"up":[{"embeddable":true,"href":"http:\/\/www.presstourism.ch\/index.php?rest_route=\/wp\/v2\/pages\/341"}],"wp:attachment":[{"href":"http:\/\/www.presstourism.ch\/index.php?rest_route=%2Fwp%2Fv2%2Fmedia&parent=2608"}],"curies":[{"name":"wp","href":"https:\/\/api.w.org\/{rel}","templated":true}]}}