{"id":2531,"date":"2016-04-26T11:24:11","date_gmt":"2016-04-26T10:24:11","guid":{"rendered":"http:\/\/www.presstourism.ch\/WP_ALEX\/?page_id=2531"},"modified":"2024-04-13T00:13:18","modified_gmt":"2024-04-12T22:13:18","slug":"la-bataille-de-verdun-et-ses-sites-de-memoire","status":"publish","type":"page","link":"http:\/\/www.presstourism.ch\/?page_id=2531","title":{"rendered":"La bataille de Verdun et ses sites de m\u00e9moire"},"content":{"rendered":"<div id=\"attachment_2535\" style=\"width: 650px\" class=\"wp-caption alignnone\"><a href=\"https:\/\/i2.wp.com\/www.presstourism.ch\/WP_ALEX\/wp-content\/uploads\/2016\/04\/7BaladeVerdun-Se\u0301quelles.jpeg\" rel=\"attachment wp-att-2535\"><img aria-describedby=\"caption-attachment-2535\" loading=\"lazy\" class=\"wp-image-2535 size-large\" src=\"https:\/\/i2.wp.com\/www.presstourism.ch\/WP_ALEX\/wp-content\/uploads\/2016\/04\/7BaladeVerdun-Se\u0301quelles-1024x683.jpeg?resize=584%2C390\" alt=\"Sur les nombreuses fortifications du champ de bataille, les cicatrices des bombardements sont encore visibles.\" width=\"584\" height=\"390\" srcset=\"https:\/\/i1.wp.com\/www.presstourism.ch\/wp-content\/uploads\/2016\/04\/7BaladeVerdun-Se\u0301quelles.jpeg?resize=1024%2C683 1024w, https:\/\/i1.wp.com\/www.presstourism.ch\/wp-content\/uploads\/2016\/04\/7BaladeVerdun-Se\u0301quelles.jpeg?resize=300%2C200 300w, https:\/\/i1.wp.com\/www.presstourism.ch\/wp-content\/uploads\/2016\/04\/7BaladeVerdun-Se\u0301quelles.jpeg?resize=768%2C512 768w, https:\/\/i1.wp.com\/www.presstourism.ch\/wp-content\/uploads\/2016\/04\/7BaladeVerdun-Se\u0301quelles.jpeg?resize=600%2C400 600w, https:\/\/i1.wp.com\/www.presstourism.ch\/wp-content\/uploads\/2016\/04\/7BaladeVerdun-Se\u0301quelles.jpeg?w=1280 1280w, https:\/\/i1.wp.com\/www.presstourism.ch\/wp-content\/uploads\/2016\/04\/7BaladeVerdun-Se\u0301quelles.jpeg?w=1168 1168w\" sizes=\"(max-width: 584px) 100vw, 584px\" data-recalc-dims=\"1\" \/><\/a><p id=\"caption-attachment-2535\" class=\"wp-caption-text\">Sur les nombreuses fortifications du champ de bataille, les cicatrices des bombardements sont encore visibles.<\/p><\/div>\n<p>Poursuite de notre randonn\u00e9e sur le champ de la bataille dont on comm\u00e9more cette ann\u00e9e le centenaire. En commen\u00e7ant par le nouveau M\u00e9morial, puis en allant se promener dans les vestiges des tranch\u00e9es.<\/p>\n<div id=\"attachment_2534\" style=\"width: 650px\" class=\"wp-caption alignnone\"><a href=\"https:\/\/i0.wp.com\/www.presstourism.ch\/WP_ALEX\/wp-content\/uploads\/2016\/04\/6VerdunFleuryDisparu.jpeg\" rel=\"attachment wp-att-2534\"><img aria-describedby=\"caption-attachment-2534\" loading=\"lazy\" class=\"wp-image-2534 size-large\" src=\"https:\/\/i0.wp.com\/www.presstourism.ch\/WP_ALEX\/wp-content\/uploads\/2016\/04\/6VerdunFleuryDisparu-1024x683.jpeg?resize=584%2C390\" alt=\"Le village de Fleury, ray\u00e9 de la carte, avec sa chapelle du souvenir.\" width=\"584\" height=\"390\" srcset=\"https:\/\/i2.wp.com\/www.presstourism.ch\/wp-content\/uploads\/2016\/04\/6VerdunFleuryDisparu.jpeg?resize=1024%2C683 1024w, https:\/\/i2.wp.com\/www.presstourism.ch\/wp-content\/uploads\/2016\/04\/6VerdunFleuryDisparu.jpeg?resize=300%2C200 300w, https:\/\/i2.wp.com\/www.presstourism.ch\/wp-content\/uploads\/2016\/04\/6VerdunFleuryDisparu.jpeg?resize=768%2C512 768w, https:\/\/i2.wp.com\/www.presstourism.ch\/wp-content\/uploads\/2016\/04\/6VerdunFleuryDisparu.jpeg?resize=600%2C400 600w, https:\/\/i2.wp.com\/www.presstourism.ch\/wp-content\/uploads\/2016\/04\/6VerdunFleuryDisparu.jpeg?w=1280 1280w, https:\/\/i2.wp.com\/www.presstourism.ch\/wp-content\/uploads\/2016\/04\/6VerdunFleuryDisparu.jpeg?w=1168 1168w\" sizes=\"(max-width: 584px) 100vw, 584px\" data-recalc-dims=\"1\" \/><\/a><p id=\"caption-attachment-2534\" class=\"wp-caption-text\">Le village de Fleury, ray\u00e9 de la carte, avec sa chapelle du souvenir.<\/p><\/div>\n<p>Verdun 1916, 300 jours et 300 nuits de combat, qui en ont fait la bataille symbole de la Premi\u00e8re guerre mondiale. Apr\u00e8s les sites caract\u00e9ristiques de la cit\u00e9 m\u00eame, ainsi que l&rsquo;ossuaire de Douaumont et sa gigantesque n\u00e9cropole, nous poursuivons aujourd&rsquo;hui l&rsquo;excursion sur le champ de bataille.<\/p>\n<div id=\"attachment_2517\" style=\"width: 650px\" class=\"wp-caption alignnone\"><a href=\"https:\/\/i1.wp.com\/www.presstourism.ch\/WP_ALEX\/wp-content\/uploads\/2016\/04\/2A_BaladeVerdunCentre-MondialPaix.jpeg\" rel=\"attachment wp-att-2517\"><img aria-describedby=\"caption-attachment-2517\" loading=\"lazy\" class=\"wp-image-2517 size-large\" src=\"https:\/\/i1.wp.com\/www.presstourism.ch\/WP_ALEX\/wp-content\/uploads\/2016\/04\/2A_BaladeVerdunCentre-MondialPaix-1024x683.jpeg?resize=584%2C390\" alt=\"Les tours de la cath\u00e9drale de Verdun et le Centre mondial de la Paix, qui pr\u00e9sente une riche exposition sur la Guerre 14-18.\" width=\"584\" height=\"390\" srcset=\"https:\/\/i0.wp.com\/www.presstourism.ch\/wp-content\/uploads\/2016\/04\/2A_BaladeVerdunCentre-MondialPaix.jpeg?resize=1024%2C683 1024w, https:\/\/i0.wp.com\/www.presstourism.ch\/wp-content\/uploads\/2016\/04\/2A_BaladeVerdunCentre-MondialPaix.jpeg?resize=300%2C200 300w, https:\/\/i0.wp.com\/www.presstourism.ch\/wp-content\/uploads\/2016\/04\/2A_BaladeVerdunCentre-MondialPaix.jpeg?resize=768%2C512 768w, https:\/\/i0.wp.com\/www.presstourism.ch\/wp-content\/uploads\/2016\/04\/2A_BaladeVerdunCentre-MondialPaix.jpeg?resize=600%2C400 600w, https:\/\/i0.wp.com\/www.presstourism.ch\/wp-content\/uploads\/2016\/04\/2A_BaladeVerdunCentre-MondialPaix.jpeg?w=1280 1280w, https:\/\/i0.wp.com\/www.presstourism.ch\/wp-content\/uploads\/2016\/04\/2A_BaladeVerdunCentre-MondialPaix.jpeg?w=1168 1168w\" sizes=\"(max-width: 584px) 100vw, 584px\" data-recalc-dims=\"1\" \/><\/a><p id=\"caption-attachment-2517\" class=\"wp-caption-text\">Les tours de la cath\u00e9drale de Verdun et le Centre mondial de la Paix, qui pr\u00e9sente une riche exposition sur la Guerre 14-18.<\/p><\/div>\n<p>Refait \u00e0 neuf au coeur de ce dernier, le M\u00e9morial de Verdun propose une mus\u00e9ographie de haut niveau. Les th\u00e8mes sont abord\u00e9s dans une sc\u00e9nographie et avec des dispositifs audiovisuels de qualit\u00e9. Il compte 2000 objets de collection, une multitude de photos in\u00e9dites, des t\u00e9moignages et un espace de la terre boulevers\u00e9e par les explosions, en m\u00e9moire de tous les soldats de la Grande Guerre.<\/p>\n<div id=\"attachment_2533\" style=\"width: 650px\" class=\"wp-caption alignnone\"><a href=\"https:\/\/i2.wp.com\/www.presstourism.ch\/WP_ALEX\/wp-content\/uploads\/2016\/04\/5FortDouaumontVerdun.jpeg\" rel=\"attachment wp-att-2533\"><img aria-describedby=\"caption-attachment-2533\" loading=\"lazy\" class=\"wp-image-2533 size-large\" src=\"https:\/\/i0.wp.com\/www.presstourism.ch\/WP_ALEX\/wp-content\/uploads\/2016\/04\/5FortDouaumontVerdun-1024x683.jpeg?resize=584%2C390\" alt=\"Il est possible de se balader sur le fort de Douaumont, une des pi\u00e8ces ma\u00eetresses de la ceinture fortifi\u00e9e.\" width=\"584\" height=\"390\" srcset=\"https:\/\/i2.wp.com\/www.presstourism.ch\/wp-content\/uploads\/2016\/04\/5FortDouaumontVerdun.jpeg?resize=1024%2C683 1024w, https:\/\/i2.wp.com\/www.presstourism.ch\/wp-content\/uploads\/2016\/04\/5FortDouaumontVerdun.jpeg?resize=300%2C200 300w, https:\/\/i2.wp.com\/www.presstourism.ch\/wp-content\/uploads\/2016\/04\/5FortDouaumontVerdun.jpeg?resize=768%2C512 768w, https:\/\/i2.wp.com\/www.presstourism.ch\/wp-content\/uploads\/2016\/04\/5FortDouaumontVerdun.jpeg?resize=600%2C400 600w, https:\/\/i2.wp.com\/www.presstourism.ch\/wp-content\/uploads\/2016\/04\/5FortDouaumontVerdun.jpeg?w=1280 1280w, https:\/\/i2.wp.com\/www.presstourism.ch\/wp-content\/uploads\/2016\/04\/5FortDouaumontVerdun.jpeg?w=1168 1168w\" sizes=\"(max-width: 584px) 100vw, 584px\" data-recalc-dims=\"1\" \/><\/a><p id=\"caption-attachment-2533\" class=\"wp-caption-text\">Il est possible de se balader sur le fort de Douaumont, une des pi\u00e8ces ma\u00eetresses de la ceinture fortifi\u00e9e.<\/p><\/div>\n<p>Les forts de Douaumont et de Vaux portent aussi les stigmates des combats et font \u00e9tat des conditions de vie quotidiennes de soldats h\u00e9ro\u00efques. Du poste de commandement \u00e0 l&rsquo;infirmerie, la visite de ces forteresses permet de mieux comprendre la duret\u00e9 de la vie enfouie des poilus. Il est \u00e9galement poignant de visiter Fleury, l&rsquo;un des neuf villages situ\u00e9s dans la zone particuli\u00e8rement touch\u00e9e par les luttes arm\u00e9es et qui furent totalement ray\u00e9s de la carte.<\/p>\n<div id=\"attachment_2536\" style=\"width: 650px\" class=\"wp-caption aligncenter\"><a href=\"https:\/\/i0.wp.com\/www.presstourism.ch\/WP_ALEX\/wp-content\/uploads\/2016\/04\/5A_FortDouaumont.jpeg\" rel=\"attachment wp-att-2536\"><img aria-describedby=\"caption-attachment-2536\" loading=\"lazy\" class=\"wp-image-2536 size-large\" src=\"https:\/\/i1.wp.com\/www.presstourism.ch\/WP_ALEX\/wp-content\/uploads\/2016\/04\/5A_FortDouaumont-683x1024.jpeg?resize=584%2C876\" alt=\"Dans les couloirs du fort.\" width=\"584\" height=\"876\" srcset=\"https:\/\/i0.wp.com\/www.presstourism.ch\/wp-content\/uploads\/2016\/04\/5A_FortDouaumont.jpeg?resize=683%2C1024 683w, https:\/\/i0.wp.com\/www.presstourism.ch\/wp-content\/uploads\/2016\/04\/5A_FortDouaumont.jpeg?resize=200%2C300 200w, https:\/\/i0.wp.com\/www.presstourism.ch\/wp-content\/uploads\/2016\/04\/5A_FortDouaumont.jpeg?resize=768%2C1151 768w, https:\/\/i0.wp.com\/www.presstourism.ch\/wp-content\/uploads\/2016\/04\/5A_FortDouaumont.jpeg?resize=600%2C899 600w, https:\/\/i0.wp.com\/www.presstourism.ch\/wp-content\/uploads\/2016\/04\/5A_FortDouaumont.jpeg?w=854 854w\" sizes=\"(max-width: 584px) 100vw, 584px\" data-recalc-dims=\"1\" \/><\/a><p id=\"caption-attachment-2536\" class=\"wp-caption-text\">Dans les couloirs du fort.<\/p><\/div>\n<p>Enfin, au sud-ouest de Verdun, en direction de Nancy, il ne faut surtout pas manquer les tranch\u00e9es au Saillant de Saint-Mihiel, pris par les Allemands d\u00e8s 1914 pour ralentir le ravitaillement fran\u00e7ais. Il conserve aujourd&rsquo;hui de nombreux vestiges de ces tranch\u00e9es d&rsquo;il y a cent ans, dans un \u00e9tat de conservation exceptionnel. C&rsquo;est l\u00e0 qu&rsquo;avait lieu le fameux face \u00e0 face qu&rsquo;on voit dans des documentaires et des films, tel que grav\u00e9 dans la m\u00e9moire collective. Plus de doute, Verdun 2016, c&rsquo;est une autre fa\u00e7on d&rsquo;approcher l&rsquo;histoire tout en faisant des randonn\u00e9es int\u00e9ressantes.<\/p>\n<div id=\"attachment_2532\" style=\"width: 650px\" class=\"wp-caption alignnone\"><a href=\"https:\/\/i2.wp.com\/www.presstourism.ch\/WP_ALEX\/wp-content\/uploads\/2016\/04\/5B_FortDouaumont-Couloirs.jpeg\" rel=\"attachment wp-att-2532\"><img aria-describedby=\"caption-attachment-2532\" loading=\"lazy\" class=\"wp-image-2532 size-large\" src=\"https:\/\/i1.wp.com\/www.presstourism.ch\/WP_ALEX\/wp-content\/uploads\/2016\/04\/5B_FortDouaumont-Couloirs-1024x683.jpeg?resize=584%2C390\" alt=\"Une chambre des soldats de la garde\" width=\"584\" height=\"390\" srcset=\"https:\/\/i0.wp.com\/www.presstourism.ch\/wp-content\/uploads\/2016\/04\/5B_FortDouaumont-Couloirs.jpeg?resize=1024%2C683 1024w, https:\/\/i0.wp.com\/www.presstourism.ch\/wp-content\/uploads\/2016\/04\/5B_FortDouaumont-Couloirs.jpeg?resize=300%2C200 300w, https:\/\/i0.wp.com\/www.presstourism.ch\/wp-content\/uploads\/2016\/04\/5B_FortDouaumont-Couloirs.jpeg?resize=768%2C512 768w, https:\/\/i0.wp.com\/www.presstourism.ch\/wp-content\/uploads\/2016\/04\/5B_FortDouaumont-Couloirs.jpeg?resize=600%2C400 600w, https:\/\/i0.wp.com\/www.presstourism.ch\/wp-content\/uploads\/2016\/04\/5B_FortDouaumont-Couloirs.jpeg?w=1280 1280w, https:\/\/i0.wp.com\/www.presstourism.ch\/wp-content\/uploads\/2016\/04\/5B_FortDouaumont-Couloirs.jpeg?w=1168 1168w\" sizes=\"(max-width: 584px) 100vw, 584px\" data-recalc-dims=\"1\" \/><\/a><p id=\"caption-attachment-2532\" class=\"wp-caption-text\">Une chambre des soldats de la garde<\/p><\/div>\n<p><strong>Texte et photos: Roger Juillerat<\/strong><\/p>\n<p><a href=\"http:\/\/www.presstourism.ch\/wp-content\/uploads\/2016\/04\/NVT_130416-ww.pdf\" rel=\"\">Lire ou t\u00e9l\u00e9charger l&rsquo;article de presse<\/a><\/p>\n<p><a href=\"http:\/\/www.presstourism.ch\/?page_id=2514\">Lire ou relire la premi\u00e8re partie de ce reportage&#8230;<\/a><\/p>\n<hr>\n<p><strong>Infos pratiques<\/strong><\/p>\n<p><strong>Se renseigner:<\/strong> pour tout savoir sur Verdun, sa r\u00e9gion et le centenaire de la bataille, www.tourisme-lorraine.fr, www.tourisme-meuse.com et www.verdun2016.com. On peut d\u00e9couvrir tous les sites \u00e0 son rythme parmi une s\u00e9lection de balades p\u00e9destres avec des fiches papier ou \u00e0 t\u00e9l\u00e9charger.<\/p>\n<p><strong>Couettes et couverts:<\/strong> l&rsquo;Hostellerie du Ch\u00e2teau des Monthairons avec ses bons plats du terroir meusien (<a href=\"http:\/\/www.chateaudesmonthairons.fr\">www.chateaudesmonthairons.fr<\/a>). Le restaurant L&rsquo;Abri des P\u00e8lerins \u00e0 Douaumont, pas loin du fort, avec ses sp\u00e9cialit\u00e9s de Lorraine (<a href=\"http:\/\/www.abridespelerinsdouaumont.com\">www.abridespelerinsdouaumont.com<\/a>).<\/p>\n","protected":false},"excerpt":{"rendered":"<p>Poursuite de notre randonn\u00e9e sur le champ de la bataille dont on comm\u00e9more cette ann\u00e9e le centenaire. En commen\u00e7ant par le nouveau M\u00e9morial, puis en allant se promener dans les vestiges des tranch\u00e9es. Verdun 1916, 300 jours et 300 nuits &hellip; <a href=\"http:\/\/www.presstourism.ch\/?page_id=2531\">Continuer la lecture <span class=\"meta-nav\">&rarr;<\/span><\/a><\/p>\n","protected":false},"author":1,"featured_media":0,"parent":289,"menu_order":0,"comment_status":"closed","ping_status":"closed","template":"","meta":{"ngg_post_thumbnail":0,"spay_email":""},"jetpack_sharing_enabled":true,"jetpack_shortlink":"https:\/\/wp.me\/P468TV-EP","_links":{"self":[{"href":"http:\/\/www.presstourism.ch\/index.php?rest_route=\/wp\/v2\/pages\/2531"}],"collection":[{"href":"http:\/\/www.presstourism.ch\/index.php?rest_route=\/wp\/v2\/pages"}],"about":[{"href":"http:\/\/www.presstourism.ch\/index.php?rest_route=\/wp\/v2\/types\/page"}],"author":[{"embeddable":true,"href":"http:\/\/www.presstourism.ch\/index.php?rest_route=\/wp\/v2\/users\/1"}],"replies":[{"embeddable":true,"href":"http:\/\/www.presstourism.ch\/index.php?rest_route=%2Fwp%2Fv2%2Fcomments&post=2531"}],"version-history":[{"count":4,"href":"http:\/\/www.presstourism.ch\/index.php?rest_route=\/wp\/v2\/pages\/2531\/revisions"}],"predecessor-version":[{"id":9345,"href":"http:\/\/www.presstourism.ch\/index.php?rest_route=\/wp\/v2\/pages\/2531\/revisions\/9345"}],"up":[{"embeddable":true,"href":"http:\/\/www.presstourism.ch\/index.php?rest_route=\/wp\/v2\/pages\/289"}],"wp:attachment":[{"href":"http:\/\/www.presstourism.ch\/index.php?rest_route=%2Fwp%2Fv2%2Fmedia&parent=2531"}],"curies":[{"name":"wp","href":"https:\/\/api.w.org\/{rel}","templated":true}]}}