{"id":2283,"date":"2016-03-20T19:59:11","date_gmt":"2016-03-20T18:59:11","guid":{"rendered":"http:\/\/www.presstourism.ch\/WP_ALEX\/?page_id=2283"},"modified":"2016-03-20T20:01:16","modified_gmt":"2016-03-20T19:01:16","slug":"jusquau-promontoire-lumineux-devisa","status":"publish","type":"page","link":"http:\/\/www.presstourism.ch\/?page_id=2283","title":{"rendered":"Jusqu&rsquo;au promontoire lumineux d&rsquo;Evisa"},"content":{"rendered":"<div id=\"attachment_2284\" style=\"width: 650px\" class=\"wp-caption alignnone\"><a href=\"https:\/\/i0.wp.com\/www.presstourism.ch\/WP_ALEX\/wp-content\/uploads\/2016\/03\/1CorseEvisaBalade.jpeg\"><img aria-describedby=\"caption-attachment-2284\" loading=\"lazy\" class=\"wp-image-2284 size-large\" src=\"https:\/\/i2.wp.com\/www.presstourism.ch\/WP_ALEX\/wp-content\/uploads\/2016\/03\/1CorseEvisaBalade-1024x683.jpeg?resize=584%2C390\" alt=\"1CorseEvisaBalade\" width=\"584\" height=\"390\" srcset=\"https:\/\/i0.wp.com\/www.presstourism.ch\/wp-content\/uploads\/2016\/03\/1CorseEvisaBalade.jpeg?resize=1024%2C683 1024w, https:\/\/i0.wp.com\/www.presstourism.ch\/wp-content\/uploads\/2016\/03\/1CorseEvisaBalade.jpeg?resize=300%2C200 300w, https:\/\/i0.wp.com\/www.presstourism.ch\/wp-content\/uploads\/2016\/03\/1CorseEvisaBalade.jpeg?resize=600%2C400 600w, https:\/\/i0.wp.com\/www.presstourism.ch\/wp-content\/uploads\/2016\/03\/1CorseEvisaBalade.jpeg?w=1280 1280w, https:\/\/i0.wp.com\/www.presstourism.ch\/wp-content\/uploads\/2016\/03\/1CorseEvisaBalade.jpeg?w=1168 1168w\" sizes=\"(max-width: 584px) 100vw, 584px\" data-recalc-dims=\"1\" \/><\/a><p id=\"caption-attachment-2284\" class=\"wp-caption-text\">Le village d&rsquo;Evisa dans son \u00e9crin nature d&rsquo;une belle r\u00e9gion \u00e0 d\u00e9couvrir<\/p><\/div>\n<p>CORSE &#8211; Entre le golfe de Porto et la citadelle de Corte, au coeur de l&rsquo;A\u00eftone, ce petit village est un joyau dans la montagne et le point de d\u00e9part de belles randonn\u00e9es.<\/p>\n<div id=\"attachment_2285\" style=\"width: 650px\" class=\"wp-caption alignnone\"><a href=\"https:\/\/i0.wp.com\/www.presstourism.ch\/WP_ALEX\/wp-content\/uploads\/2016\/03\/2CorseEvisaPorto.jpeg\"><img aria-describedby=\"caption-attachment-2285\" loading=\"lazy\" class=\"wp-image-2285 size-large\" src=\"https:\/\/i2.wp.com\/www.presstourism.ch\/WP_ALEX\/wp-content\/uploads\/2016\/03\/2CorseEvisaPorto-1024x683.jpeg?resize=584%2C390\" alt=\"2CorseEvisaPorto\" width=\"584\" height=\"390\" srcset=\"https:\/\/i1.wp.com\/www.presstourism.ch\/wp-content\/uploads\/2016\/03\/2CorseEvisaPorto.jpeg?resize=1024%2C683 1024w, https:\/\/i1.wp.com\/www.presstourism.ch\/wp-content\/uploads\/2016\/03\/2CorseEvisaPorto.jpeg?resize=300%2C200 300w, https:\/\/i1.wp.com\/www.presstourism.ch\/wp-content\/uploads\/2016\/03\/2CorseEvisaPorto.jpeg?resize=600%2C400 600w, https:\/\/i1.wp.com\/www.presstourism.ch\/wp-content\/uploads\/2016\/03\/2CorseEvisaPorto.jpeg?w=1229 1229w, https:\/\/i1.wp.com\/www.presstourism.ch\/wp-content\/uploads\/2016\/03\/2CorseEvisaPorto.jpeg?w=1168 1168w\" sizes=\"(max-width: 584px) 100vw, 584px\" data-recalc-dims=\"1\" \/><\/a><p id=\"caption-attachment-2285\" class=\"wp-caption-text\">Le golfe de Porto et sa mer d&rsquo;un bleu intense sur la c\u00f4te ouest de l&rsquo;\u00eele.<\/p><\/div>\n<p>Les vacances de P\u00e2ques pointent le bout du nez et la Corse fleure d\u00e9j\u00e0 bon le printemps. Alors pourquoi ne pas y passer quelques jours, d&rsquo;autant plus qu&rsquo;on atteint rapidement l&rsquo;\u00eele de Beaut\u00e9. Avec son littoral bord\u00e9 de falaises de granit rouge plongeant dans la mer d&rsquo;un bleu intense, le golfe de Porto, sur la c\u00f4te ouest, est un v\u00e9ritable spectacle mis en sc\u00e8ne par la nature. Et les paysages m\u00e9ritent \u00e9galement des superlatifs quand vous quittez ce littoral pour gagner la montagne et le col de Vergio, en passant par le lumineux village perch\u00e9 d&rsquo;Evisa. C&rsquo;est dans ce dernier, dit-on, que commence la route de l'\u00a0\u00bb\u00e2me corse\u00a0\u00bb, entre les gorges de la Spelunca et les ch\u00e2taigneraies qui servent de lisi\u00e8re \u00e0 la for\u00eat d&rsquo;A\u00eftone.<\/p>\n<div id=\"attachment_2287\" style=\"width: 650px\" class=\"wp-caption alignnone\"><a href=\"https:\/\/i1.wp.com\/www.presstourism.ch\/WP_ALEX\/wp-content\/uploads\/2016\/03\/4CorseEvisaPontGen.jpeg\"><img aria-describedby=\"caption-attachment-2287\" loading=\"lazy\" class=\"wp-image-2287 size-large\" src=\"https:\/\/i0.wp.com\/www.presstourism.ch\/WP_ALEX\/wp-content\/uploads\/2016\/03\/4CorseEvisaPontGen-1024x683.jpeg?resize=584%2C390\" alt=\"4CorseEvisaPontGen\" width=\"584\" height=\"390\" srcset=\"https:\/\/i2.wp.com\/www.presstourism.ch\/wp-content\/uploads\/2016\/03\/4CorseEvisaPontGen.jpeg?resize=1024%2C683 1024w, https:\/\/i2.wp.com\/www.presstourism.ch\/wp-content\/uploads\/2016\/03\/4CorseEvisaPontGen.jpeg?resize=300%2C200 300w, https:\/\/i2.wp.com\/www.presstourism.ch\/wp-content\/uploads\/2016\/03\/4CorseEvisaPontGen.jpeg?resize=600%2C400 600w, https:\/\/i2.wp.com\/www.presstourism.ch\/wp-content\/uploads\/2016\/03\/4CorseEvisaPontGen.jpeg?w=1280 1280w, https:\/\/i2.wp.com\/www.presstourism.ch\/wp-content\/uploads\/2016\/03\/4CorseEvisaPontGen.jpeg?w=1168 1168w\" sizes=\"(max-width: 584px) 100vw, 584px\" data-recalc-dims=\"1\" \/><\/a><p id=\"caption-attachment-2287\" class=\"wp-caption-text\">Un pont g\u00e9nois charg\u00e9 d&rsquo;histoire sur la rivi\u00e8re Golo, \u00e0 Albertacce.<\/p><\/div>\n<p>Ses pins g\u00e9ants cachent des petites rivi\u00e8res et piscines naturelles et elle est aussi le point de d\u00e9part vers de captivantes excursions. Aux lacs de Nino et de Creno, par exemple, ou bien \u00e0 l&rsquo;assaut du Tafunatu (2343 m\u00e8tres d&rsquo;altitude) et du monte Cinto (2706), point culminant de l&rsquo;\u00eele. Mais pour rallier ces derniers, il faut \u00eatre en bonne forme&#8230; Ne vous \u00e9tonnez pas, durant l&rsquo;escapade que vous aurez choisie, si vous croisez des cochons en libert\u00e9. Peut-\u00eatre m\u00eame que vous entendrez grommeler des sangliers, mais c&rsquo;est plus difficile de les voir.<\/p>\n<div id=\"attachment_2289\" style=\"width: 650px\" class=\"wp-caption alignnone\"><a href=\"https:\/\/i1.wp.com\/www.presstourism.ch\/WP_ALEX\/wp-content\/uploads\/2016\/03\/6CorseEvisaCorte.jpeg\"><img aria-describedby=\"caption-attachment-2289\" loading=\"lazy\" class=\"wp-image-2289 size-large\" src=\"https:\/\/i0.wp.com\/www.presstourism.ch\/WP_ALEX\/wp-content\/uploads\/2016\/03\/6CorseEvisaCorte-1024x683.jpeg?resize=584%2C390\" alt=\"Corte, l'ancienne capitale qui abrite le Mus\u00e9e de la Corse.\" width=\"584\" height=\"390\" srcset=\"https:\/\/i1.wp.com\/www.presstourism.ch\/wp-content\/uploads\/2016\/03\/6CorseEvisaCorte.jpeg?resize=1024%2C683 1024w, https:\/\/i1.wp.com\/www.presstourism.ch\/wp-content\/uploads\/2016\/03\/6CorseEvisaCorte.jpeg?resize=300%2C200 300w, https:\/\/i1.wp.com\/www.presstourism.ch\/wp-content\/uploads\/2016\/03\/6CorseEvisaCorte.jpeg?resize=600%2C400 600w, https:\/\/i1.wp.com\/www.presstourism.ch\/wp-content\/uploads\/2016\/03\/6CorseEvisaCorte.jpeg?w=1280 1280w, https:\/\/i1.wp.com\/www.presstourism.ch\/wp-content\/uploads\/2016\/03\/6CorseEvisaCorte.jpeg?w=1168 1168w\" sizes=\"(max-width: 584px) 100vw, 584px\" data-recalc-dims=\"1\" \/><\/a><p id=\"caption-attachment-2289\" class=\"wp-caption-text\">Corte, l&rsquo;ancienne capitale qui abrite le Mus\u00e9e de la Corse.<\/p><\/div>\n<p>Dans les environs d&rsquo;Evisa, on peut aussi parcourir les gorges de la Spelunca, un paradis pour les randonneurs. Au confluent de l&rsquo;A\u00eftone et de la rivi\u00e8re Porto, le pont g\u00e9nois de Zaglia, en forme de dos d&rsquo;\u00e2ne et priv\u00e9 de parapet est class\u00e9 monument historique. Comme celui de la rivi\u00e8re Golo, pr\u00e8s d&rsquo;Albertacce, en direction de Corte: une petite ville majestueuse qu&rsquo;on atteint ensuite au coeur de l&rsquo;\u00eele et qui a parfaitement conserv\u00e9 les marques de son pass\u00e9.<\/p>\n<div id=\"attachment_2286\" style=\"width: 650px\" class=\"wp-caption alignnone\"><a href=\"https:\/\/i2.wp.com\/www.presstourism.ch\/WP_ALEX\/wp-content\/uploads\/2016\/03\/3CorseEviaCochons.jpeg\"><img aria-describedby=\"caption-attachment-2286\" loading=\"lazy\" class=\"wp-image-2286 size-large\" src=\"https:\/\/i1.wp.com\/www.presstourism.ch\/WP_ALEX\/wp-content\/uploads\/2016\/03\/3CorseEviaCochons-1024x683.jpeg?resize=584%2C390\" alt=\"3CorseEviaCochons\" width=\"584\" height=\"390\" srcset=\"https:\/\/i1.wp.com\/www.presstourism.ch\/wp-content\/uploads\/2016\/03\/3CorseEviaCochons.jpeg?resize=1024%2C683 1024w, https:\/\/i1.wp.com\/www.presstourism.ch\/wp-content\/uploads\/2016\/03\/3CorseEviaCochons.jpeg?resize=300%2C200 300w, https:\/\/i1.wp.com\/www.presstourism.ch\/wp-content\/uploads\/2016\/03\/3CorseEviaCochons.jpeg?resize=600%2C400 600w, https:\/\/i1.wp.com\/www.presstourism.ch\/wp-content\/uploads\/2016\/03\/3CorseEviaCochons.jpeg?w=1280 1280w, https:\/\/i1.wp.com\/www.presstourism.ch\/wp-content\/uploads\/2016\/03\/3CorseEviaCochons.jpeg?w=1168 1168w\" sizes=\"(max-width: 584px) 100vw, 584px\" data-recalc-dims=\"1\" \/><\/a><p id=\"caption-attachment-2286\" class=\"wp-caption-text\">Quand la montagne corse r\u00e9serve la surprise des cochons amoureux.<\/p><\/div>\n<p><strong>Texte et photos: Roger Juillerat<\/strong><\/p>\n<hr \/>\n<p><strong>Infos pratiques<\/strong><\/p>\n<p><strong>Y aller:<\/strong> Air-Glaciers, www.air-glaciers.ch, organise des vols pratiques entre Sion et la Corse. Il y a aussi des vols easyjet, www.easyjet.com, depuis Gen\u00e8ve.<\/p>\n<p><strong>Couettes et couverts:<\/strong> l&rsquo;h\u00f4tel et restaurant L&rsquo;A\u00eftone surplombe le village, la vall\u00e9e, le capo d&rsquo;Orto et le golfe de Porto. Il sert une bonne cuisine du terroir avec, entre autres, les fameux jambons et saucissons corses, et du sanglier.<\/p>\n<p><strong>Se renseigner:<\/strong> l&rsquo;agence du tourisme de la Corse: www.visit-corsica.com et adresse mail: contact@ctc-atc.com et www.evisa.fr. Atout France en Suisse: 044 217 46 00 ou info.ch@atout-france.fr<\/p>\n<div id=\"attachment_2288\" style=\"width: 650px\" class=\"wp-caption alignnone\"><a href=\"https:\/\/i2.wp.com\/www.presstourism.ch\/WP_ALEX\/wp-content\/uploads\/2016\/03\/5CorseEvisaRoches_modifie\u0301-1.jpeg\"><img aria-describedby=\"caption-attachment-2288\" loading=\"lazy\" class=\"wp-image-2288 size-large\" src=\"https:\/\/i0.wp.com\/www.presstourism.ch\/WP_ALEX\/wp-content\/uploads\/2016\/03\/5CorseEvisaRoches_modifie\u0301-1-683x1024.jpeg?resize=584%2C876\" alt=\"Les rochers de granit avec des formes animales in\u00e9dites.\" width=\"584\" height=\"876\" srcset=\"https:\/\/i2.wp.com\/www.presstourism.ch\/wp-content\/uploads\/2016\/03\/5CorseEvisaRoches_modifie\u0301-1.jpeg?resize=683%2C1024 683w, https:\/\/i2.wp.com\/www.presstourism.ch\/wp-content\/uploads\/2016\/03\/5CorseEvisaRoches_modifie\u0301-1.jpeg?resize=200%2C300 200w, https:\/\/i2.wp.com\/www.presstourism.ch\/wp-content\/uploads\/2016\/03\/5CorseEvisaRoches_modifie\u0301-1.jpeg?resize=600%2C899 600w, https:\/\/i2.wp.com\/www.presstourism.ch\/wp-content\/uploads\/2016\/03\/5CorseEvisaRoches_modifie\u0301-1.jpeg?w=820 820w\" sizes=\"(max-width: 584px) 100vw, 584px\" data-recalc-dims=\"1\" \/><\/a><p id=\"caption-attachment-2288\" class=\"wp-caption-text\">Les rochers de granit avec des formes animales in\u00e9dites.<\/p><\/div>\n","protected":false},"excerpt":{"rendered":"<p>CORSE &#8211; Entre le golfe de Porto et la citadelle de Corte, au coeur de l&rsquo;A\u00eftone, ce petit village est un joyau dans la montagne et le point de d\u00e9part de belles randonn\u00e9es. Les vacances de P\u00e2ques pointent le bout &hellip; <a href=\"http:\/\/www.presstourism.ch\/?page_id=2283\">Continuer la lecture <span class=\"meta-nav\">&rarr;<\/span><\/a><\/p>\n","protected":false},"author":1,"featured_media":0,"parent":614,"menu_order":0,"comment_status":"closed","ping_status":"closed","template":"","meta":{"ngg_post_thumbnail":0,"spay_email":""},"jetpack_sharing_enabled":true,"jetpack_shortlink":"https:\/\/wp.me\/P468TV-AP","_links":{"self":[{"href":"http:\/\/www.presstourism.ch\/index.php?rest_route=\/wp\/v2\/pages\/2283"}],"collection":[{"href":"http:\/\/www.presstourism.ch\/index.php?rest_route=\/wp\/v2\/pages"}],"about":[{"href":"http:\/\/www.presstourism.ch\/index.php?rest_route=\/wp\/v2\/types\/page"}],"author":[{"embeddable":true,"href":"http:\/\/www.presstourism.ch\/index.php?rest_route=\/wp\/v2\/users\/1"}],"replies":[{"embeddable":true,"href":"http:\/\/www.presstourism.ch\/index.php?rest_route=%2Fwp%2Fv2%2Fcomments&post=2283"}],"version-history":[{"count":1,"href":"http:\/\/www.presstourism.ch\/index.php?rest_route=\/wp\/v2\/pages\/2283\/revisions"}],"predecessor-version":[{"id":2290,"href":"http:\/\/www.presstourism.ch\/index.php?rest_route=\/wp\/v2\/pages\/2283\/revisions\/2290"}],"up":[{"embeddable":true,"href":"http:\/\/www.presstourism.ch\/index.php?rest_route=\/wp\/v2\/pages\/614"}],"wp:attachment":[{"href":"http:\/\/www.presstourism.ch\/index.php?rest_route=%2Fwp%2Fv2%2Fmedia&parent=2283"}],"curies":[{"name":"wp","href":"https:\/\/api.w.org\/{rel}","templated":true}]}}