{"id":225,"date":"2013-11-15T00:48:34","date_gmt":"2013-11-14T23:48:34","guid":{"rendered":"http:\/\/www.presstourism.ch\/WP_ALEX\/?page_id=225"},"modified":"2016-03-03T16:27:49","modified_gmt":"2016-03-03T15:27:49","slug":"etats-unis","status":"publish","type":"page","link":"http:\/\/www.presstourism.ch\/?page_id=225","title":{"rendered":"Etats-Unis"},"content":{"rendered":"<p style=\"text-align: center;\"><a href=\"https:\/\/i1.wp.com\/www.presstourism.ch\/WP_ALEX\/wp-content\/uploads\/2013\/11\/EtatsUnisRoutard.gif\"><img loading=\"lazy\" class=\"alignnone size-medium wp-image-226\" src=\"https:\/\/i0.wp.com\/www.presstourism.ch\/WP_ALEX\/wp-content\/uploads\/2013\/11\/EtatsUnisRoutard-300x244.gif?resize=300%2C244\" alt=\"EtatsUnisRoutard\" width=\"300\" height=\"244\" data-recalc-dims=\"1\" \/><\/a><\/p>\n<p><strong><a href=\"http:\/\/www.presstourism.ch\/attachments\/File\/AD_Nouveaux_20120806\/Morzier_-_SEDONA.pdf\">L<\/a><a href=\"http:\/\/www.presstourism.ch\/attachments\/File\/AD_Nouveaux_20120806\/Morzier_-_SEDONA.pdf\">a vigne chez les Indiens \/ J.Morzier<\/a><\/strong><\/p>\n<p dir=\"ltr\" data-angle=\"0\" data-font-name=\"g_font_8_0\" data-canvas-width=\"152.64661097717288\">Le sentier des indiens passe par Sedona, dans la \u00ab Verde Valley\u00bb. \u00c0 deux cents kilom\u00e8tres au nord de Phoenix, peu avant Flagstaff, prenez \u00e0 gauche direction Sedona. La route vous emporte tout de suite dans un d\u00e9cor de r\u00eave somptueux au milieu de montagnes de gr\u00e8s rouge, de tours \u00e9poustouflantes telles les quilles d\u2019un jeu magique.<\/p>\n<p><strong><a href=\"http:\/\/www.jepars.ch\/magazine\/?p=5776\">Faire ou ne pas faire aux USA \/ G.Blanc<\/a><\/strong><\/p>\n<p>Aux USA, il est primordial de ne pas n\u00e9gliger les pourboires. Souvent, les serveurs, les chauffeurs de taxis ou les bagagistes ne vivent que sur les pourboires. J\u2019ai vu des serveuses courir dans la rue apr\u00e8s un client qui ne s\u2019en \u00e9tait pas acquitt\u00e9. Le taux est g\u00e9n\u00e9ralement de 15%.<\/p>\n","protected":false},"excerpt":{"rendered":"<p>La vigne chez les Indiens \/ J.Morzier Le sentier des indiens passe par Sedona, dans la \u00ab Verde Valley\u00bb. \u00c0 deux cents kilom\u00e8tres au nord de Phoenix, peu avant Flagstaff, prenez \u00e0 gauche direction Sedona. La route vous emporte tout &hellip; <a href=\"http:\/\/www.presstourism.ch\/?page_id=225\">Continuer la lecture <span class=\"meta-nav\">&rarr;<\/span><\/a><\/p>\n","protected":false},"author":1,"featured_media":0,"parent":2226,"menu_order":0,"comment_status":"open","ping_status":"open","template":"","meta":{"ngg_post_thumbnail":0,"spay_email":""},"jetpack_sharing_enabled":true,"jetpack_shortlink":"https:\/\/wp.me\/P468TV-3D","_links":{"self":[{"href":"http:\/\/www.presstourism.ch\/index.php?rest_route=\/wp\/v2\/pages\/225"}],"collection":[{"href":"http:\/\/www.presstourism.ch\/index.php?rest_route=\/wp\/v2\/pages"}],"about":[{"href":"http:\/\/www.presstourism.ch\/index.php?rest_route=\/wp\/v2\/types\/page"}],"author":[{"embeddable":true,"href":"http:\/\/www.presstourism.ch\/index.php?rest_route=\/wp\/v2\/users\/1"}],"replies":[{"embeddable":true,"href":"http:\/\/www.presstourism.ch\/index.php?rest_route=%2Fwp%2Fv2%2Fcomments&post=225"}],"version-history":[{"count":3,"href":"http:\/\/www.presstourism.ch\/index.php?rest_route=\/wp\/v2\/pages\/225\/revisions"}],"predecessor-version":[{"id":2236,"href":"http:\/\/www.presstourism.ch\/index.php?rest_route=\/wp\/v2\/pages\/225\/revisions\/2236"}],"up":[{"embeddable":true,"href":"http:\/\/www.presstourism.ch\/index.php?rest_route=\/wp\/v2\/pages\/2226"}],"wp:attachment":[{"href":"http:\/\/www.presstourism.ch\/index.php?rest_route=%2Fwp%2Fv2%2Fmedia&parent=225"}],"curies":[{"name":"wp","href":"https:\/\/api.w.org\/{rel}","templated":true}]}}