{"id":2222,"date":"2016-03-03T16:13:52","date_gmt":"2016-03-03T15:13:52","guid":{"rendered":"http:\/\/www.presstourism.ch\/WP_ALEX\/?page_id=2222"},"modified":"2020-04-06T13:37:57","modified_gmt":"2020-04-06T12:37:57","slug":"asie","status":"publish","type":"page","link":"http:\/\/www.presstourism.ch\/?page_id=2222","title":{"rendered":"Asie"},"content":{"rendered":"<p><a href=\"https:\/\/i1.wp.com\/www.presstourism.ch\/WP_ALEX\/wp-content\/uploads\/2016\/03\/asie_6_2_2-pays.gif\"><img loading=\"lazy\" class=\"size-medium wp-image-2223 aligncenter\" src=\"https:\/\/i2.wp.com\/www.presstourism.ch\/WP_ALEX\/wp-content\/uploads\/2016\/03\/asie_6_2_2-pays-300x259.gif?resize=300%2C259\" alt=\"asie_6_2_2 pays\" width=\"300\" height=\"259\" srcset=\"https:\/\/i0.wp.com\/www.presstourism.ch\/wp-content\/uploads\/2016\/03\/asie_6_2_2-pays.gif?resize=300%2C259 300w, https:\/\/i0.wp.com\/www.presstourism.ch\/wp-content\/uploads\/2016\/03\/asie_6_2_2-pays.gif?resize=1024%2C886 1024w, https:\/\/i0.wp.com\/www.presstourism.ch\/wp-content\/uploads\/2016\/03\/asie_6_2_2-pays.gif?resize=600%2C519 600w\" sizes=\"(max-width: 300px) 100vw, 300px\" data-recalc-dims=\"1\" \/><\/a><\/p>\n\n\n<p>En d\u00e9pla\u00e7ant la fl\u00e8che sur Pays, choisissez le continent puis le pays et enfin l&rsquo;article. Sinon, en page d&rsquo;accueil, indiquez un nom, un lieu&#8230; et vous trouverez certainement votre bonheur.<\/p>\n","protected":false},"excerpt":{"rendered":"<p>En d\u00e9pla\u00e7ant la fl\u00e8che sur Pays, choisissez le continent puis le pays et enfin l&rsquo;article. Sinon, en page d&rsquo;accueil, indiquez un nom, un lieu&#8230; et vous trouverez certainement votre bonheur.<\/p>\n","protected":false},"author":1,"featured_media":0,"parent":160,"menu_order":0,"comment_status":"open","ping_status":"closed","template":"","meta":{"ngg_post_thumbnail":0,"spay_email":""},"jetpack_sharing_enabled":true,"jetpack_shortlink":"https:\/\/wp.me\/P468TV-zQ","_links":{"self":[{"href":"http:\/\/www.presstourism.ch\/index.php?rest_route=\/wp\/v2\/pages\/2222"}],"collection":[{"href":"http:\/\/www.presstourism.ch\/index.php?rest_route=\/wp\/v2\/pages"}],"about":[{"href":"http:\/\/www.presstourism.ch\/index.php?rest_route=\/wp\/v2\/types\/page"}],"author":[{"embeddable":true,"href":"http:\/\/www.presstourism.ch\/index.php?rest_route=\/wp\/v2\/users\/1"}],"replies":[{"embeddable":true,"href":"http:\/\/www.presstourism.ch\/index.php?rest_route=%2Fwp%2Fv2%2Fcomments&post=2222"}],"version-history":[{"count":2,"href":"http:\/\/www.presstourism.ch\/index.php?rest_route=\/wp\/v2\/pages\/2222\/revisions"}],"predecessor-version":[{"id":6511,"href":"http:\/\/www.presstourism.ch\/index.php?rest_route=\/wp\/v2\/pages\/2222\/revisions\/6511"}],"up":[{"embeddable":true,"href":"http:\/\/www.presstourism.ch\/index.php?rest_route=\/wp\/v2\/pages\/160"}],"wp:attachment":[{"href":"http:\/\/www.presstourism.ch\/index.php?rest_route=%2Fwp%2Fv2%2Fmedia&parent=2222"}],"curies":[{"name":"wp","href":"https:\/\/api.w.org\/{rel}","templated":true}]}}