{"id":1870,"date":"2015-11-12T14:26:48","date_gmt":"2015-11-12T13:26:48","guid":{"rendered":"http:\/\/www.presstourism.ch\/WP_ALEX\/?page_id=1870"},"modified":"2015-11-12T14:28:47","modified_gmt":"2015-11-12T13:28:47","slug":"wachau-vallee-pittoresque-et-cites-chargees-dhistoire","status":"publish","type":"page","link":"http:\/\/www.presstourism.ch\/?page_id=1870","title":{"rendered":"Wachau, vall\u00e9e pittoresque et cit\u00e9s charg\u00e9es d&rsquo;histoire"},"content":{"rendered":"<div id=\"attachment_1871\" style=\"width: 310px\" class=\"wp-caption aligncenter\"><a href=\"https:\/\/i1.wp.com\/www.presstourism.ch\/WP_ALEX\/wp-content\/uploads\/2015\/11\/1A_WachauValle\u0301e.jpg\"><img aria-describedby=\"caption-attachment-1871\" loading=\"lazy\" class=\"size-medium wp-image-1871\" src=\"https:\/\/i0.wp.com\/www.presstourism.ch\/WP_ALEX\/wp-content\/uploads\/2015\/11\/1A_WachauValle\u0301e-300x193.jpg?resize=300%2C193\" alt=\"La coll\u00e9giale de l'Abbaye de Melk qui domine la ville et le Danube.\" width=\"300\" height=\"193\" srcset=\"https:\/\/i1.wp.com\/www.presstourism.ch\/wp-content\/uploads\/2015\/11\/1A_WachauValle\u0301e.jpg?resize=300%2C193 300w, https:\/\/i1.wp.com\/www.presstourism.ch\/wp-content\/uploads\/2015\/11\/1A_WachauValle\u0301e.jpg?resize=1024%2C660 1024w, https:\/\/i1.wp.com\/www.presstourism.ch\/wp-content\/uploads\/2015\/11\/1A_WachauValle\u0301e.jpg?resize=600%2C387 600w, https:\/\/i1.wp.com\/www.presstourism.ch\/wp-content\/uploads\/2015\/11\/1A_WachauValle\u0301e.jpg?w=1168 1168w, https:\/\/i1.wp.com\/www.presstourism.ch\/wp-content\/uploads\/2015\/11\/1A_WachauValle\u0301e.jpg?w=1752 1752w\" sizes=\"(max-width: 300px) 100vw, 300px\" data-recalc-dims=\"1\" \/><\/a><p id=\"caption-attachment-1871\" class=\"wp-caption-text\">La coll\u00e9giale de l&rsquo;Abbaye de Melk qui domine la ville et le Danube.<\/p><\/div>\n<p>Dans le Wachau class\u00e9 au Patrimoine mondial de l&rsquo;Unesco, le Danube traverse un paysage escarp\u00e9 o\u00f9 se succ\u00e8dent les vignobles et plusieurs sites historiques, dont la fameuse Abbaye de Melk.<\/p>\n<div id=\"attachment_1872\" style=\"width: 310px\" class=\"wp-caption aligncenter\"><a href=\"https:\/\/i2.wp.com\/www.presstourism.ch\/WP_ALEX\/wp-content\/uploads\/2015\/11\/1B_WachauValle\u0301e.jpg\"><img aria-describedby=\"caption-attachment-1872\" loading=\"lazy\" class=\"size-medium wp-image-1872\" src=\"https:\/\/i1.wp.com\/www.presstourism.ch\/WP_ALEX\/wp-content\/uploads\/2015\/11\/1B_WachauValle\u0301e-300x200.jpg?resize=300%2C200\" alt=\"Dans une des cours de l'Abbaye de Melk.\" width=\"300\" height=\"200\" srcset=\"https:\/\/i0.wp.com\/www.presstourism.ch\/wp-content\/uploads\/2015\/11\/1B_WachauValle\u0301e.jpg?resize=300%2C200 300w, https:\/\/i0.wp.com\/www.presstourism.ch\/wp-content\/uploads\/2015\/11\/1B_WachauValle\u0301e.jpg?resize=1024%2C683 1024w, https:\/\/i0.wp.com\/www.presstourism.ch\/wp-content\/uploads\/2015\/11\/1B_WachauValle\u0301e.jpg?resize=600%2C400 600w, https:\/\/i0.wp.com\/www.presstourism.ch\/wp-content\/uploads\/2015\/11\/1B_WachauValle\u0301e.jpg?w=1168 1168w, https:\/\/i0.wp.com\/www.presstourism.ch\/wp-content\/uploads\/2015\/11\/1B_WachauValle\u0301e.jpg?w=1752 1752w\" sizes=\"(max-width: 300px) 100vw, 300px\" data-recalc-dims=\"1\" \/><\/a><p id=\"caption-attachment-1872\" class=\"wp-caption-text\">Dans une des cours de l&rsquo;Abbaye de Melk.<\/p><\/div>\n<p>Peut-\u00eatre vous souvenez-vous que dans le roman d&rsquo;Umberto Eco \u00ab\u00a0Le Nom de la rose\u00a0\u00bb, le novice b\u00e9n\u00e9dictin et narrateur de l&rsquo;histoire Adso est originaire de l&rsquo;Abbaye de Melk. C&rsquo;est l\u00e0, justement, qu&rsquo;il a r\u00e9dig\u00e9 son r\u00e9cit ayant donn\u00e9 lieu \u00e0 l&rsquo;excellent film r\u00e9alis\u00e9 par Jean-Jacques Annaud.<\/p>\n<p>Quant on arrive \u00e0 Melk, on est frapp\u00e9 par cette imposante abbaye, qui est encore aujourd&rsquo;hui une \u00e9cole ainsi qu&rsquo;un centre culturel et spirituel d&rsquo;envergure europ\u00e9enne. La biblioth\u00e8que et la salle de marbre, v\u00e9ritables bijoux de l\u2019architecture baroque sont \u00e0 voir. Le monast\u00e8re domine une vieille ville qui a des airs de Morat et qui conduit jusqu&rsquo;au Danube.<\/p>\n<p>Depuis cette cit\u00e9 riche d&rsquo;histoire, on peut en rejoindre une autre qui l&rsquo;est tout autant: Krems. On peut le faire avec le petit train de la compagnie N\u00f6vog, qui conduit dans la vall\u00e9e du Wachau, avec son paysage de vignobles et d&rsquo;autres sites qui lui ont valu d&rsquo;\u00eatre inscrite au Patrimoine mondial de l&rsquo;Unesco. Krems s\u2019\u00e9tend en terrasses sur la rive gauche du fleuve et poss\u00e8de une Universit\u00e9 avec un audacieux campus d&rsquo;architecture moderne. Le c\u00f4toiement de projets contemporains et de b\u00e2timents historiques fait d&rsquo;ailleurs le charme de cette cit\u00e9 qu&rsquo;il faut parcourir \u00e0 pied. En oubliant pas d&rsquo;aller admirer le Gozzoburg, fleuron de l&rsquo;architecture m\u00e9di\u00e9vale urbaine du Moyen \u00c2ge, et le Gasthof zur alten Post avec sa superbe terrasse int\u00e9rieure.<\/p>\n<div id=\"attachment_1873\" style=\"width: 310px\" class=\"wp-caption aligncenter\"><a href=\"https:\/\/i2.wp.com\/www.presstourism.ch\/WP_ALEX\/wp-content\/uploads\/2015\/11\/5B_WachauValle\u0301e.jpg\"><img aria-describedby=\"caption-attachment-1873\" loading=\"lazy\" class=\"size-medium wp-image-1873\" src=\"https:\/\/i0.wp.com\/www.presstourism.ch\/WP_ALEX\/wp-content\/uploads\/2015\/11\/5B_WachauValle\u0301e-300x200.jpg?resize=300%2C200\" alt=\"La ville de Krems compte de nombreuses richesses patrimoniales.\" width=\"300\" height=\"200\" srcset=\"https:\/\/i2.wp.com\/www.presstourism.ch\/wp-content\/uploads\/2015\/11\/5B_WachauValle\u0301e.jpg?resize=300%2C200 300w, https:\/\/i2.wp.com\/www.presstourism.ch\/wp-content\/uploads\/2015\/11\/5B_WachauValle\u0301e.jpg?resize=1024%2C683 1024w, https:\/\/i2.wp.com\/www.presstourism.ch\/wp-content\/uploads\/2015\/11\/5B_WachauValle\u0301e.jpg?resize=600%2C400 600w, https:\/\/i2.wp.com\/www.presstourism.ch\/wp-content\/uploads\/2015\/11\/5B_WachauValle\u0301e.jpg?w=1168 1168w, https:\/\/i2.wp.com\/www.presstourism.ch\/wp-content\/uploads\/2015\/11\/5B_WachauValle\u0301e.jpg?w=1752 1752w\" sizes=\"(max-width: 300px) 100vw, 300px\" data-recalc-dims=\"1\" \/><\/a><p id=\"caption-attachment-1873\" class=\"wp-caption-text\">La ville de Krems compte de nombreuses richesses patrimoniales.<\/p><\/div>\n<p>Retz est aussi une magnifique ville de cette r\u00e9gion avec notamment sa Grand Place, son moulin \u00e0 vent toujours actif et, surtout, son tr\u00e9sor cach\u00e9: un immense r\u00e9seau souterrain de caves \u00e0 vins, v\u00e9ritable labyrinthe constitu\u00e9 de 20\u00a0km de vo\u00fbtes et pouvant atteindre jusqu&rsquo;\u00e0 trois niveaux en profondeur. Il faut le parcourir un bout pour le croire. Mais avec un guide&#8230;<\/p>\n<div id=\"attachment_1875\" style=\"width: 310px\" class=\"wp-caption aligncenter\"><a href=\"https:\/\/i2.wp.com\/www.presstourism.ch\/WP_ALEX\/wp-content\/uploads\/2015\/11\/5A_WachauValle\u0301e.jpg\"><img aria-describedby=\"caption-attachment-1875\" loading=\"lazy\" class=\"size-medium wp-image-1875\" src=\"https:\/\/i0.wp.com\/www.presstourism.ch\/WP_ALEX\/wp-content\/uploads\/2015\/11\/5A_WachauValle\u0301e-300x200.jpg?resize=300%2C200\" alt=\"Dans les jolies rues moyen\u00e2geuses de Krems.\" width=\"300\" height=\"200\" srcset=\"https:\/\/i0.wp.com\/www.presstourism.ch\/wp-content\/uploads\/2015\/11\/5A_WachauValle\u0301e.jpg?resize=300%2C200 300w, https:\/\/i0.wp.com\/www.presstourism.ch\/wp-content\/uploads\/2015\/11\/5A_WachauValle\u0301e.jpg?resize=1024%2C683 1024w, https:\/\/i0.wp.com\/www.presstourism.ch\/wp-content\/uploads\/2015\/11\/5A_WachauValle\u0301e.jpg?resize=600%2C400 600w, https:\/\/i0.wp.com\/www.presstourism.ch\/wp-content\/uploads\/2015\/11\/5A_WachauValle\u0301e.jpg?w=1168 1168w, https:\/\/i0.wp.com\/www.presstourism.ch\/wp-content\/uploads\/2015\/11\/5A_WachauValle\u0301e.jpg?w=1752 1752w\" sizes=\"(max-width: 300px) 100vw, 300px\" data-recalc-dims=\"1\" \/><\/a><p id=\"caption-attachment-1875\" class=\"wp-caption-text\">Dans les jolies rues moyen\u00e2geuses de Krems.<\/p><\/div>\n<div id=\"attachment_1876\" style=\"width: 310px\" class=\"wp-caption aligncenter\"><a href=\"https:\/\/i1.wp.com\/www.presstourism.ch\/WP_ALEX\/wp-content\/uploads\/2015\/11\/6A_WachauValle\u0301e.jpg\"><img aria-describedby=\"caption-attachment-1876\" loading=\"lazy\" class=\"size-medium wp-image-1876\" src=\"https:\/\/i2.wp.com\/www.presstourism.ch\/WP_ALEX\/wp-content\/uploads\/2015\/11\/6A_WachauValle\u0301e-300x200.jpg?resize=300%2C200\" alt=\"Le restaurant Zur Alten Post \u00e0 Krems a conserv\u00e9 son aspect d'autrefois \u00e0 l'ext\u00e9rieur comme \u00e0 l'int\u00e9rieur.\" width=\"300\" height=\"200\" srcset=\"https:\/\/i2.wp.com\/www.presstourism.ch\/wp-content\/uploads\/2015\/11\/6A_WachauValle\u0301e.jpg?resize=300%2C200 300w, https:\/\/i2.wp.com\/www.presstourism.ch\/wp-content\/uploads\/2015\/11\/6A_WachauValle\u0301e.jpg?resize=1024%2C683 1024w, https:\/\/i2.wp.com\/www.presstourism.ch\/wp-content\/uploads\/2015\/11\/6A_WachauValle\u0301e.jpg?resize=600%2C400 600w, https:\/\/i2.wp.com\/www.presstourism.ch\/wp-content\/uploads\/2015\/11\/6A_WachauValle\u0301e.jpg?w=1168 1168w, https:\/\/i2.wp.com\/www.presstourism.ch\/wp-content\/uploads\/2015\/11\/6A_WachauValle\u0301e.jpg?w=1752 1752w\" sizes=\"(max-width: 300px) 100vw, 300px\" data-recalc-dims=\"1\" \/><\/a><p id=\"caption-attachment-1876\" class=\"wp-caption-text\">Le restaurant Zur Alten Post \u00e0 Krems a conserv\u00e9 son aspect d&rsquo;autrefois \u00e0 l&rsquo;ext\u00e9rieur comme \u00e0 l&rsquo;int\u00e9rieur.<\/p><\/div>\n<p><strong>Texte et photos: Roger Juillerat<\/strong><\/p>\n<hr \/>\n<p>&nbsp;<\/p>\n<p><strong>Infos pratiques<\/strong><\/p>\n<p><strong>Y aller:<\/strong> C&rsquo;est facile de rejoindre Melk depuis Vienne, via Sankt P\u00f6lten, puis remonter le Danube avec le train touristique du Wachau (Compagnie N\u00f6vog), jusqu&rsquo;\u00e0 Krems (28 km).<\/p>\n<p><strong>Couettes et couverts:<\/strong> l&rsquo;H\u00f4tel Steigenberger au milieu des vignes et dominant la ville de Melk, www.steigenberger.com, puis cliquer sur Autriche sous h\u00f4tel. A Melk \u00e9galement, la cuisine du terroir au restaurant Late, install\u00e9 dans un ancien couvent restaur\u00e9, www.late.at<\/p>\n<p><strong>Se renseigner:<\/strong> www.austria-info, www.noevog.at, www.donau.com<\/p>\n<p><strong>Voir aussi:<\/strong> le Mus\u00e9e de la caricature \u00e0 Krems.<\/p>\n<hr \/>\n<div id=\"attachment_1878\" style=\"width: 310px\" class=\"wp-caption aligncenter\"><a href=\"https:\/\/i1.wp.com\/www.presstourism.ch\/WP_ALEX\/wp-content\/uploads\/2015\/11\/3A_WachauValle\u0301e.jpg\"><img aria-describedby=\"caption-attachment-1878\" loading=\"lazy\" class=\"size-medium wp-image-1878\" src=\"https:\/\/i2.wp.com\/www.presstourism.ch\/WP_ALEX\/wp-content\/uploads\/2015\/11\/3A_WachauValle\u0301e-300x200.jpg?resize=300%2C200\" alt=\"La grande place de Retz.\" width=\"300\" height=\"200\" srcset=\"https:\/\/i0.wp.com\/www.presstourism.ch\/wp-content\/uploads\/2015\/11\/3A_WachauValle\u0301e.jpg?resize=300%2C200 300w, https:\/\/i0.wp.com\/www.presstourism.ch\/wp-content\/uploads\/2015\/11\/3A_WachauValle\u0301e.jpg?resize=1024%2C683 1024w, https:\/\/i0.wp.com\/www.presstourism.ch\/wp-content\/uploads\/2015\/11\/3A_WachauValle\u0301e.jpg?resize=600%2C400 600w, https:\/\/i0.wp.com\/www.presstourism.ch\/wp-content\/uploads\/2015\/11\/3A_WachauValle\u0301e.jpg?w=1168 1168w, https:\/\/i0.wp.com\/www.presstourism.ch\/wp-content\/uploads\/2015\/11\/3A_WachauValle\u0301e.jpg?w=1752 1752w\" sizes=\"(max-width: 300px) 100vw, 300px\" data-recalc-dims=\"1\" \/><\/a><p id=\"caption-attachment-1878\" class=\"wp-caption-text\">La grande place de Retz.<\/p><\/div>\n<div id=\"attachment_1879\" style=\"width: 310px\" class=\"wp-caption aligncenter\"><a href=\"https:\/\/i1.wp.com\/www.presstourism.ch\/WP_ALEX\/wp-content\/uploads\/2015\/11\/3B_WachauValle\u0301e.jpg\"><img aria-describedby=\"caption-attachment-1879\" loading=\"lazy\" class=\"size-medium wp-image-1879\" src=\"https:\/\/i1.wp.com\/www.presstourism.ch\/WP_ALEX\/wp-content\/uploads\/2015\/11\/3B_WachauValle\u0301e-300x200.jpg?resize=300%2C200\" alt=\"Dans le labyrinthe souterrain de Retz qui renferme les plus vieilles caves de l'Autriche.\" width=\"300\" height=\"200\" srcset=\"https:\/\/i0.wp.com\/www.presstourism.ch\/wp-content\/uploads\/2015\/11\/3B_WachauValle\u0301e.jpg?resize=300%2C200 300w, https:\/\/i0.wp.com\/www.presstourism.ch\/wp-content\/uploads\/2015\/11\/3B_WachauValle\u0301e.jpg?resize=1024%2C683 1024w, https:\/\/i0.wp.com\/www.presstourism.ch\/wp-content\/uploads\/2015\/11\/3B_WachauValle\u0301e.jpg?resize=600%2C400 600w, https:\/\/i0.wp.com\/www.presstourism.ch\/wp-content\/uploads\/2015\/11\/3B_WachauValle\u0301e.jpg?w=1168 1168w, https:\/\/i0.wp.com\/www.presstourism.ch\/wp-content\/uploads\/2015\/11\/3B_WachauValle\u0301e.jpg?w=1752 1752w\" sizes=\"(max-width: 300px) 100vw, 300px\" data-recalc-dims=\"1\" \/><\/a><p id=\"caption-attachment-1879\" class=\"wp-caption-text\">Dans le labyrinthe souterrain de Retz qui renferme les plus vieilles caves de l&rsquo;Autriche.<\/p><\/div>\n<div id=\"attachment_1880\" style=\"width: 310px\" class=\"wp-caption aligncenter\"><a href=\"https:\/\/i0.wp.com\/www.presstourism.ch\/WP_ALEX\/wp-content\/uploads\/2015\/11\/4A_WachauValle\u0301e.jpg\"><img aria-describedby=\"caption-attachment-1880\" loading=\"lazy\" class=\"size-medium wp-image-1880\" src=\"https:\/\/i1.wp.com\/www.presstourism.ch\/WP_ALEX\/wp-content\/uploads\/2015\/11\/4A_WachauValle\u0301e-300x200.jpg?resize=300%2C200\" alt=\"La Vall\u00e9e du Wachau entre Melk et Krems avec ses vignes et ses collines abruptes au bord du Danube.\" width=\"300\" height=\"200\" srcset=\"https:\/\/i0.wp.com\/www.presstourism.ch\/wp-content\/uploads\/2015\/11\/4A_WachauValle\u0301e.jpg?resize=300%2C200 300w, https:\/\/i0.wp.com\/www.presstourism.ch\/wp-content\/uploads\/2015\/11\/4A_WachauValle\u0301e.jpg?resize=1024%2C683 1024w, https:\/\/i0.wp.com\/www.presstourism.ch\/wp-content\/uploads\/2015\/11\/4A_WachauValle\u0301e.jpg?resize=600%2C400 600w, https:\/\/i0.wp.com\/www.presstourism.ch\/wp-content\/uploads\/2015\/11\/4A_WachauValle\u0301e.jpg?w=1168 1168w, https:\/\/i0.wp.com\/www.presstourism.ch\/wp-content\/uploads\/2015\/11\/4A_WachauValle\u0301e.jpg?w=1752 1752w\" sizes=\"(max-width: 300px) 100vw, 300px\" data-recalc-dims=\"1\" \/><\/a><p id=\"caption-attachment-1880\" class=\"wp-caption-text\">La Vall\u00e9e du Wachau entre Melk et Krems avec ses vignes et ses collines abruptes au bord du Danube.<\/p><\/div>\n<div id=\"attachment_1881\" style=\"width: 310px\" class=\"wp-caption aligncenter\"><a href=\"https:\/\/i1.wp.com\/www.presstourism.ch\/WP_ALEX\/wp-content\/uploads\/2015\/11\/4B_WachauValle\u0301e.jpg\"><img aria-describedby=\"caption-attachment-1881\" loading=\"lazy\" class=\"size-medium wp-image-1881\" src=\"https:\/\/i2.wp.com\/www.presstourism.ch\/WP_ALEX\/wp-content\/uploads\/2015\/11\/4B_WachauValle\u0301e-300x200.jpg?resize=300%2C200\" alt=\"Le ch\u00e2teau en ruine d'Aggstein\" width=\"300\" height=\"200\" srcset=\"https:\/\/i1.wp.com\/www.presstourism.ch\/wp-content\/uploads\/2015\/11\/4B_WachauValle\u0301e.jpg?resize=300%2C200 300w, https:\/\/i1.wp.com\/www.presstourism.ch\/wp-content\/uploads\/2015\/11\/4B_WachauValle\u0301e.jpg?resize=1024%2C683 1024w, https:\/\/i1.wp.com\/www.presstourism.ch\/wp-content\/uploads\/2015\/11\/4B_WachauValle\u0301e.jpg?resize=600%2C400 600w, https:\/\/i1.wp.com\/www.presstourism.ch\/wp-content\/uploads\/2015\/11\/4B_WachauValle\u0301e.jpg?w=1168 1168w, https:\/\/i1.wp.com\/www.presstourism.ch\/wp-content\/uploads\/2015\/11\/4B_WachauValle\u0301e.jpg?w=1752 1752w\" sizes=\"(max-width: 300px) 100vw, 300px\" data-recalc-dims=\"1\" \/><\/a><p id=\"caption-attachment-1881\" class=\"wp-caption-text\">Le ch\u00e2teau en ruine d&rsquo;Aggstein<\/p><\/div>\n<div id=\"attachment_1882\" style=\"width: 310px\" class=\"wp-caption aligncenter\"><a href=\"https:\/\/i1.wp.com\/www.presstourism.ch\/WP_ALEX\/wp-content\/uploads\/2015\/11\/2A_WachauValle\u0301e.jpg\"><img aria-describedby=\"caption-attachment-1882\" loading=\"lazy\" class=\"size-medium wp-image-1882\" src=\"https:\/\/i2.wp.com\/www.presstourism.ch\/WP_ALEX\/wp-content\/uploads\/2015\/11\/2A_WachauValle\u0301e-300x200.jpg?resize=300%2C200\" alt=\"Le moulin \u00e0 vent de Retz, toujours en activit\u00e9, est devenu l'embl\u00eame de la cit\u00e9.\" width=\"300\" height=\"200\" srcset=\"https:\/\/i2.wp.com\/www.presstourism.ch\/wp-content\/uploads\/2015\/11\/2A_WachauValle\u0301e.jpg?resize=300%2C200 300w, https:\/\/i2.wp.com\/www.presstourism.ch\/wp-content\/uploads\/2015\/11\/2A_WachauValle\u0301e.jpg?resize=1024%2C683 1024w, https:\/\/i2.wp.com\/www.presstourism.ch\/wp-content\/uploads\/2015\/11\/2A_WachauValle\u0301e.jpg?resize=600%2C400 600w, https:\/\/i2.wp.com\/www.presstourism.ch\/wp-content\/uploads\/2015\/11\/2A_WachauValle\u0301e.jpg?w=1168 1168w, https:\/\/i2.wp.com\/www.presstourism.ch\/wp-content\/uploads\/2015\/11\/2A_WachauValle\u0301e.jpg?w=1752 1752w\" sizes=\"(max-width: 300px) 100vw, 300px\" data-recalc-dims=\"1\" \/><\/a><p id=\"caption-attachment-1882\" class=\"wp-caption-text\">Le moulin \u00e0 vent de Retz, toujours en activit\u00e9, est devenu l&#8217;embl\u00e8me de la cit\u00e9.<\/p><\/div>\n<p><a href=\"http:\/\/www.presstourism.ch\/WP_ALEX\/wp-content\/uploads\/2015\/11\/NVT_Mercredi230915-WacauMelkKrems.pdf\">T\u00e9l\u00e9charger l&rsquo;article de presse&#8230; <\/a><\/p>\n","protected":false},"excerpt":{"rendered":"<p>Dans le Wachau class\u00e9 au Patrimoine mondial de l&rsquo;Unesco, le Danube traverse un paysage escarp\u00e9 o\u00f9 se succ\u00e8dent les vignobles et plusieurs sites historiques, dont la fameuse Abbaye de Melk. Peut-\u00eatre vous souvenez-vous que dans le roman d&rsquo;Umberto Eco \u00ab\u00a0Le &hellip; <a href=\"http:\/\/www.presstourism.ch\/?page_id=1870\">Continuer la lecture <span class=\"meta-nav\">&rarr;<\/span><\/a><\/p>\n","protected":false},"author":1,"featured_media":0,"parent":1624,"menu_order":0,"comment_status":"closed","ping_status":"closed","template":"","meta":{"ngg_post_thumbnail":0,"spay_email":""},"jetpack_sharing_enabled":true,"jetpack_shortlink":"https:\/\/wp.me\/P468TV-ua","_links":{"self":[{"href":"http:\/\/www.presstourism.ch\/index.php?rest_route=\/wp\/v2\/pages\/1870"}],"collection":[{"href":"http:\/\/www.presstourism.ch\/index.php?rest_route=\/wp\/v2\/pages"}],"about":[{"href":"http:\/\/www.presstourism.ch\/index.php?rest_route=\/wp\/v2\/types\/page"}],"author":[{"embeddable":true,"href":"http:\/\/www.presstourism.ch\/index.php?rest_route=\/wp\/v2\/users\/1"}],"replies":[{"embeddable":true,"href":"http:\/\/www.presstourism.ch\/index.php?rest_route=%2Fwp%2Fv2%2Fcomments&post=1870"}],"version-history":[{"count":3,"href":"http:\/\/www.presstourism.ch\/index.php?rest_route=\/wp\/v2\/pages\/1870\/revisions"}],"predecessor-version":[{"id":1886,"href":"http:\/\/www.presstourism.ch\/index.php?rest_route=\/wp\/v2\/pages\/1870\/revisions\/1886"}],"up":[{"embeddable":true,"href":"http:\/\/www.presstourism.ch\/index.php?rest_route=\/wp\/v2\/pages\/1624"}],"wp:attachment":[{"href":"http:\/\/www.presstourism.ch\/index.php?rest_route=%2Fwp%2Fv2%2Fmedia&parent=1870"}],"curies":[{"name":"wp","href":"https:\/\/api.w.org\/{rel}","templated":true}]}}