{"id":1661,"date":"2014-12-23T15:39:11","date_gmt":"2014-12-23T14:39:11","guid":{"rendered":"http:\/\/www.presstourism.ch\/WP_ALEX\/?page_id=1661"},"modified":"2014-12-23T15:39:11","modified_gmt":"2014-12-23T14:39:11","slug":"galicie","status":"publish","type":"page","link":"http:\/\/www.presstourism.ch\/?page_id=1661","title":{"rendered":"Galicie"},"content":{"rendered":"<div class=\"art-post\">\n<div class=\"art-post-body\">\n<div class=\"art-post-inner art-article \">\n<div class=\"art-postcontent\">\n<div class=\"navigation\">\n<div class=\"alignleft\"><\/div>\n<div class=\"alignright\"><\/div>\n<\/div>\n<\/div>\n<\/div>\n<\/div>\n<\/div>\n<p><a title=\"Les Galiciens du sud-est polonais\" href=\"http:\/\/www.jepars.ch\/magazine\/?p=11299\"><img loading=\"lazy\" class=\"alignleft wp-post-image\" title=\"Les Galiciens du sud-est polonais\" src=\"https:\/\/i0.wp.com\/www.jepars.ch\/magazine\/wp-content\/uploads\/2014\/11\/09_Galicie-455x303.jpg?resize=455%2C303\" alt=\"\" width=\"455\" height=\"303\" data-recalc-dims=\"1\" \/><\/a><\/p>\n<p>Vous direz peut-\u00eatre: \u00abLa Galicie, je connais! C\u2019est \u00e0 l\u2019ouest de l\u2019Espagne\u00bb. Erreur, la Galicie n\u2019est ni la Galice (Espagne), ni la Galatie (Turquie). Cette ancienne province de l\u2019empire austro-hongrois, qui s\u2019\u00e9tendait sur 78\u2019000 km2, n\u2019a plus vraiment de d\u00e9marcation pr\u00e9cise, \u00e0 cheval sur la fronti\u00e8re des Basses-Carpates s\u00e9parant aujourd\u2019hui la Pologne de l\u2019Ukraine. C\u00f4t\u00e9 Pologne, la Vo\u00efvodie (r\u00e9gion administrative) des Basses-Carpates se trouve \u00e0 l\u2019extr\u00eame sud-est (3 millions d\u2019h.).<\/p>\n<blockquote><p><strong>Le premier p\u00e9trole<\/strong><br \/>\nC\u2019est \u00e0 Borbrka que le p\u00e9trole a \u00e9t\u00e9 d\u00e9couvert pour la premi\u00e8re fois par le pharmacien Ignacy Lubasiewicz. Un mus\u00e9e lui est consacr\u00e9. On y d\u00e9couvre notamment les diff\u00e9rentes \u00e9tapes d\u2019extraction du p\u00e9trole, depuis la simple utilisation d\u2019un seau tir\u00e9 \u00e0 la main jusqu\u2019aux derricks, aux \u00e2nes et aux syst\u00e8mes d\u2019extraction \u00e9lectroniques.<\/p><\/blockquote>\n<p>Elle est riche en \u00e9v\u00e9nements historiques, depuis les batailles entre les tribus germaniques et celtes jusqu\u2019\u00e0 son destin tragique lors des nettoyages ethniques des nazis. Entre ces deux \u00e9poques extr\u00eames, les habitants ont subi de fr\u00e9quentes invasions, dont celles des Slaves, des Mongols et des Tatars (tous les cinq ans), sans compter les temps o\u00f9 la Pologne avait \u00e9t\u00e9 simplement ray\u00e9e de la carte, alors partag\u00e9e entre la Prusse, l\u2019Autriche et la Russie.<\/p>\n<p><a href=\"http:\/\/www.jepars.ch\/magazine\/?p=11299\">Lire la suite&#8230;<\/a><\/p>\n","protected":false},"excerpt":{"rendered":"<p>Vous direz peut-\u00eatre: \u00abLa Galicie, je connais! C\u2019est \u00e0 l\u2019ouest de l\u2019Espagne\u00bb. Erreur, la Galicie n\u2019est ni la Galice (Espagne), ni la Galatie (Turquie). Cette ancienne province de l\u2019empire austro-hongrois, qui s\u2019\u00e9tendait sur 78\u2019000 km2, n\u2019a plus vraiment de d\u00e9marcation &hellip; <a href=\"http:\/\/www.presstourism.ch\/?page_id=1661\">Continuer la lecture <span class=\"meta-nav\">&rarr;<\/span><\/a><\/p>\n","protected":false},"author":1,"featured_media":0,"parent":1658,"menu_order":0,"comment_status":"open","ping_status":"open","template":"","meta":{"ngg_post_thumbnail":0,"spay_email":""},"jetpack_sharing_enabled":true,"jetpack_shortlink":"https:\/\/wp.me\/P468TV-qN","_links":{"self":[{"href":"http:\/\/www.presstourism.ch\/index.php?rest_route=\/wp\/v2\/pages\/1661"}],"collection":[{"href":"http:\/\/www.presstourism.ch\/index.php?rest_route=\/wp\/v2\/pages"}],"about":[{"href":"http:\/\/www.presstourism.ch\/index.php?rest_route=\/wp\/v2\/types\/page"}],"author":[{"embeddable":true,"href":"http:\/\/www.presstourism.ch\/index.php?rest_route=\/wp\/v2\/users\/1"}],"replies":[{"embeddable":true,"href":"http:\/\/www.presstourism.ch\/index.php?rest_route=%2Fwp%2Fv2%2Fcomments&post=1661"}],"version-history":[{"count":1,"href":"http:\/\/www.presstourism.ch\/index.php?rest_route=\/wp\/v2\/pages\/1661\/revisions"}],"predecessor-version":[{"id":1662,"href":"http:\/\/www.presstourism.ch\/index.php?rest_route=\/wp\/v2\/pages\/1661\/revisions\/1662"}],"up":[{"embeddable":true,"href":"http:\/\/www.presstourism.ch\/index.php?rest_route=\/wp\/v2\/pages\/1658"}],"wp:attachment":[{"href":"http:\/\/www.presstourism.ch\/index.php?rest_route=%2Fwp%2Fv2%2Fmedia&parent=1661"}],"curies":[{"name":"wp","href":"https:\/\/api.w.org\/{rel}","templated":true}]}}