{"id":1651,"date":"2014-12-23T15:25:37","date_gmt":"2014-12-23T14:25:37","guid":{"rendered":"http:\/\/www.presstourism.ch\/WP_ALEX\/?page_id=1651"},"modified":"2024-04-11T11:13:41","modified_gmt":"2024-04-11T09:13:41","slug":"victoria-falls-les-fureurs-du-zambeze","status":"publish","type":"page","link":"http:\/\/www.presstourism.ch\/?page_id=1651","title":{"rendered":"Victoria Falls: les fureurs du Zamb\u00e8ze"},"content":{"rendered":"<p class=\"art-post\">G\u00e9rard Blanc<\/p>\n<p style=\"text-align: center;\"><a href=\"https:\/\/i1.wp.com\/www.presstourism.ch\/wp-content\/uploads\/2024\/04\/Fotolia_67868003_L-455x303-1.jpg\"><img loading=\"lazy\" class=\"alignnone size-medium wp-image-9308\" src=\"https:\/\/i1.wp.com\/www.presstourism.ch\/wp-content\/uploads\/2024\/04\/Fotolia_67868003_L-455x303-1.jpg?resize=300%2C200\" alt=\"\" width=\"300\" height=\"200\" srcset=\"https:\/\/i1.wp.com\/www.presstourism.ch\/wp-content\/uploads\/2024\/04\/Fotolia_67868003_L-455x303-1.jpg?resize=300%2C200 300w, https:\/\/i1.wp.com\/www.presstourism.ch\/wp-content\/uploads\/2024\/04\/Fotolia_67868003_L-455x303-1.jpg?resize=450%2C300 450w, https:\/\/i1.wp.com\/www.presstourism.ch\/wp-content\/uploads\/2024\/04\/Fotolia_67868003_L-455x303-1.jpg?w=455 455w\" sizes=\"(max-width: 300px) 100vw, 300px\" data-recalc-dims=\"1\" \/><\/a><\/p>\n<p style=\"text-align: justify;\"><strong>Fronti\u00e8re naturelle entre la Zambie et le Zimbabwe, le Zamb\u00e8ze pr\u00e9cipite 545 millions de litres d\u2019eau \u00e0 la minute d\u2019une hauteur de 108 m\u00e8tres, formant une nappe de brouillard qui s\u2019\u00e9l\u00e8ve jusqu\u2019\u00e0 500 m\u00e8tres dans le ciel.<\/strong><\/p>\n<p style=\"text-align: justify;\">La magnificence de cette masse d\u2019eau se jetant avec furie dans cette immense fissure est digne de la distinction d\u2019H\u00e9ritage mondial d\u00e9cern\u00e9e par l\u2019UNESCO. Les chutes Victoria peuvent rivaliser sans peine avec celles du Niagara ou d\u2019Igua\u00e7u. Pour les admirer \u00e0 pied, il n\u2019y a gu\u00e8re d\u2019autre choix que de se munir d\u2019un grand parapluie si on ne veut pas se trouver tremp\u00e9 jusqu\u2019aux os, d\u00e8s les premi\u00e8res minutes par le grand halo nuageux que l\u2019on voit s\u2019\u00e9lever \u00e0 plusieurs kilom\u00e8tres de distance.<\/p>\n<p style=\"text-align: justify;\"><a href=\"http:\/\/www.jepars.ch\/magazine\/?p=11251\">Lire la suite&#8230;<\/a><\/p>\n","protected":false},"excerpt":{"rendered":"<p>G\u00e9rard Blanc Fronti\u00e8re naturelle entre la Zambie et le Zimbabwe, le Zamb\u00e8ze pr\u00e9cipite 545 millions de litres d\u2019eau \u00e0 la minute d\u2019une hauteur de 108 m\u00e8tres, formant une nappe de brouillard qui s\u2019\u00e9l\u00e8ve jusqu\u2019\u00e0 500 m\u00e8tres dans le ciel. La &hellip; <a href=\"http:\/\/www.presstourism.ch\/?page_id=1651\">Continuer la lecture <span class=\"meta-nav\">&rarr;<\/span><\/a><\/p>\n","protected":false},"author":1,"featured_media":0,"parent":1649,"menu_order":0,"comment_status":"open","ping_status":"open","template":"","meta":{"ngg_post_thumbnail":0,"spay_email":""},"jetpack_sharing_enabled":true,"jetpack_shortlink":"https:\/\/wp.me\/P468TV-qD","_links":{"self":[{"href":"http:\/\/www.presstourism.ch\/index.php?rest_route=\/wp\/v2\/pages\/1651"}],"collection":[{"href":"http:\/\/www.presstourism.ch\/index.php?rest_route=\/wp\/v2\/pages"}],"about":[{"href":"http:\/\/www.presstourism.ch\/index.php?rest_route=\/wp\/v2\/types\/page"}],"author":[{"embeddable":true,"href":"http:\/\/www.presstourism.ch\/index.php?rest_route=\/wp\/v2\/users\/1"}],"replies":[{"embeddable":true,"href":"http:\/\/www.presstourism.ch\/index.php?rest_route=%2Fwp%2Fv2%2Fcomments&post=1651"}],"version-history":[{"count":3,"href":"http:\/\/www.presstourism.ch\/index.php?rest_route=\/wp\/v2\/pages\/1651\/revisions"}],"predecessor-version":[{"id":9311,"href":"http:\/\/www.presstourism.ch\/index.php?rest_route=\/wp\/v2\/pages\/1651\/revisions\/9311"}],"up":[{"embeddable":true,"href":"http:\/\/www.presstourism.ch\/index.php?rest_route=\/wp\/v2\/pages\/1649"}],"wp:attachment":[{"href":"http:\/\/www.presstourism.ch\/index.php?rest_route=%2Fwp%2Fv2%2Fmedia&parent=1651"}],"curies":[{"name":"wp","href":"https:\/\/api.w.org\/{rel}","templated":true}]}}