{"id":162,"date":"2013-11-14T22:57:59","date_gmt":"2013-11-14T21:57:59","guid":{"rendered":"http:\/\/www.presstourism.ch\/WP_ALEX\/?page_id=162"},"modified":"2020-04-06T13:42:03","modified_gmt":"2020-04-06T12:42:03","slug":"afrique","status":"publish","type":"page","link":"http:\/\/www.presstourism.ch\/?page_id=162","title":{"rendered":"Afrique"},"content":{"rendered":"\n<div class=\"wp-block-image\"><figure class=\"aligncenter size-large\"><img loading=\"lazy\" width=\"512\" height=\"470\" src=\"https:\/\/i0.wp.com\/www.presstourism.ch\/WP_ALEX\/wp-content\/uploads\/2020\/04\/Carte-Afrique-Taille-dorigine.jpg?resize=512%2C470\" alt=\"\" class=\"wp-image-6512\" srcset=\"https:\/\/i2.wp.com\/www.presstourism.ch\/wp-content\/uploads\/2020\/04\/Carte-Afrique-Taille-dorigine.jpg?w=512 512w, https:\/\/i2.wp.com\/www.presstourism.ch\/wp-content\/uploads\/2020\/04\/Carte-Afrique-Taille-dorigine.jpg?resize=300%2C275 300w\" sizes=\"(max-width: 512px) 100vw, 512px\" data-recalc-dims=\"1\" \/><\/figure><\/div>\n\n\n<p>En d\u00e9pla\u00e7ant la fl\u00e8che sur Pays, choisissez le continent puis le pays et enfin l&rsquo;article. Sinon, en page d&rsquo;accueil, indiquez un nom, un lieu&#8230; et vous trouverez certainement votre bonheur.<\/p>\n\n\n<p><\/p>\n","protected":false},"excerpt":{"rendered":"<p>En d\u00e9pla\u00e7ant la fl\u00e8che sur Pays, choisissez le continent puis le pays et enfin l&rsquo;article. Sinon, en page d&rsquo;accueil, indiquez un nom, un lieu&#8230; et vous trouverez certainement votre bonheur.<\/p>\n","protected":false},"author":1,"featured_media":0,"parent":160,"menu_order":0,"comment_status":"open","ping_status":"open","template":"","meta":{"ngg_post_thumbnail":0,"spay_email":""},"jetpack_sharing_enabled":true,"jetpack_shortlink":"https:\/\/wp.me\/P468TV-2C","_links":{"self":[{"href":"http:\/\/www.presstourism.ch\/index.php?rest_route=\/wp\/v2\/pages\/162"}],"collection":[{"href":"http:\/\/www.presstourism.ch\/index.php?rest_route=\/wp\/v2\/pages"}],"about":[{"href":"http:\/\/www.presstourism.ch\/index.php?rest_route=\/wp\/v2\/types\/page"}],"author":[{"embeddable":true,"href":"http:\/\/www.presstourism.ch\/index.php?rest_route=\/wp\/v2\/users\/1"}],"replies":[{"embeddable":true,"href":"http:\/\/www.presstourism.ch\/index.php?rest_route=%2Fwp%2Fv2%2Fcomments&post=162"}],"version-history":[{"count":2,"href":"http:\/\/www.presstourism.ch\/index.php?rest_route=\/wp\/v2\/pages\/162\/revisions"}],"predecessor-version":[{"id":6513,"href":"http:\/\/www.presstourism.ch\/index.php?rest_route=\/wp\/v2\/pages\/162\/revisions\/6513"}],"up":[{"embeddable":true,"href":"http:\/\/www.presstourism.ch\/index.php?rest_route=\/wp\/v2\/pages\/160"}],"wp:attachment":[{"href":"http:\/\/www.presstourism.ch\/index.php?rest_route=%2Fwp%2Fv2%2Fmedia&parent=162"}],"curies":[{"name":"wp","href":"https:\/\/api.w.org\/{rel}","templated":true}]}}